000
CXUS53 KDTX 011848
CF6FNT
PRELIMINARY LOCAL CLIMATOLOGICAL DATA (WS FORM: F-6)
STATION: FLINT MI
MONTH: JANUARY
YEAR: 2022
LATITUDE: 42 58 N
LONGITUDE: 83 44 W
TEMPERATURE IN F: :PCPN: SNOW: WIND :SUNSHINE: SKY :PK WND
================================================================================
1 2 3 4 5 6A 6B 7 8 9 10 11 12 13 14 15 16 17 18
12Z AVG MX 2MIN
DY MAX MIN AVG DEP HDD CDD WTR SNW DPTH SPD SPD DIR MIN PSBL S-S WX SPD DR
================================================================================
1 37 21 29 4 36 0 0.13 1.7 0 11.9 21 30 M M 10 16 29 10
2 22 0 11 -14 54 0 0.09 2.4 4 8.6 17 350 M M 6 18 23 350
3 26 -2 12 -12 53 0 0.00 0.0 4 4.1 14 230 M M 0 21 230
4 35 20 28 4 37 0 0.00 0.0 3 11.0 18 160 M M 0 28 160
5 35 14 25 1 40 0 0.02 0.6 3 15.3 29 240 M M 8 18 43 240
6 20 13 17 -7 48 0 0.05 1.7 3 11.0 22 240 M M 10 18 31 240
7 16 -5 6 -18 59 0 T T 4 6.5 16 280 M M 2 1 21 280
8 32 -6 13 -11 52 0 T 0.0 4 10.8 23 170 M M 5 168 33 180
9 36 12 24 0 41 0 T T 2 16.4 33 290 M M 7 16 45 290
10 16 5 11 -12 54 0 T T 2 15.0 28 280 M M 6 37 290
11 30 2 16 -7 49 0 0.00 0.0 2 11.7 24 190 M M 2 37 180
12 37 30 34 11 31 0 0.00 0.0 2 8.1 25 230 M M 7 35 220
13 35 27 31 8 34 0 T T 1 4.4 12 40 M M 10 1 14 40
14 30 15 23 0 42 0 T T 1 12.7 22 40 M M 9 18 28 40
15 19 6 13 -10 52 0 T T 1 9.2 20 70 M M 3 25 60
16 34 4 19 -4 46 0 0.00 0.0 1 2.9 10 170 M M 0 13 170
17 30 15 23 1 42 0 T T 1 12.5 23 330 M M 7 18 31 310
18 36 26 31 9 34 0 T T 1 11.0 23 170 M M 9 18 35 210
19 41 19 30 8 35 0 T T 1 16.9 28 280 M M 9 39 290
20 19 15 17 -5 48 0 0.02 0.4 T 8.2 16 330 M M 10 8 22 330
21 21 5 13 -9 52 0 0.00 0.0 T 3.6 9 180 M M 3 15 180
22 24 14 19 -3 46 0 0.03 0.9 T 11.0 20 220 M M 6 1 29 220
23 23 9 16 -6 49 0 0.05 0.8 1 8.3 21 10 M M 8 18 27 30
24 21 11 16 -6 49 0 0.20 4.3 1 7.2 13 180 M M 9 1 19 180
25 19 -3 8 -14 57 0 T T 5 6.9 17 280 M M 7 1 23 290
26 17 -5 6 -16 59 0 T T 5 6.8 14 210 M M 1 1 19 220
27 28 8 18 -4 47 0 0.03 1.0 5 11.1 22 350 M M 7 1 32 10
28 19 -11 4 -18 61 0 0.00 0.0 4 7.3 23 10 M M 3 29 10
29 19 -14 3 -19 62 0 0.00 0.0 4 4.7 10 180 M M 7 16 180
30 27 9 18 -4 47 0 T 0.1 3 3.5 10 230 M M 7 18 15 230
31 31 4 18 -4 47 0 0.00 0.0 3 4.4 14 150 M M 2 18 20 160
================================================================================
SM 835 258 1463 0 0.62 13.9 283.0 M 180
================================================================================
AV 26.9 8.3 9.1 FASTST M M 6 MAX(MPH)
MISC ----> 33 290 45 290
================================================================================
NOTES:
# LAST OF SEVERAL OCCURRENCES
COLUMN 17 PEAK WIND IN M.P.H.
PRELIMINARY LOCAL CLIMATOLOGICAL DATA (WS FORM: F-6) , PAGE 2
STATION: FLINT MI
MONTH: JANUARY
YEAR: 2022
LATITUDE: 42 58 N
LONGITUDE: 83 44 W
[TEMPERATURE DATA] [PRECIPITATION DATA] SYMBOLS USED IN COLUMN 16
AVERAGE MONTHLY: 17.6 TOTAL FOR MONTH: 0.62 1 = FOG OR MIST
DPTR FM NORMAL: -5.4 DPTR FM NORMAL: -1.37 2 = FOG REDUCING VISIBILITY
HIGHEST: 41 ON 19 GRTST 24HR 0.22 ON 1- 2 TO 1/4 MILE OR LESS
LOWEST: -14 ON 29 3 = THUNDER
SNOW, ICE PELLETS, HAIL 4 = ICE PELLETS
TOTAL MONTH: 13.9 INCHES 5 = HAIL
GRTST 24HR 4.3 ON 24-24 6 = FREEZING RAIN OR DRIZZLE
GRTST DEPTH: 5 ON 27,26 7 = DUSTSTORM OR SANDSTORM:
VSBY 1/2 MILE OR LESS
8 = SMOKE OR HAZE
[NO. OF DAYS WITH] [WEATHER - DAYS WITH] 9 = BLOWING SNOW
X = TORNADO
MAX 32 OR BELOW: 22 0.01 INCH OR MORE: 9
MAX 90 OR ABOVE: 0 0.10 INCH OR MORE: 2
MIN 32 OR BELOW: 31 0.50 INCH OR MORE: 0
MIN 0 OR BELOW: 8 1.00 INCH OR MORE: 0
[HDD (BASE 65) ]
TOTAL THIS MO. 1463 CLEAR (SCALE 0-3) 9
DPTR FM NORMAL 160 PTCLDY (SCALE 4-7) 13
TOTAL FM JUL 1 3497 CLOUDY (SCALE 8-10) 9
DPTR FM NORMAL -374
[CDD (BASE 65) ]
TOTAL THIS MO. 0
DPTR FM NORMAL 0 [PRESSURE DATA]
TOTAL FM JAN 1 0 HIGHEST SLP 30.66 ON 21
DPTR FM NORMAL 0 LOWEST SLP 29.46 ON 5
[REMARKS]
#FINAL-01-22#
CORRECTED LIQUID PRECIP AMOUNTS ON 1/5 AND 1/20.