000
CXUS53 KFSD 030501 CCB
CF6FSD
PRELIMINARY LOCAL CLIMATOLOGICAL DATA (WS FORM: F-6)
STATION: SIOUX FALLS
MONTH: FEBRUARY
YEAR: 2020
LATITUDE: 43 34 N
LONGITUDE: 96 44 W
TEMPERATURE IN F: :PCPN: SNOW: WIND :SUNSHINE: SKY :PK WND
================================================================================
1 2 3 4 5 6A 6B 7 8 9 10 11 12 13 14 15 16 17 18
12Z AVG MX 2MIN
DY MAX MIN AVG DEP HDD CDD WTR SNW DPTH SPD SPD DIR MIN PSBL S-S WX SPD DR
================================================================================
1 44 20 32 14 33 0 0.00 0.0 4 6.4 14 200 M M 6 1 22 210
2 44 33 39 21 26 0 0.00 0.0 4 10.1 18 330 M M 7 27 340
3 33 18 26 8 39 0 0.00 0.0 2 15.9 24 20 M M 7 32 20
4 26 12 19 1 46 0 0.00 0.0 2 7.6 18 10 M M 8 24 10
5 30 14 22 3 43 0 0.00 0.0 2 9.2 20 200 M M 4 23 210
6 32 19 26 7 39 0 T T 2 9.6 17 20 M M 7 21 20
7 24 5 15 -4 50 0 T 0.1 2 12.5 21 330 M M 8 1 27 340
8 30 6 18 -1 47 0 0.17 1.7 2 8.3 21 110 M M 7 12 27 90
9 27 11 19 -1 46 0 0.01 0.1 4 12.6 26 30 M M 5 1 34 20
10 33 8 21 1 44 0 T T 3 7.5 17 200 M M 4 12 24 200
11 35 11 23 3 42 0 0.00 0.0 3 9.5 23 200 M M 1 30 200
12 33 -9 12 -8 53 0 T T 3 16.5 32 350 M M 7 9 40 340
13 2 -13 -5 -26 70 0 0.00 0.0 3 8.5 18 330 M M 0 26 330
14 30 -4 13 -8 52 0 0.00 0.0 3 20.8 37 180 M M 2 9 53 180
15 35 24 30 9 35 0 0.00 0.0 3 9.4 22 210 M M 4 34 200
16 32 23 28 6 37 0 0.00 0.0 1 10.9 17 110 M M 8 1 21 120
17 31 20 26 4 39 0 T T 1 11.5 25 340 M M 8 1 35 330
18 25 10 18 -4 47 0 T T 1 9.2 18 350 M M 6 22 340
19 15 2 9 -14 56 0 T T 1 6.5 13 340 M M 6 19 320
20 26 -4 11 -12 54 0 0.00 0.0 1 7.4 17 200 M M 0 22 210
21 42 21 32 9 33 0 0.00 0.0 T 8.9 21 200 M M 1 32 230
22 46 20 33 9 32 0 0.00 0.0 T 4.4 15 190 M M 2 19 210
23 42 25 34 10 31 0 0.00 0.0 T 5.7 16 320 M M 2 20 300
24 40 24 32 8 33 0 0.00 0.0 T 7.8 17 70 M M 6 22 60
25 35 19 27 2 38 0 0.00 0.0 T 15.8 24 350 M M 8 32 350
26 30 14 22 -3 43 0 T T T 6.9 15 310 M M 5 21 360
27 34 18 26 0 39 0 T T T 6.4 14 270 M M 8 1 20 270
28 35 30 33 7 32 0 0.00 0.0 T 6.4 15 310 M M 10 1 19 300
29 56 27 42 16 23 0 0.00 0.0 T 12.2 25 190 M M 5 33 200
================================================================================
SM 947 404 1202 0 0.18 1.9 284.4 M 152
================================================================================
AV 32.7 13.9 9.8 FASTST M M 5 MAX(MPH)
MISC ----> 37 180 53 180
================================================================================
NOTES:
# LAST OF SEVERAL OCCURRENCES
-COLUMN 17 PEAK WIND IN M.P.H.
-PRECIPITATION AMOUNTS IN COLUMNS 7,8, AND 9 ARE THE OFFICIAL PRECIPITATION
AMOUNTS FOR SIOUX FALLS, SD.
-SNOW DEPTH IN COLUMN 9 IS RECORDED AT 6 AM CST (12Z).
PRELIMINARY LOCAL CLIMATOLOGICAL DATA (WS FORM: F-6) , PAGE 2
STATION: SIOUX FALLS
MONTH: FEBRUARY
YEAR: 2020
LATITUDE: 43 34 N
LONGITUDE: 96 44 W
[TEMPERATURE DATA] [PRECIPITATION DATA] SYMBOLS USED IN COLUMN 16
AVERAGE MONTHLY: 23.3 TOTAL FOR MONTH: 0.18 1 = FOG OR MIST
DPTR FM NORMAL: 1.8 DPTR FM NORMAL: -0.42 2 = FOG REDUCING VISIBILITY
HIGHEST: 56 ON 29 GRTST 24HR 0.18 ON 8- 9 TO 1/4 MILE OR LESS
LOWEST: -13 ON 13 3 = THUNDER
SNOW, ICE PELLETS, HAIL 4 = ICE PELLETS
TOTAL MONTH: 1.9 INCHES 5 = HAIL
GRTST 24HR 1.8 ON 8- 9 6 = FREEZING RAIN OR DRIZZLE
GRTST DEPTH: 4 ON 2 7 = DUSTSTORM OR SANDSTORM:
VSBY 1/2 MILE OR LESS
8 = SMOKE OR HAZE
[NO. OF DAYS WITH] [WEATHER - DAYS WITH] 9 = BLOWING SNOW
X = TORNADO
MAX 32 OR BELOW: 14 0.01 INCH OR MORE: 2
MAX 90 OR ABOVE: 0 0.10 INCH OR MORE: 1
MIN 32 OR BELOW: 28 0.50 INCH OR MORE: 0
MIN 0 OR BELOW: 4 1.00 INCH OR MORE: 0
[HDD (BASE 65) ]
TOTAL THIS MO. 1202 CLEAR (SCALE 0-3) 7
DPTR FM NORMAL -16 PTCLDY (SCALE 4-7) 20
TOTAL FM JUL 1 5489 CLOUDY (SCALE 8-10) 2
DPTR FM NORMAL -440
[CDD (BASE 65) ]
TOTAL THIS MO. 0
DPTR FM NORMAL 0 [PRESSURE DATA]
TOTAL FM JAN 1 0 HIGHEST SLP 30.84 ON 20
DPTR FM NORMAL 0 LOWEST SLP 29.55 ON 6
[REMARKS]
#FINAL-02-20#