000
CXUS54 KMAF 011110
CF6FST
PRELIMINARY LOCAL CLIMATOLOGICAL DATA (WS FORM: F-6)
STATION: FORT STOCKTON
MONTH: SEPTEMBER
YEAR: 2020
LATITUDE: 30 55 N
LONGITUDE: 102 55 W
TEMPERATURE IN F: :PCPN: SNOW: WIND :SUNSHINE: SKY :PK WND
================================================================================
1 2 3 4 5 6A 6B 7 8 9 10 11 12 13 14 15 16 17 18
12Z AVG MX 2MIN
DY MAX MIN AVG DEP HDD CDD WTR SNW DPTH SPD SPD DIR MIN PSBL S-S WX SPD DR
================================================================================
1 98 76 87 8 0 22 T M M 13.7 28 180 M M 2 38 34 180
2 96 70 83 4 0 18 M M M 8.6 17 340 M M 0 8 22 340
3 99 68 84 5 0 19 0.00 M M 8.5 18 140 M M 0 27 150
4 94 67 81 2 0 16 0.00 M M 10.6 24 110 M M 1 35 120
5 87 66 77 -1 0 12 0.01 M M 10.1 20 120 M M 4 1 26 120
6 92 65 79 1 0 14 0.00 M M 10.5 20 150 M M 0 26 150
7 97 66 82 4 0 17 0.00 M M 13.1 24 150 M M 0 33 150
8 95 56 76 -2 0 11 0.63 M M 16.4 39 360 M M 2 13 52 360
9 57 47 52 -26 13 0 0.02 M M 13.0 21 330 M M 10 1 25 330
10 52 46 49 -28 16 0 0.02 M M 8.1 14 350 M M 10 1 M M
11 69 52 61 -16 4 0 0.00 M M 4.8 13 160 M M 0 17 160
12 86 58 72 -5 0 7 0.00 M M 7.1 13 150 M M 0 16 90
13 79 64 72 -5 0 7 0.90 M M 5.8 22 120 M M 3 13 26 120
14 72 64 68 -8 0 3 0.02 M M 6.0 14 290 M M 9 1 16 290
15 81 62 72 -4 0 7 0.00 M M 4.2 9 180 M M 4 12 120
16 86 64 75 -1 0 10 0.00 M M 5.2 13 90 M M 0 16 100
17 83 62 73 -3 0 8 T 0.0 0 5.8 17 340 M M 2 3 22 340
18 82 60 71 -5 0 6 0.00 0.0 0 5.8 14 80 M M 3 18 80
19 81 58 70 -5 0 5 0.00 0.0 0 6.3 15 110 M M 1 21 110
20 82 58 70 -5 0 5 0.00 0.0 0 8.6 15 160 M M 0 19 150
21 82 56 69 -6 0 4 0.00 M M 7.9 13 80 M M 0 8 16 70
22 86 54 70 -5 0 5 0.00 M M 4.3 10 160 M M 0 12 80
23 92 59 76 2 0 11 0.00 M M 8.0 14 130 M M 0 18 150
24 90 62 76 2 0 11 0.00 M M 8.0 17 120 M M 0 20 120
25 94 63 79 5 0 14 0.00 M M 9.2 18 160 M M 0 26 160
26 98 64 81 7 0 16 0.00 M M 9.5 17 160 M M 0 23 160
27 100 71 86 13 0 21 0.00 M M 11.5 31 40 M M 0 39 40
28 73 56 65 -8 0 0 0.00 M M 12.5 30 40 M M 5 39 40
29 77 49 63 -10 2 0 0.00 M M 6.0 14 190 M M 0 8 17 200
30 89 58 74 2 0 9 0.00 M M 9.9 16 220 M M 0 21 130
================================================================================
SM 2549 1821 35 278 1.60 0.0 259.0 M 56
================================================================================
AV 85.0 60.7 8.6 FASTST M M 2 MAX(MPH)
MISC ----> 39 360 52 360
================================================================================
NOTES:
# LAST OF SEVERAL OCCURRENCES
COLUMN 17 PEAK WIND IN M.P.H.
PRELIMINARY LOCAL CLIMATOLOGICAL DATA (WS FORM: F-6) , PAGE 2
STATION: FORT STOCKTON
MONTH: SEPTEMBER
YEAR: 2020
LATITUDE: 30 55 N
LONGITUDE: 102 55 W
[TEMPERATURE DATA] [PRECIPITATION DATA] SYMBOLS USED IN COLUMN 16
AVERAGE MONTHLY: 72.8 TOTAL FOR MONTH: 1.60 1 = FOG OR MIST
DPTR FM NORMAL: -3.2 DPTR FM NORMAL: -0.32 2 = FOG REDUCING VISIBILITY
HIGHEST: 100 ON 27 GRTST 24HR 0.92 ON 13-14 TO 1/4 MILE OR LESS
LOWEST: 46 ON 10 3 = THUNDER
SNOW, ICE PELLETS, HAIL 4 = ICE PELLETS
TOTAL MONTH: 0.0 INCH 5 = HAIL
GRTST 24HR 0.0 6 = FREEZING RAIN OR DRIZZLE
GRTST DEPTH: 0 7 = DUSTSTORM OR SANDSTORM:
VSBY 1/2 MILE OR LESS
8 = SMOKE OR HAZE
[NO. OF DAYS WITH] [WEATHER - DAYS WITH] 9 = BLOWING SNOW
X = TORNADO
MAX 32 OR BELOW: 0 0.01 INCH OR MORE: 6
MAX 90 OR ABOVE: 12 0.10 INCH OR MORE: 2
MIN 32 OR BELOW: 0 0.50 INCH OR MORE: 2
MIN 0 OR BELOW: 0 1.00 INCH OR MORE: 0
[HDD (BASE 65) ]
TOTAL THIS MO. 35 CLEAR (SCALE 0-3) 23
DPTR FM NORMAL 32 PTCLDY (SCALE 4-7) 4
TOTAL FM JUL 1 35 CLOUDY (SCALE 8-10) 3
DPTR FM NORMAL 35
[CDD (BASE 65) ]
TOTAL THIS MO. 278
DPTR FM NORMAL -57 [PRESSURE DATA]
TOTAL FM JAN 1 2704 HIGHEST SLP 30.33 ON 10
DPTR FM NORMAL 309 LOWEST SLP 29.51 ON 8
[REMARKS]
#FINAL-09-20#