000
CXUS56 KSGX 011145
CF6FUL
PRELIMINARY LOCAL CLIMATOLOGICAL DATA (WS FORM: F-6)
STATION: FULLERTON AIRPORT CA
MONTH: DECEMBER
YEAR: 2020
LATITUDE: 33 52 N
LONGITUDE: 117 58 W
TEMPERATURE IN F: :PCPN: SNOW: WIND :SUNSHINE: SKY :PK WND
================================================================================
1 2 3 4 5 6A 6B 7 8 9 10 11 12 13 14 15 16 17 18
12Z AVG MX 2MIN
DY MAX MIN AVG DEP HDD CDD WTR SNW DPTH SPD SPD DIR MIN PSBL S-S WX SPD DR
================================================================================
1 78 44 61 4 4 0 0.00 0.0 0 1.2 7 180 M M 0 8 8 180
2 80 45 63 6 2 0 0.00 0.0 0 4.6 33 80 M M 0 8 47 90
3 77 47 62 5 3 0 0.00 M 0 8.8 30 80 M M 2 8 41 80
4 78 41 60 3 5 0 0.00 0.0 0 1.0 9 290 M M 0 8 13 290
5 76 42 59 2 6 0 0.00 0.0 0 1.9 8 200 M M 0 10 230
6 78 42 60 3 5 0 0.00 0.0 0 1.8 9 90 M M 1 8 12 90
7 80 46 63 7 2 0 0.00 0.0 0 3.3 21 70 M M 1 8 24 80
8 86 57 72 16 0 7 0.00 0.0 0 5.8 21 90 M M 2 27 110
9 78 54 66 10 0 1 0.00 0.0 0 2.2 8 210 M M 0 8 11 210
10 68 49 59 3 6 0 0.00 M M 4.5 14 210 M M 4 8 18 210
11 65 46 56 0 9 0 0.00 M M 1.5 9 200 M M 5 8 12 230
12 69 49 59 3 6 0 0.00 M M 3.9 12 100 M M 4 8 19 290
13 73 47 60 4 5 0 0.00 M M 1.9 9 190 M M 4 8 12 190
14 70 49 60 4 5 0 T M M 2.9 13 230 M M 4 8 16 210
15 73 43 58 2 7 0 0.00 M M 2.9 12 80 M M 0 14 60
16 76 44 60 4 5 0 0.00 M M 1.7 10 190 M M 0 8 12 190
17 66 48 57 1 8 0 T M M 3.0 12 200 M M 2 8 15 190
18 73 48 61 5 4 0 0.00 M M 3.3 9 290 M M 0 8 13 290
19 76 43 60 4 5 0 0.00 M M 1.3 7 220 M M 0 8 10 230
20 83 41 62 6 3 0 0.00 M M 1.1 8 290 M M 0 11 290
21 86 46 66 10 0 1 0.00 M M 2.1 9 200 M M 0 8 11 220
22 71 46 59 3 6 0 0.00 M M 2.2 9 200 M M 1 12 220
23 73 51 62 6 3 0 T M M 6.3 28 80 M M 3 8 36 90
24 67 53 60 4 5 0 T M M 10.4 28 80 M M 3 40 80
25 77 46 62 6 3 0 0.00 M M 1.4 10 280 M M 0 8 13 200
26 71 44 58 2 7 0 0.00 M M 2.8 9 190 M M 0 8 12 190
27 66 56 61 5 4 0 0.00 M M 3.5 10 190 M M 6 8 14 160
28 58 47 53 -3 12 0 1.77 M M 6.1 17 80 M M 8 138 28 260
29 65 42 54 -2 11 0 0.00 M M 2.0 8 60 M M 0 8 9 210
30 72 39 56 0 9 0 0.00 M M 2.1 8 220 M M 0 8 11 230
31 69 43 56 0 9 0 0.00 M M 1.7 8 190 M M 0 8 11 210
================================================================================
SM 2278 1438 159 9 1.77 0.0 99.2 M 50
================================================================================
AV 73.5 46.4 3.2 FASTST M M 2 MAX(MPH)
MISC ----> 33 80 47 90
================================================================================
NOTES:
# LAST OF SEVERAL OCCURRENCES
COLUMN 17 PEAK WIND IN M.P.H.
PRELIMINARY LOCAL CLIMATOLOGICAL DATA (WS FORM: F-6) , PAGE 2
STATION: FULLERTON AIRPORT CA
MONTH: DECEMBER
YEAR: 2020
LATITUDE: 33 52 N
LONGITUDE: 117 58 W
[TEMPERATURE DATA] [PRECIPITATION DATA] SYMBOLS USED IN COLUMN 16
AVERAGE MONTHLY: 59.9 TOTAL FOR MONTH: 1.77 1 = FOG OR MIST
DPTR FM NORMAL: 3.8 DPTR FM NORMAL: -0.28 2 = FOG REDUCING VISIBILITY
HIGHEST: 86 ON 21, 8 GRTST 24HR 1.77 ON 28-28 TO 1/4 MILE OR LESS
LOWEST: 39 ON 30 3 = THUNDER
SNOW, ICE PELLETS, HAIL 4 = ICE PELLETS
TOTAL MONTH: 0.0 INCH 5 = HAIL
GRTST 24HR 0.0 6 = FREEZING RAIN OR DRIZZLE
GRTST DEPTH: 0 7 = DUSTSTORM OR SANDSTORM:
VSBY 1/2 MILE OR LESS
8 = SMOKE OR HAZE
[NO. OF DAYS WITH] [WEATHER - DAYS WITH] 9 = BLOWING SNOW
X = TORNADO
MAX 32 OR BELOW: 0 0.01 INCH OR MORE: 1
MAX 90 OR ABOVE: 0 0.10 INCH OR MORE: 1
MIN 32 OR BELOW: 0 0.50 INCH OR MORE: 1
MIN 0 OR BELOW: 0 1.00 INCH OR MORE: 1
[HDD (BASE 65) ]
TOTAL THIS MO. 159 CLEAR (SCALE 0-3) 24
DPTR FM NORMAL -117 PTCLDY (SCALE 4-7) 7
TOTAL FM JUL 1 242 CLOUDY (SCALE 8-10) 0
DPTR FM NORMAL -195
[CDD (BASE 65) ]
TOTAL THIS MO. 9
DPTR FM NORMAL 8 [PRESSURE DATA]
TOTAL FM JAN 1 2090 HIGHEST SLP 30.28 ON 24
DPTR FM NORMAL 838 LOWEST SLP 29.84 ON 28
[REMARKS]
#FINAL-12-20#