000
CXUS54 KTSA 011200
CLMFYV
CLIMATE REPORT
NATIONAL WEATHER SERVICE TULSA OK
600 AM CST FRI MAR 01 2024
...................................
...THE FAYETTEVILLE ARKANSAS CLIMATE SUMMARY FOR THE MONTH OF FEBRUARY 2024...
CLIMATE NORMAL PERIOD 1991 TO 2020
CLIMATE RECORD PERIOD 1905 TO 2024
WEATHER OBSERVED NORMAL DEPART LAST YEAR`S
VALUE DATE(S) VALUE FROM VALUE DATE(S)
NORMAL
................................................................
TEMPERATURE (F)
RECORD
HIGH 87 02/22/1996
LOW -20 02/16/2021
HIGHEST 81 02/27 82 -1 78 02/28
LOWEST 14 02/18 -24 38 19 02/03
AVG. MAXIMUM 63.6 52.2 11.4 59.1
AVG. MINIMUM 34.4 28.5 5.9 34.4
MEAN 49.0 40.4 8.6 46.8
DAYS MAX >= 90 0 0.0 0.0 0
DAYS MAX <= 32 0 1.7 -1.7 1
DAYS MIN <= 32 11 18.5 -7.5 11
DAYS MIN <= 0 0 0.3 -0.3 0
PRECIPITATION (INCHES)
RECORD
MAXIMUM 8.60 1990
MINIMUM 0.22 1996
TOTALS 1.17 2.56 -1.39 3.08
DAILY AVG. 0.04 NAN NAN 0.11
DAYS >= .01 5 7.7 -2.7 8
DAYS >= .10 3 4.5 -1.5 6
DAYS >= .50 1 1.7 -0.7 2
DAYS >= 1.00 0 0.6 -0.6 1
GREATEST
24 HR. TOTAL 0.79 02/03 TO 02/04
SNOWFALL (INCHES)
RECORDS
TOTAL 18.8 2011
TOTALS 0.3 2.4 -2.1 T
SINCE 7/1 6.5 5.2 1.3 MM
SNOWDEPTH AVG. 0 0
DAYS >= TRACE 2 0.9 1.1 MM
DAYS >= 1.0 0 0.7 -0.7 MM
GREATEST
SNOW DEPTH 0 1 02/01
24 HR TOTAL MM
DEGREE DAYS
HEATING TOTAL 457 691 -234 504
SINCE 7/1 2698 3249 -551 MM
COOLING TOTAL 0 1 -1 0
SINCE 1/1 0 1 -1 MM
................................................................
WIND (MPH)
AVERAGE WIND SPEED 6.8
HIGHEST WIND SPEED/DIRECTION 31/190 DATE 02/08
HIGHEST GUST SPEED/DIRECTION 44/200 DATE 02/08
SKY COVER
POSSIBLE SUNSHINE (PERCENT) MM
AVERAGE SKY COVER 0.22
NUMBER OF DAYS FAIR 23
NUMBER OF DAYS PC 3
NUMBER OF DAYS CLOUDY 3
AVERAGE RH (PERCENT) 59
WEATHER CONDITIONS. NUMBER OF DAYS WITH
THUNDERSTORM 0 MIXED PRECIP 0
HEAVY RAIN 1 RAIN 1
LIGHT RAIN 8 FREEZING RAIN 0
LT FREEZING RAIN 0 HAIL 0
HEAVY SNOW 0 SNOW 0
LIGHT SNOW 1 SLEET 0
FOG 8 FOG W/VIS <= 1/4 MILE 0
HAZE 4
- INDICATES NEGATIVE NUMBERS.
R INDICATES RECORD WAS SET OR TIED.
MM INDICATES DATA IS MISSING.
T INDICATES TRACE AMOUNT.
$$