000
CXUS53 KDDC 011444
CF6GCK
PRELIMINARY LOCAL CLIMATOLOGICAL DATA (WS FORM: F-6)
STATION: GARDEN CITY REGIONAL ARPT KS
MONTH: MARCH
YEAR: 2024
LATITUDE: 37 55 N
LONGITUDE: 100 43 W
TEMPERATURE IN F: :PCPN: SNOW: WIND :SUNSHINE: SKY :PK WND
================================================================================
1 2 3 4 5 6A 6B 7 8 9 10 11 12 13 14 15 16 17 18
12Z AVG MX 2MIN
DY MAX MIN AVG DEP HDD CDD WTR SNW DPTH SPD SPD DIR MIN PSBL S-S WX SPD DR
================================================================================
1 71 26 49 10 16 0 0.00 M M 11.5 21 180 M M 2 12 27 180
2 81 24 53 14 12 0 0.00 M M 11.4 30 200 M M 2 12 39 210
3 64 35 50 11 15 0 0.00 M M 11.3 26 350 M M 0 36 210
4 59 31 45 5 20 0 0.00 M M 16.6 38 20 M M 0 49 10
5 51 26 39 -1 26 0 0.00 M M 12.0 20 80 M M 0 26 30
6 63 25 44 4 21 0 0.00 M M 8.9 20 180 M M 1 1 30 210
7 45 36 41 0 24 0 T M M 14.6 24 20 M M 8 12 31 360
8 37 26 32 -9 33 0 T M M 22.0 32 10 M M 10 1 41 10
9 53 17 35 -7 30 0 0.00 M M 7.0 17 330 M M 0 22 330
10 70 21 46 4 19 0 0.00 M M 9.8 20 210 M M 0 27 210
11 75 30 53 11 12 0 0.00 M M 13.8 26 200 M M 0 38 200
12 72 31 52 9 13 0 0.00 M M 12.4 29 10 M M 0 36 360
13 70 40 55 12 10 0 T M M 10.3 30 30 M M 1 40 30
14 56 39 48 4 17 0 0.01 M M 19.6 31 50 M M 7 3 43 50
15 54 34 44 0 21 0 0.00 M M 11.7 23 30 M M 4 31 40
16 60 28 44 0 21 0 0.00 M M 7.8 18 30 M M 3 23 30
17 58 27 43 -1 22 0 0.00 M M 10.6 22 340 M M 2 31 350
18 58 18 38 -7 27 0 0.00 M M 5.5 16 290 M M 0 21 290
19 72 30 51 6 14 0 0.00 M M 7.3 14 60 M M 0 20 220
20 69 32 51 5 14 0 0.00 M M 11.6 20 26 M M 0 35 20
21 69 28 49 3 16 0 0.00 M M 7.6 14 180 M M 1 19 200
22 57 30 44 -2 21 0 0.00 M M 16.6 33 20 M M 0 44 10
23 59 24 42 -4 23 0 0.00 M M 16.6 30 180 M M 3 1 42 190
24 72 36 54 7 11 0 0.10 M M 20.5 37 360 M M 7 38 50 170
25 36 23 30 -17 35 0 0.01 M M 28.2 39 360 M M 10 128 51 350
26 41 15 28 -19 37 0 0.00 M M 11.2 24 340 M M 1 29 340
27 56 19 38 -10 27 0 0.01 M M 9.3 18 300 M M 3 1 29 180
28 69 28 49 1 16 0 0.00 M M 13.8 29 200 M M 0 39 210
29 75 34 55 7 10 0 0.00 M M 11.0 23 30 M M 0 31 60
30 65 32 49 1 16 0 0.00 M M 12.4 23 40 M M 0 30 40
31 77 34 56 7 9 0 0.00 M M 12.6 24 190 M M 3 12 34 180
================================================================================
SM 1914 879 608 0 0.13 M 395.5 M 68
================================================================================
AV 61.7 28.4 12.8 FASTST M M 2 MAX(MPH)
MISC ----> 39 360 51 350
================================================================================
NOTES:
# LAST OF SEVERAL OCCURRENCES
COLUMN 17 PEAK WIND IN M.P.H.
PRELIMINARY LOCAL CLIMATOLOGICAL DATA (WS FORM: F-6) , PAGE 2
STATION: GARDEN CITY REGIONAL ARPT KS
MONTH: MARCH
YEAR: 2024
LATITUDE: 37 55 N
LONGITUDE: 100 43 W
[TEMPERATURE DATA] [PRECIPITATION DATA] SYMBOLS USED IN COLUMN 16
AVERAGE MONTHLY: 45.1 TOTAL FOR MONTH: 0.13 1 = FOG OR MIST
DPTR FM NORMAL: 1.1 DPTR FM NORMAL: -0.94 2 = FOG REDUCING VISIBILITY
HIGHEST: 81 ON 2 GRTST 24HR 0.11 ON 24-25 TO 1/4 MILE OR LESS
LOWEST: 15 ON 26 3 = THUNDER
4 = ICE PELLETS
5 = HAIL
6 = FREEZING RAIN OR DRIZZLE
7 = DUSTSTORM OR SANDSTORM:
VSBY 1/2 MILE OR LESS
8 = SMOKE OR HAZE
[NO. OF DAYS WITH] [WEATHER - DAYS WITH] 9 = BLOWING SNOW
X = TORNADO
MAX 32 OR BELOW: 0 0.01 INCH OR MORE: 4
MAX 90 OR ABOVE: 0 0.10 INCH OR MORE: 1
MIN 32 OR BELOW: 23 0.50 INCH OR MORE: 0
MIN 0 OR BELOW: 0 1.00 INCH OR MORE: 0
[HDD (BASE 65) ]
TOTAL THIS MO. 608 CLEAR (SCALE 0-3) 24
DPTR FM NORMAL -44 PTCLDY (SCALE 4-7) 4
TOTAL FM JUL 1 4311 CLOUDY (SCALE 8-10) 3
DPTR FM NORMAL -335
[CDD (BASE 65) ]
TOTAL THIS MO. 0
DPTR FM NORMAL -1 [PRESSURE DATA]
TOTAL FM JAN 1 0 HIGHEST SLP 30.39 ON 18
DPTR FM NORMAL -1 LOWEST SLP 29.07 ON 24
[REMARKS]
#FINAL-03-24#