000
CXUS54 KFWD 072153
CF6GDJ
PRELIMINARY LOCAL CLIMATOLOGICAL DATA (WS FORM: F-6)
STATION: GRANBURY
MONTH: AUGUST
YEAR: 2022
LATITUDE: 32 26 N
LONGITUDE: 97 48 W
TEMPERATURE IN F: :PCPN: SNOW: WIND :SUNSHINE: SKY :PK WND
================================================================================
1 2 3 4 5 6A 6B 7 8 9 10 11 12 13 14 15 16 17 18
12Z AVG MX 2MIN
DY MAX MIN AVG DEP HDD CDD WTR SNW DPTH SPD SPD DIR MIN PSBL S-S WX SPD DR
================================================================================
1 101 80 91 7 0 26 0.00 M M 9.8 15 170 M M 0 21 170
2 103 82 93 9 0 28 0.00 M M 10.5 17 190 M M 1 24 200
3 103 81 92 8 0 27 0.00 M M 10.7 15 160 M M 0 24 170
4 103 81 92 8 0 27 0.00 M M 8.5 13 100 M M 0 17 160
5 104 80 92 8 0 27 0.00 M M 7.4 13 130 M M 0 21 120
6 99 78 89 5 0 24 0.00 M M 9.7 13 140 M M 0 23 130
7 99 77 88 4 0 23 0.00 M M 9.9 14 150 M M 1 23 130
8 100 80 90 6 0 25 0.00 M M 7.7 12 90 M M 0 17 180
9 99 75 87 3 0 22 0.83 M M 5.8 14 90 M M 1 3 38 260
10 92 75 84 0 0 19 0.00 M M 4.8 16 330 M M 1 26 330
11 98 74 86 2 0 21 0.00 M M 3.7 15 30 M M 2 23 50
12 97 76 87 3 0 22 0.00 M M 6.0 13 90 M M 3 22 50
13 98 76 87 3 0 22 0.00 M M 5.2 10 90 M M 2 17 100
14 97 73 85 1 0 20 0.00 M M 6.6 13 110 M M 1 18 70
15 97 75 86 2 0 21 0.00 M M 6.7 13 90 M M 0 18 140
16 98 76 87 3 0 22 0.00 M M 4.1 9 220 M M 0 M M
17 103 74 89 5 0 24 0.27 M M 7.4 15 240 M M 3 38 22 300
18 87 71 79 -5 0 14 0.00 M M 3.8 12 330 M M 3 1 16 360
19 93 71 82 -2 0 17 0.00 M M 4.7 13 180 M M 4 1 18 60
20 92 74 83 -1 0 18 0.00 M M 9.4 16 110 M M 4 24 110
21 92 74 83 -1 0 18 2.64 M M 8.8 14 210 M M 4 3 26 20
22 80 73 77 -7 0 12 0.61 M M 5.0 10 30 M M 9 24 320
23 82 72 77 -7 0 12 0.00 M M 6.1 12 30 M M 9 16 40
24 88 73 81 -3 0 16 0.00 M M 5.0 10 50 M M 6 16 20
25 92 70 81 -2 0 16 0.00 M M 4.0 12 50 M M 1 17 50
26 92 70 81 -2 0 16 0.00 M M 3.8 9 100 M M 2 M M
27 95 74 85 2 0 20 0.00 M M 5.7 13 150 M M 1 17 150
28 96 75 86 3 0 21 0.00 M M 9.4 15 140 M M 1 24 140
29 94 77 86 3 0 21 0.00 M M 8.7 16 40 M M 3 25 40
30 82 74 78 -4 0 13 0.14 M M 2.9 9 150 M M 7 17 0
31 84 72 78 -4 0 13 0.86 M M 2.9 9 210 M M 6 3 17 210
================================================================================
SM 2940 2333 0 627 5.35 M 204.9 M 75
================================================================================
AV 94.8 75.3 6.6 FASTST M M 2 MAX(MPH)
MISC ----> 17 190 38 260
================================================================================
NOTES:
# LAST OF SEVERAL OCCURRENCES
COLUMN 17 PEAK WIND IN M.P.H.
PRELIMINARY LOCAL CLIMATOLOGICAL DATA (WS FORM: F-6) , PAGE 2
STATION: GRANBURY
MONTH: AUGUST
YEAR: 2022
LATITUDE: 32 26 N
LONGITUDE: 97 48 W
[TEMPERATURE DATA] [PRECIPITATION DATA] SYMBOLS USED IN COLUMN 16
AVERAGE MONTHLY: 85.0 TOTAL FOR MONTH: 5.35 1 = FOG OR MIST
DPTR FM NORMAL: 1.2 DPTR FM NORMAL: M 2 = FOG REDUCING VISIBILITY
HIGHEST: 104 ON 5 GRTST 24HR 2.64 ON 21-21 TO 1/4 MILE OR LESS
LOWEST: 70 ON 26,25 3 = THUNDER
SNOW, ICE PELLETS, HAIL 4 = ICE PELLETS
TOTAL MONTH: M 5 = HAIL
GRTST 24HR M ON M 6 = FREEZING RAIN OR DRIZZLE
GRTST DEPTH: M ON M 7 = DUSTSTORM OR SANDSTORM:
VSBY 1/2 MILE OR LESS
8 = SMOKE OR HAZE
[NO. OF DAYS WITH] [WEATHER - DAYS WITH] 9 = BLOWING SNOW
X = TORNADO
MAX 32 OR BELOW: 0 0.01 INCH OR MORE: 6
MAX 90 OR ABOVE: 25 0.10 INCH OR MORE: 6
MIN 32 OR BELOW: 0 0.50 INCH OR MORE: 4
MIN 0 OR BELOW: 0 1.00 INCH OR MORE: 1
[HDD (BASE 65) ]
TOTAL THIS MO. 0 CLEAR (SCALE 0-3) 22
DPTR FM NORMAL 0 PTCLDY (SCALE 4-7) 7
TOTAL FM JUL 1 0 CLOUDY (SCALE 8-10) 2
DPTR FM NORMAL 0
[CDD (BASE 65) ]
TOTAL THIS MO. 627
DPTR FM NORMAL 45 [PRESSURE DATA]
TOTAL FM JAN 1 2645 HIGHEST SLP M ON M
DPTR FM NORMAL 714 LOWEST SLP M ON M
[REMARKS]
#FINAL-08-22#