000
CXUS56 KOTX 010900
CF6GEG
PRELIMINARY LOCAL CLIMATOLOGICAL DATA (WS FORM: F-6)
STATION: SPOKANE WA AIRPORT
MONTH: MAY
YEAR: 2020
LATITUDE: 47 37 N
LONGITUDE: 117 32 W
TEMPERATURE IN F: :PCPN: SNOW: WIND :SUNSHINE: SKY :PK WND
================================================================================
1 2 3 4 5 6A 6B 7 8 9 10 11 12 13 14 15 16 17 18
12Z AVG MX 2MIN
DY MAX MIN AVG DEP HDD CDD WTR SNW DPTH SPD SPD DIR MIN PSBL S-S WX SPD DR
================================================================================
1 63 37 50 -1 15 0 0.00 0.0 0 5.8 14 220 M M 3 18 220
2 74 42 58 7 7 0 0.10 0.0 0 11.0 31 240 M M 7 13 38 220
3 57 38 48 -3 17 0 T 0.0 0 16.7 33 230 M M 6 37 230
4 61 34 48 -4 17 0 0.00 0.0 0 5.5 15 200 M M 4 1 21 230
5 73 42 58 6 7 0 0.00 0.0 0 6.8 14 70 M M 5 19 70
6 58 42 50 -2 15 0 0.22 0.0 0 13.4 38 260 M M 10 1 46 250
7 58 34 46 -6 19 0 0.00 0.0 0 5.0 12 170 M M 5 15 170
8 68 39 54 1 11 0 0.00 0.0 0 7.0 17 50 M M 2 1 22 40
9 74 47 61 8 4 0 0.00 0.0 0 10.5 14 50 M M 3 29 50
10 73 50 62 8 3 0 0.00 0.0 0 14.3 28 50 M M 5 34 50
11 69 49 59 5 6 0 0.00 0.0 0 16.7 25 40 M M 8 31 70
12 61 46 54 0 11 0 0.08 0.0 0 9.1 21 200 M M 9 26 200
13 62 45 54 0 11 0 T 0.0 0 12.9 25 220 M M 8 33 210
14 56 43 50 -5 15 0 0.02 0.0 0 8.6 18 240 M M 8 22 230
15 60 45 53 -2 12 0 0.08 0.0 0 6.5 13 220 M M 7 1 15 210
16 68 42 55 0 10 0 T 0.0 0 7.6 15 200 M M 7 1 21 180
17 68 50 59 3 6 0 0.26 0.0 0 7.2 30 260 M M 9 13 36 250
18 63 49 56 0 9 0 0.17 0.0 0 5.5 23 270 M M 9 123 29 270
19 63 50 57 1 8 0 0.08 0.0 0 6.2 13 260 M M 9 1 18 290
20 57 49 53 -3 12 0 1.40 0.0 0 8.0 21 210 M M 8 1 26 210
21 58 43 51 -6 14 0 0.01 0.0 0 22.3 31 220 M M 6 1 37 220
22 53 39 46 -11 19 0 T 0.0 0 13.5 22 210 M M 9 28 210
23 59 43 51 -6 14 0 T 0.0 0 7.1 14 210 M M 8 19 230
24 69 46 58 1 7 0 0.00 0.0 0 5.8 14 220 M M 6 16 240
25 64 49 57 -1 8 0 0.01 0.0 0 10.0 17 220 M M 8 1 22 220
26 72 52 62 4 3 0 0.00 0.0 0 11.9 23 230 M M 7 27 240
27 75 49 62 4 3 0 0.00 0.0 0 3.5 14 340 M M 3 18 340
28 81 50 66 8 0 1 0.00 0.0 0 5.2 12 60 M M 6 14 50
29 86 56 71 13 0 6 0.00 0.0 0 3.7 13 70 M M 5 8 15 70
30 84 53 69 10 0 4 T 0.0 0 12.4 46 270 M M 8 378 58 280
31 64 47 56 -3 9 0 0.81 0.0 0 14.3 28 230 M M 8 13 37 230
================================================================================
SM 2051 1400 292 11 3.24 0.0 294.0 M 206
================================================================================
AV 66.2 45.2 9.5 FASTST M M 7 MAX(MPH)
MISC ----> # 46 270 # 58 280
================================================================================
NOTES:
# LAST OF SEVERAL OCCURRENCES
COLUMN 17 PEAK WIND IN M.P.H.
PRELIMINARY LOCAL CLIMATOLOGICAL DATA (WS FORM: F-6) , PAGE 2
STATION: SPOKANE WA AIRPORT
MONTH: MAY
YEAR: 2020
LATITUDE: 47 37 N
LONGITUDE: 117 32 W
[TEMPERATURE DATA] [PRECIPITATION DATA] SYMBOLS USED IN COLUMN 16
AVERAGE MONTHLY: 55.7 TOTAL FOR MONTH: 3.24 1 = FOG OR MIST
DPTR FM NORMAL: 0.6 DPTR FM NORMAL: 1.62 2 = FOG REDUCING VISIBILITY
HIGHEST: 86 ON 29 GRTST 24HR 1.40 ON 20-20 TO 1/4 MILE OR LESS
LOWEST: 34 ON 7, 4 3 = THUNDER
SNOW, ICE PELLETS, HAIL 4 = ICE PELLETS
TOTAL MONTH: 0.0 INCH 5 = HAIL
GRTST 24HR 0.0 6 = FREEZING RAIN OR DRIZZLE
GRTST DEPTH: 0 7 = DUSTSTORM OR SANDSTORM:
VSBY 1/2 MILE OR LESS
8 = SMOKE OR HAZE
[NO. OF DAYS WITH] [WEATHER - DAYS WITH] 9 = BLOWING SNOW
X = TORNADO
MAX 32 OR BELOW: 0 0.01 INCH OR MORE: 12
MAX 90 OR ABOVE: 0 0.10 INCH OR MORE: 6
MIN 32 OR BELOW: 0 0.50 INCH OR MORE: 2
MIN 0 OR BELOW: 0 1.00 INCH OR MORE: 1
[HDD (BASE 65) ]
TOTAL THIS MO. 292 CLEAR (SCALE 0-3) 2
DPTR FM NORMAL -29 PTCLDY (SCALE 4-7) 19
TOTAL FM JUL 1 6190 CLOUDY (SCALE 8-10) 10
DPTR FM NORMAL -267
[CDD (BASE 65) ]
TOTAL THIS MO. 11
DPTR FM NORMAL -3 [PRESSURE DATA]
TOTAL FM JAN 1 11 HIGHEST SLP 0.00 ON 9
DPTR FM NORMAL -3 LOWEST SLP 29.33 ON 30
[REMARKS]
#FINAL-05-20#