786
CXUS56 KOTX 010900
CF6GEG
PRELIMINARY LOCAL CLIMATOLOGICAL DATA (WS FORM: F-6)
STATION: SPOKANE WA AIRPORT
MONTH: APRIL
YEAR: 2020
LATITUDE: 47 37 N
LONGITUDE: 117 32 W
TEMPERATURE IN F: :PCPN: SNOW: WIND :SUNSHINE: SKY :PK WND
================================================================================
1 2 3 4 5 6A 6B 7 8 9 10 11 12 13 14 15 16 17 18
12Z AVG MX 2MIN
DY MAX MIN AVG DEP HDD CDD WTR SNW DPTH SPD SPD DIR MIN PSBL S-S WX SPD DR
================================================================================
1 41 30 36 -8 29 0 T T 0 5.8 18 220 M M 8 23 220
2 44 29 37 -7 28 0 T T 0 8.5 20 280 M M 8 25 250
3 43 26 35 -10 30 0 T T 0 14.5 29 280 M M 6 8 35 270
4 46 25 36 -9 29 0 0.00 0.0 0 6.3 15 40 M M 7 19 60
5 47 31 39 -6 26 0 0.05 0.6 T 5.6 10 30 M M 9 12 12 30
6 57 31 44 -1 21 0 0.00 0.0 0 7.5 21 250 M M 5 12 26 240
7 60 34 47 2 18 0 0.00 0.0 0 10.4 20 240 M M 3 24 230
8 64 33 49 3 16 0 0.00 0.0 0 4.8 14 330 M M 5 19 320
9 69 38 54 8 11 0 0.00 0.0 0 5.3 14 260 M M 5 16 260
10 70 41 56 10 9 0 0.00 0.0 0 6.9 24 270 M M 6 28 260
11 54 35 45 -1 20 0 0.00 0.0 0 14.7 28 20 M M 3 36 350
12 46 29 38 -8 27 0 0.00 0.0 0 5.5 15 20 M M 3 18 350
13 53 24 39 -7 26 0 0.00 0.0 0 6.9 18 220 M M 3 23 250
14 57 39 48 2 17 0 0.00 0.0 0 8.3 22 280 M M 10 28 270
15 55 39 47 0 18 0 0.05 0.0 0 10.7 22 50 M M 8 1 28 50
16 56 35 46 -1 19 0 0.00 0.0 0 7.0 13 250 M M 3 15 290
17 64 33 49 2 16 0 0.00 0.0 0 8.8 21 230 M M 5 26 230
18 64 47 56 9 9 0 T 0.0 0 5.4 15 210 M M 8 17 20
19 63 38 51 3 14 0 T 0.0 0 6.9 20 230 M M 5 23 230
20 68 42 55 7 10 0 0.00 0.0 0 6.2 15 230 M M 3 19 230
21 66 42 54 6 11 0 0.00 0.0 0 13.6 24 220 M M 3 32 220
22 54 40 47 -1 18 0 0.15 0.0 0 10.4 20 210 M M 8 1 26 190
23 63 42 53 5 12 0 T 0.0 0 10.5 25 250 M M 5 30 260
24 60 37 49 0 16 0 0.00 0.0 0 7.7 12 210 M M M M M
25 63 44 54 5 11 0 0.03 0.0 0 13.6 30 230 M M 9 36 250
26 61 39 50 1 15 0 0.00 0.0 0 10.6 21 220 M M 7 25 210
27 66 43 55 5 10 0 0.01 0.0 0 20.8 38 280 M M 6 3 46 270
28 66 37 52 2 13 0 0.00 0.0 0 5.5 14 220 M M 7 20 220
29 78 48 63 13 2 0 0.00 0.0 0 11.1 21 240 M M 8 26 230
30 64 42 53 3 12 0 0.00 0.0 0 17.7 28 220 M M 6 35 240
================================================================================
SM 1762 1093 513 0 0.29 0.6 277.5 M 172
================================================================================
AV 58.7 36.4 9.2 FASTST M M 6 MAX(MPH)
MISC ----> # 38 280 # 46 270
================================================================================
NOTES:
# LAST OF SEVERAL OCCURRENCES
COLUMN 17 PEAK WIND IN M.P.H.
PRELIMINARY LOCAL CLIMATOLOGICAL DATA (WS FORM: F-6) , PAGE 2
STATION: SPOKANE WA AIRPORT
MONTH: APRIL
YEAR: 2020
LATITUDE: 47 37 N
LONGITUDE: 117 32 W
[TEMPERATURE DATA] [PRECIPITATION DATA] SYMBOLS USED IN COLUMN 16
AVERAGE MONTHLY: 47.6 TOTAL FOR MONTH: 0.29 1 = FOG OR MIST
DPTR FM NORMAL: 0.6 DPTR FM NORMAL: -0.99 2 = FOG REDUCING VISIBILITY
HIGHEST: 78 ON 29 GRTST 24HR 0.15 ON 22-22 TO 1/4 MILE OR LESS
LOWEST: 24 ON 13 3 = THUNDER
SNOW, ICE PELLETS, HAIL 4 = ICE PELLETS
TOTAL MONTH: 0.6 INCH 5 = HAIL
GRTST 24HR 0.6 ON 5- 5 6 = FREEZING RAIN OR DRIZZLE
GRTST DEPTH: T 7 = DUSTSTORM OR SANDSTORM:
VSBY 1/2 MILE OR LESS
8 = SMOKE OR HAZE
[NO. OF DAYS WITH] [WEATHER - DAYS WITH] 9 = BLOWING SNOW
X = TORNADO
MAX 32 OR BELOW: 0 0.01 INCH OR MORE: 5
MAX 90 OR ABOVE: 0 0.10 INCH OR MORE: 1
MIN 32 OR BELOW: 8 0.50 INCH OR MORE: 0
MIN 0 OR BELOW: 0 1.00 INCH OR MORE: 0
[HDD (BASE 65) ]
TOTAL THIS MO. 513 CLEAR (SCALE 0-3) 4
DPTR FM NORMAL -27 PTCLDY (SCALE 4-7) 21
TOTAL FM JUL 1 5898 CLOUDY (SCALE 8-10) 4
DPTR FM NORMAL -238
[CDD (BASE 65) ]
TOTAL THIS MO. 0
DPTR FM NORMAL 0 [PRESSURE DATA]
TOTAL FM JAN 1 0 HIGHEST SLP 0.00 ON 28
DPTR FM NORMAL 0 LOWEST SLP 29.57 ON M
[REMARKS]
#FINAL-04-20#