000
CXUS53 KIND 010600
CF6GEZ
PRELIMINARY LOCAL CLIMATOLOGICAL DATA (WS FORM: F-6)
STATION: SHELBYVILLE IN
MONTH: MAY
YEAR: 2020
LATITUDE: 39 35 N
LONGITUDE: 85 48 W
TEMPERATURE IN F: :PCPN: SNOW: WIND :SUNSHINE: SKY :PK WND
================================================================================
1 2 3 4 5 6A 6B 7 8 9 10 11 12 13 14 15 16 17 18
12Z AVG MX 2MIN
DY MAX MIN AVG DEP HDD CDD WTR SNW DPTH SPD SPD DIR MIN PSBL S-S WX SPD DR
================================================================================
1 68 42 55 -3 10 0 0.00 M M 6.9 15 300 M M 2 22 290
2 85 56 71 13 0 6 0.01 M M 11.6 24 220 M M 5 31 250
3 76 52 64 5 1 0 1.04 M M 5.6 26 340 M M 6 13 36 330
4 69 47 58 -1 7 0 0.00 M M 7.2 15 100 M M 1 20 20
5 59 41 50 -9 15 0 0.21 M M 12.7 24 90 M M 10 35 80
6 62 40 51 -9 14 0 0.00 M M 10.9 22 330 M M 3 34 350
7 69 41 55 -5 10 0 0.00 M M 10.0 25 270 M M 3 33 270
8 58 34 46 -14 19 0 0.24 M M 13.4 28 340 M M 6 1 36 340
9 57 31 44 -17 21 0 0.00 M M 6.9 18 290 M M M 28 270
10 66 41 54 -7 11 0 0.01 M M 17.1 35 240 M M 8 3 46 280
11 51 40 46 -15 19 0 0.00 M M 8.5 17 270 M M 10 26 310
12 62 36 49 -13 16 0 0.00 M M 4.7 14 280 M M 3 19 300
13 62 40 51 -11 14 0 0.00 M M 11.0 22 150 M M 8 8 29 140
14 82 55 69 7 0 4 0.45 M M 10.5 31 290 M M 6 13 40 300
15 76 62 69 6 0 4 T M M 11.7 30 200 M M 5 42 210
16 83 60 72 9 0 7 T M M 8.0 16 100 M M 5 22 160
17 77 66 72 9 0 7 0.31 M M 11.5 36 200 M M 7 13 54 210
18 69 59 64 0 1 0 0.51 M M 4.4 14 280 M M 8 1 18 270
19 68 58 63 -1 2 0 0.58 M M 10.6 23 130 M M 10 1 32 130
20 58 54 56 -8 9 0 T M M 13.5 21 90 M M 10 18 30 90
21 65 54 60 -4 5 0 0.03 M M 7.8 15 110 M M 10 20 130
22 78 58 68 3 0 3 0.00 M M 3.8 12 220 M M 6 1 15 220
23 83 63 73 8 0 8 0.74 M M 7.6 22 330 M M 4 13 31 320
24 87 65 76 10 0 11 0.04 M M 6.0 17 150 M M 2 3 23 180
25 90 68 79 13 0 14 T M M 6.1 16 200 M M 1 21 210
26 90 69 80 14 0 15 0.00 M M 7.0 18 180 M M 1 22 180
27 84 69 77 11 0 12 0.05 M M 8.1 22 180 M M 7 1 29 170
28 82 67 75 8 0 10 0.88 M M 7.6 21 270 M M 7 1 30 260
29 78 63 71 4 0 6 0.23 M M 7.8 23 310 M M 6 30 300
30 76 57 67 0 0 2 0.00 M M 8.5 16 340 M M 3 22 350
31 73 54 64 -4 1 0 0.00 M M 6.9 14 30 M M 1 20 50
================================================================================
SM 2243 1642 175 109 5.33 M 273.9 M 164
================================================================================
AV 72.4 53.0 8.8 FASTST M M 5 MAX(MPH)
MISC ----> 36 200 54 210
================================================================================
NOTES:
# LAST OF SEVERAL OCCURRENCES
COLUMN 17 PEAK WIND IN M.P.H.
PRELIMINARY LOCAL CLIMATOLOGICAL DATA (WS FORM: F-6) , PAGE 2
STATION: SHELBYVILLE IN
MONTH: MAY
YEAR: 2020
LATITUDE: 39 35 N
LONGITUDE: 85 48 W
[TEMPERATURE DATA] [PRECIPITATION DATA] SYMBOLS USED IN COLUMN 16
AVERAGE MONTHLY: 62.7 TOTAL FOR MONTH: 5.33 1 = FOG OR MIST
DPTR FM NORMAL: -0.2 DPTR FM NORMAL: 0.05 2 = FOG REDUCING VISIBILITY
HIGHEST: 90 ON 26,25 GRTST 24HR 1.04 ON 3- 3 TO 1/4 MILE OR LESS
LOWEST: 31 ON 9 3 = THUNDER
SNOW, ICE PELLETS, HAIL 4 = ICE PELLETS
TOTAL MONTH: M 5 = HAIL
GRTST 24HR M ON M 6 = FREEZING RAIN OR DRIZZLE
GRTST DEPTH: M ON M 7 = DUSTSTORM OR SANDSTORM:
VSBY 1/2 MILE OR LESS
8 = SMOKE OR HAZE
[NO. OF DAYS WITH] [WEATHER - DAYS WITH] 9 = BLOWING SNOW
X = TORNADO
MAX 32 OR BELOW: 0 0.01 INCH OR MORE: 15
MAX 90 OR ABOVE: 2 0.10 INCH OR MORE: 10
MIN 32 OR BELOW: 1 0.50 INCH OR MORE: 5
MIN 0 OR BELOW: 0 1.00 INCH OR MORE: 1
[HDD (BASE 65) ]
TOTAL THIS MO. 175 CLEAR (SCALE 0-3) 9
DPTR FM NORMAL 40 PTCLDY (SCALE 4-7) 14
TOTAL FM JUL 1 4734 CLOUDY (SCALE 8-10) 8
DPTR FM NORMAL -662
[CDD (BASE 65) ]
TOTAL THIS MO. 109
DPTR FM NORMAL 41 [PRESSURE DATA]
TOTAL FM JAN 1 121 HIGHEST SLP M ON M
DPTR FM NORMAL 40 LOWEST SLP 29.32 ON 9
[REMARKS]
#FINAL-05-20#