000
CXUS55 KGGW 010810
CF6GGW
PRELIMINARY LOCAL CLIMATOLOGICAL DATA (WS FORM: F-6)
STATION: GLASGOW MT
MONTH: JULY
YEAR: 2023
LATITUDE: 48 13 N
LONGITUDE: 106 37 W
TEMPERATURE IN F: :PCPN: SNOW: WIND :SUNSHINE: SKY :PK WND
================================================================================
1 2 3 4 5 6A 6B 7 8 9 10 11 12 13 14 15 16 17 18
12Z AVG MX 2MIN
DY MAX MIN AVG DEP HDD CDD WTR SNW DPTH SPD SPD DIR MIN PSBL S-S WX SPD DR
================================================================================
1 95 61 78 10 0 13 0.11 0.0 0 6.3 18 160 M M 1 3 25 280
2 85 61 73 4 0 8 0.03 0.0 0 12.1 22 320 M M 1 3 29 310
3 75 55 65 -4 0 0 0.09 0.0 0 6.9 16 230 M M 6 138 21 240
4 69 48 59 -10 6 0 0.00 0.0 0 11.0 24 310 M M 5 35 300
5 78 46 62 -8 3 0 0.00 0.0 0 6.9 12 110 M M 3 18 250
6 87 51 69 -1 0 4 0.00 0.0 0 8.9 16 20 M M 1 20 20
7 83 54 69 -1 0 4 0.00 0.0 0 6.5 13 50 M M 2 17 90
8 90 54 72 2 0 7 0.00 0.0 0 7.3 15 310 M M 0 21 290
9 95 57 76 5 0 11 0.00 0.0 0 8.4 18 300 M M 0 25 290
10 89 60 75 4 0 10 0.16 0.0 0 13.4 26 100 M M 0 38 36 100
11 77 58 68 -3 0 3 0.03 0.0 0 12.9 25 70 M M 5 3 33 80
12 85 55 70 -1 0 5 0.00 0.0 0 7.9 20 300 M M 1 1 27 310
13 86 59 73 1 0 8 T 0.0 0 10.8 33 290 M M 1 38 50 290
14 84 60 72 0 0 7 T 0.0 0 12.2 41 350 M M 9 8 52 340
15 78 52 65 -7 0 0 0.00 0.0 0 6.9 15 290 M M 10 18 19 300
16 82 59 71 -1 0 6 T 0.0 0 6.5 15 110 M M 5 8 19 100
17 87 56 72 -1 0 7 0.00 0.0 0 17.1 26 130 M M 0 8 35 120
18 87 59 73 0 0 8 0.00 0.0 0 14.4 28 320 M M 1 1 40 280
19 80 58 69 -4 0 4 0.00 0.0 0 12.9 24 330 M M 3 33 330
20 86 53 70 -3 0 5 0.00 0.0 0 5.4 14 210 M M 0 20 170
21 94 58 76 3 0 11 0.00 0.0 0 6.5 12 90 M M 0 16 290
22 97 63 80 6 0 15 0.01 0.0 0 10.0 18 100 M M 1 3 24 110
23 101 65 83 9 0 18 0.00 0.0 0 8.4 24 110 M M 0 31 120
24 107 61 84 10 0 19 0.00 0.0 0 10.8 22 260 M M 0 31 270
25 99 73 86 12 0 21 T 0.0 0 10.8 24 290 M M 0 36 300
26 94 63 79 5 0 14 0.00 0.0 0 10.2 24 310 M M 2 35 310
27 91 53 72 -2 0 7 0.00 0.0 0 8.7 17 350 M M 1 25 320
28 86 61 74 0 0 9 0.00 0.0 0 13.3 21 80 M M 3 30 80
29 89 61 75 1 0 10 0.00 0.0 0 14.5 25 100 M M 0 35 100
30 95 64 80 6 0 15 0.11 0.0 0 17.1 40 350 M M 1 38 62 340
31 95 63 79 5 0 14 0.02 0.0 0 9.7 33 110 M M 1 13 43 110
================================================================================
SM 2726 1801 9 263 0.56 0.0 314.7 M 63
================================================================================
AV 87.9 58.1 10.2 FASTST M M 2 MAX(MPH)
MISC ----> 41 350 62 340
================================================================================
NOTES:
# LAST OF SEVERAL OCCURRENCES
COLUMN 17 PEAK WIND IN M.P.H.
PRELIMINARY LOCAL CLIMATOLOGICAL DATA (WS FORM: F-6) , PAGE 2
STATION: GLASGOW MT
MONTH: JULY
YEAR: 2023
LATITUDE: 48 13 N
LONGITUDE: 106 37 W
[TEMPERATURE DATA] [PRECIPITATION DATA] SYMBOLS USED IN COLUMN 16
AVERAGE MONTHLY: 73.0 TOTAL FOR MONTH: 0.56 1 = FOG OR MIST
DPTR FM NORMAL: 1.0 DPTR FM NORMAL: -1.39 2 = FOG REDUCING VISIBILITY
HIGHEST: 107 ON 24 GRTST 24HR 0.17 ON 1- 1 TO 1/4 MILE OR LESS
LOWEST: 46 ON 5 3 = THUNDER
SNOW, ICE PELLETS, HAIL 4 = ICE PELLETS
TOTAL MONTH: 0.0 INCH 5 = HAIL
GRTST 24HR 0.0 6 = FREEZING RAIN OR DRIZZLE
GRTST DEPTH: 0 7 = DUSTSTORM OR SANDSTORM:
VSBY 1/2 MILE OR LESS
8 = SMOKE OR HAZE
[NO. OF DAYS WITH] [WEATHER - DAYS WITH] 9 = BLOWING SNOW
X = TORNADO
MAX 32 OR BELOW: 0 0.01 INCH OR MORE: 8
MAX 90 OR ABOVE: 12 0.10 INCH OR MORE: 3
MIN 32 OR BELOW: 0 0.50 INCH OR MORE: 0
MIN 0 OR BELOW: 0 1.00 INCH OR MORE: 0
[HDD (BASE 65) ]
TOTAL THIS MO. 9 CLEAR (SCALE 0-3) 25
DPTR FM NORMAL -5 PTCLDY (SCALE 4-7) 4
TOTAL FM JUL 1 9 CLOUDY (SCALE 8-10) 2
DPTR FM NORMAL -1
[CDD (BASE 65) ]
TOTAL THIS MO. 263
DPTR FM NORMAL 33 [PRESSURE DATA]
TOTAL FM JAN 1 462 HIGHEST SLP M ON M
DPTR FM NORMAL 143 LOWEST SLP 29.64 ON 25
[REMARKS]
#FINAL-07-23#