000
CXUS55 KGJT 010910
CF6GJT
PRELIMINARY LOCAL CLIMATOLOGICAL DATA (WS FORM: F-6)
STATION: GRAND JUNCTION CO
MONTH: OCTOBER
YEAR: 2023
LATITUDE: 39 7 N
LONGITUDE: 108 32 W
TEMPERATURE IN F: :PCPN: SNOW: WIND :SUNSHINE: SKY :PK WND
================================================================================
1 2 3 4 5 6A 6B 7 8 9 10 11 12 13 14 15 16 17 18
12Z AVG MX 2MIN
DY MAX MIN AVG DEP HDD CDD WTR SNW DPTH SPD SPD DIR MIN PSBL S-S WX SPD DR
================================================================================
1 73 52 63 3 2 0 T 0.0 0 11.0 26 330 M M 2 33 330
2 63 47 55 -5 10 0 0.07 0.0 0 10.5 26 150 M M 6 18 35 120
3 68 40 54 -5 11 0 0.00 0.0 0 4.4 17 330 M M 3 18 22 290
4 71 48 60 1 5 0 0.00 0.0 0 4.7 12 250 M M 3 21 290
5 73 45 59 1 6 0 0.00 0.0 0 5.4 15 120 M M 0 8 20 150
6 76 43 60 2 5 0 0.00 0.0 0 4.4 10 140 M M 0 8 16 160
7 78 47 63 6 2 0 0.00 0.0 0 6.5 14 120 M M 0 18 130
8 80 47 64 7 1 0 0.00 0.0 0 7.1 15 120 M M 0 8 18 120
9 81 47 64 8 1 0 0.00 0.0 0 7.5 15 100 M M 0 19 90
10 79 48 64 8 1 0 0.00 0.0 0 8.9 17 110 M M 1 24 120
11 68 45 57 2 8 0 0.19 0.0 0 10.2 31 300 M M 7 138 38 300
12 57 39 48 -7 17 0 0.12 0.0 0 6.3 20 330 M M 9 18 27 350
13 61 36 49 -5 16 0 0.00 0.0 0 2.6 12 350 M M 1 8 15 350
14 63 37 50 -4 15 0 0.00 0.0 0 4.6 10 120 M M 0 15 170
15 71 39 55 1 10 0 0.00 0.0 0 5.9 14 140 M M 0 17 90
16 74 43 59 6 6 0 0.00 0.0 0 6.6 15 100 M M 0 8 17 100
17 77 43 60 7 5 0 0.00 0.0 0 4.6 14 310 M M 0 18 310
18 77 42 60 8 5 0 0.00 0.0 0 5.0 9 360 M M 0 12 140
19 79 46 63 11 2 0 0.00 0.0 0 7.1 16 150 M M 0 19 140
20 79 45 62 11 3 0 0.00 0.0 0 6.6 14 120 M M 0 8 16 130
21 78 44 61 10 4 0 0.00 0.0 0 7.0 15 110 M M 0 18 110
22 77 43 60 10 5 0 0.00 0.0 0 5.9 18 110 M M 0 21 110
23 78 49 64 14 1 0 0.00 0.0 0 9.4 21 110 M M 1 8 25 120
24 69 40 55 5 10 0 0.00 0.0 0 4.9 13 120 M M 0 15 80
25 72 42 57 8 8 0 0.00 0.0 0 8.9 21 130 M M 0 27 130
26 70 41 56 7 9 0 0.01 0.0 0 10.4 28 290 M M 5 40 290
27 60 33 47 -1 18 0 0.00 0.0 0 4.0 16 310 M M 4 21 300
28 58 38 48 0 17 0 0.16 0.0 0 11.7 21 300 M M 8 1 27 300
29 44 28 36 -11 29 0 0.00 0.0 0 8.1 20 50 M M 2 26 30
30 47 20 34 -13 31 0 0.00 0.0 0 5.1 14 110 M M 0 8 19 90
31 54 25 40 -6 25 0 0.00 0.0 0 6.3 15 130 M M 0 18 130
================================================================================
SM 2155 1282 288 0 0.55 0.0 211.6 M 52
================================================================================
AV 69.5 41.4 6.8 FASTST M M 2 MAX(MPH)
MISC ----> 31 300 40 290
================================================================================
NOTES:
# LAST OF SEVERAL OCCURRENCES
COLUMN 17 PEAK WIND IN M.P.H.
PRELIMINARY LOCAL CLIMATOLOGICAL DATA (WS FORM: F-6) , PAGE 2
STATION: GRAND JUNCTION CO
MONTH: OCTOBER
YEAR: 2023
LATITUDE: 39 7 N
LONGITUDE: 108 32 W
[TEMPERATURE DATA] [PRECIPITATION DATA] SYMBOLS USED IN COLUMN 16
AVERAGE MONTHLY: 55.4 TOTAL FOR MONTH: 0.55 1 = FOG OR MIST
DPTR FM NORMAL: 2.2 DPTR FM NORMAL: -0.44 2 = FOG REDUCING VISIBILITY
HIGHEST: 81 ON 9 GRTST 24HR 0.31 ON 11-12 TO 1/4 MILE OR LESS
LOWEST: 20 ON 30 3 = THUNDER
SNOW, ICE PELLETS, HAIL 4 = ICE PELLETS
TOTAL MONTH: 0.0 INCH 5 = HAIL
GRTST 24HR 0.0 6 = FREEZING RAIN OR DRIZZLE
GRTST DEPTH: 0 7 = DUSTSTORM OR SANDSTORM:
VSBY 1/2 MILE OR LESS
8 = SMOKE OR HAZE
[NO. OF DAYS WITH] [WEATHER - DAYS WITH] 9 = BLOWING SNOW
X = TORNADO
MAX 32 OR BELOW: 0 0.01 INCH OR MORE: 5
MAX 90 OR ABOVE: 0 0.10 INCH OR MORE: 3
MIN 32 OR BELOW: 3 0.50 INCH OR MORE: 0
MIN 0 OR BELOW: 0 1.00 INCH OR MORE: 0
[HDD (BASE 65) ]
TOTAL THIS MO. 288 CLEAR (SCALE 0-3) 23
DPTR FM NORMAL -83 PTCLDY (SCALE 4-7) 6
TOTAL FM JUL 1 296 CLOUDY (SCALE 8-10) 2
DPTR FM NORMAL -136
[CDD (BASE 65) ]
TOTAL THIS MO. 0
DPTR FM NORMAL -5 [PRESSURE DATA]
TOTAL FM JAN 1 1450 HIGHEST SLP M ON M
DPTR FM NORMAL 217 LOWEST SLP 29.33 ON 11
[REMARKS]
#FINAL-10-23#