000
CXUS54 KFWD 010830
CF6GKY
PRELIMINARY LOCAL CLIMATOLOGICAL DATA (WS FORM: F-6)
STATION: ARLINGTON
MONTH: FEBRUARY
YEAR: 2022
LATITUDE: 32 39 N
LONGITUDE: 97 6 W
TEMPERATURE IN F: :PCPN: SNOW: WIND :SUNSHINE: SKY :PK WND
================================================================================
1 2 3 4 5 6A 6B 7 8 9 10 11 12 13 14 15 16 17 18
12Z AVG MX 2MIN
DY MAX MIN AVG DEP HDD CDD WTR SNW DPTH SPD SPD DIR MIN PSBL S-S WX SPD DR
================================================================================
1 72 50 61 12 4 0 0.00 M M 8.1 18 150 M M 6 27 170
2 57 33 45 -4 20 0 0.77 M M 13.2 25 330 M M 9 16 35 330
3 33 20 27 -22 38 0 0.32 M M 16.1 25 330 M M 10 16 35 300
4 36 20 28 -21 37 0 0.00 M M 11.2 20 320 M M 6 26 340
5 48 17 33 -16 32 0 0.00 M M 5.4 14 150 M M 0 18 140
6 57 28 43 -6 22 0 0.00 M M 6.5 18 170 M M 0 25 170
7 60 30 45 -5 20 0 0.00 M M 7.5 21 330 M M 0 27 330
8 68 26 47 -3 18 0 0.00 M M 6.5 16 170 M M 0 24 160
9 70 28 49 -1 16 0 0.00 M M 3.0 13 360 M M 0 18 20
10 72 30 51 1 14 0 0.00 M M 3.6 12 310 M M 0 15 300
11 78 40 59 9 6 0 0.00 M M 9.4 22 20 M M 1 32 20
12 58 28 43 -7 22 0 T M M 16.3 33 10 M M 5 43 20
13 66 23 45 -6 20 0 0.00 M M 4.3 14 320 M M 0 28 270
14 72 31 52 1 13 0 0.00 M M 7.6 21 160 M M 0 29 160
15 73 43 58 7 7 0 0.00 M M 15.2 29 150 M M 0 46 170
16 68 61 65 14 0 0 T M M 17.3 26 160 M M 9 1 40 180
17 68 32 50 -1 15 0 0.11 M M 17.7 30 310 M M 9 1 45 160
18 55 25 40 -12 25 0 0.00 M M 4.6 16 330 M M 1 22 330
19 66 25 46 -6 19 0 0.00 M M 4.1 14 130 M M 0 19 140
20 67 38 53 1 12 0 0.00 M M 11.6 23 150 M M 0 34 160
21 84 58 71 19 0 6 T M M 12.4 26 150 M M 5 1 42 150
22 73 36 55 2 10 0 0.04 M M 15.3 28 320 M M 2 1 37 310
23 35 24 30 -23 35 0 0.01 M M 14.3 24 340 M M 10 136 32 350
24 30 23 27 -26 38 0 T M M 11.0 22 330 M M 10 16 28 350
25 38 24 31 -22 34 0 0.00 M M 12.1 25 350 M M 6 33 350
26 41 35 38 -16 27 0 T M M 8.2 13 330 M M 10 1 17 340
27 58 28 43 -11 22 0 0.00 M M 7.9 17 330 M M 1 26 340
28 67 22 45 -9 20 0 0.00 M M 2.5 9 190 M M 0 14 180
================================================================================
SM 1670 878 546 6 1.25 M 272.9 M 100
================================================================================
AV 59.6 31.4 9.7 FASTST M M 4 MAX(MPH)
MISC ----> 33 10 46 170
================================================================================
NOTES:
# LAST OF SEVERAL OCCURRENCES
COLUMN 17 PEAK WIND IN M.P.H.
PRELIMINARY LOCAL CLIMATOLOGICAL DATA (WS FORM: F-6) , PAGE 2
STATION: ARLINGTON
MONTH: FEBRUARY
YEAR: 2022
LATITUDE: 32 39 N
LONGITUDE: 97 6 W
[TEMPERATURE DATA] [PRECIPITATION DATA] SYMBOLS USED IN COLUMN 16
AVERAGE MONTHLY: 45.5 TOTAL FOR MONTH: 1.25 1 = FOG OR MIST
DPTR FM NORMAL: -5.6 DPTR FM NORMAL: -1.38 2 = FOG REDUCING VISIBILITY
HIGHEST: 84 ON 21 GRTST 24HR 1.09 ON 2- 3 TO 1/4 MILE OR LESS
LOWEST: 17 ON 5 3 = THUNDER
SNOW, ICE PELLETS, HAIL 4 = ICE PELLETS
TOTAL MONTH: M 5 = HAIL
GRTST 24HR M ON M 6 = FREEZING RAIN OR DRIZZLE
GRTST DEPTH: M ON M 7 = DUSTSTORM OR SANDSTORM:
VSBY 1/2 MILE OR LESS
8 = SMOKE OR HAZE
[NO. OF DAYS WITH] [WEATHER - DAYS WITH] 9 = BLOWING SNOW
X = TORNADO
MAX 32 OR BELOW: 1 0.01 INCH OR MORE: 5
MAX 90 OR ABOVE: 0 0.10 INCH OR MORE: 3
MIN 32 OR BELOW: 19 0.50 INCH OR MORE: 1
MIN 0 OR BELOW: 0 1.00 INCH OR MORE: 0
[HDD (BASE 65) ]
TOTAL THIS MO. 546 CLEAR (SCALE 0-3) 16
DPTR FM NORMAL 147 PTCLDY (SCALE 4-7) 5
TOTAL FM JUL 1 1548 CLOUDY (SCALE 8-10) 7
DPTR FM NORMAL -256
[CDD (BASE 65) ]
TOTAL THIS MO. 6
DPTR FM NORMAL -4 [PRESSURE DATA]
TOTAL FM JAN 1 6 HIGHEST SLP 30.67 ON 4
DPTR FM NORMAL 0 LOWEST SLP 29.61 ON 21
[REMARKS]
#FINAL-02-22#