000
CXUS53 KGLD 011606
CF6GLD
PRELIMINARY LOCAL CLIMATOLOGICAL DATA (WS FORM: F-6)
STATION: GOODLAND KS
MONTH: DECEMBER
YEAR: 2023
LATITUDE: 39 22 N
LONGITUDE: 101 42 W
TEMPERATURE IN F: :PCPN: SNOW: WIND :SUNSHINE: SKY :PK WND
================================================================================
1 2 3 4 5 6A 6B 7 8 9 10 11 12 13 14 15 16 17 18
12Z AVG MX 2MIN
DY MAX MIN AVG DEP HDD CDD WTR SNW DPTH SPD SPD DIR MIN PSBL S-S WX SPD DR
================================================================================
1 38 11 25 -9 40 0 0.00 0.0 0 6.5 14 200 M M 1 21 210
2 48 22 35 1 30 0 0.00 0.0 0 10.4 28 330 M M 4 36 330
3 47 20 34 1 31 0 0.00 0.0 0 18.7 40 320 M M 3 8 56 320
4 67 22 45 12 20 0 0.00 0.0 0 12.5 29 10 M M 1 44 30
5 62 27 45 12 20 0 0.00 0.0 0 10.4 20 240 M M 0 26 260
6 74 28 51 19 14 0 0.00 0.0 0 7.3 14 220 M M 0 17 210
7 69 25 47 15 18 0 0.00 0.0 0 10.6 23 320 M M 0 31 320
8 51 25 38 6 27 0 0.00 0.0 0 10.1 21 320 M M 3 32 330
9 41 17 29 -3 36 0 0.00 0.0 0 14.6 30 340 M M 0 40 350
10 50 18 34 3 31 0 0.00 0.0 0 10.8 20 220 M M 0 27 230
11 56 21 39 8 26 0 0.00 0.0 0 7.3 15 300 M M 2 21 300
12 38 22 30 -1 35 0 0.00 0.0 0 9.7 21 110 M M 2 27 120
13 32 20 26 -5 39 0 0.14 0.6 0 5.8 16 160 M M 7 1 20 160
14 33 32 33 2 32 0 0.34 1.2 2 14.4 24 170 M M 10 126 35 190
15 47 27 37 7 28 0 T 0.0 1 12.6 25 350 M M 3 1 37 350
16 56 24 40 10 25 0 0.00 0.0 T 10.4 17 290 M M 0 21 290
17 58 26 42 12 23 0 0.00 0.0 0 10.5 18 330 M M 0 30 330
18 47 20 34 4 31 0 0.00 0.0 0 12.2 25 190 M M 0 37 200
19 68 23 46 16 19 0 0.00 0.0 0 7.1 15 360 M M 0 21 200
20 56 33 45 15 20 0 0.00 0.0 0 5.1 12 180 M M 2 13 270
21 59 25 42 12 23 0 0.00 0.0 0 6.3 12 280 M M 1 14 280
22 61 30 46 16 19 0 0.00 0.0 0 M M M M M 0 M M
23 58 34 46 16 19 0 0.16 0.0 0 15.3 29 180 M M 5 1 42 170
24 41 18 30 0 35 0 0.25 1.3 T 24.2 37 340 M M 8 189 54 10
25 24 17 21 -9 44 0 0.05 1.1 2 20.3 35 310 M M 8 1 48 310
26 30 23 27 -3 38 0 0.09 5.1 2 26.0 35 320 M M 10 18 50 330
27 36 28 32 2 33 0 0.01 0.3 5 16.8 29 350 M M 10 18 38 350
28 31 20 26 -4 39 0 0.00 0.0 3 13.4 22 350 M M 6 29 350
29 42 20 31 1 34 0 0.00 0.0 3 11.5 20 310 M M 0 25 310
30 46 23 35 5 30 0 0.00 0.0 3 7.9 13 280 M M 0 15 260
31 32 18 25 -5 40 0 0.00 0.0 T M M M M M M M M
================================================================================
SM 1498 719 899 0 1.04 9.6 348.7 M 86
================================================================================
AV 48.3 23.2 12.0 FASTST M M 3 MAX(MPH)
MISC ----> 40 320 56 320
================================================================================
NOTES:
# LAST OF SEVERAL OCCURRENCES
COLUMN 17 PEAK WIND IN M.P.H.
PRELIMINARY LOCAL CLIMATOLOGICAL DATA (WS FORM: F-6) , PAGE 2
STATION: GOODLAND KS
MONTH: DECEMBER
YEAR: 2023
LATITUDE: 39 22 N
LONGITUDE: 101 42 W
[TEMPERATURE DATA] [PRECIPITATION DATA] SYMBOLS USED IN COLUMN 16
AVERAGE MONTHLY: 35.8 TOTAL FOR MONTH: 1.04 1 = FOG OR MIST
DPTR FM NORMAL: 5.0 DPTR FM NORMAL: 0.57 2 = FOG REDUCING VISIBILITY
HIGHEST: 74 ON 6 GRTST 24HR 0.48 ON 13-14 TO 1/4 MILE OR LESS
LOWEST: 11 ON 1 3 = THUNDER
SNOW, ICE PELLETS, HAIL 4 = ICE PELLETS
TOTAL MONTH: 9.6 INCHES 5 = HAIL
GRTST 24HR 5.1 ON 26-26 6 = FREEZING RAIN OR DRIZZLE
GRTST DEPTH: 5 ON 27 7 = DUSTSTORM OR SANDSTORM:
VSBY 1/2 MILE OR LESS
8 = SMOKE OR HAZE
[NO. OF DAYS WITH] [WEATHER - DAYS WITH] 9 = BLOWING SNOW
X = TORNADO
MAX 32 OR BELOW: 5 0.01 INCH OR MORE: 7
MAX 90 OR ABOVE: 0 0.10 INCH OR MORE: 4
MIN 32 OR BELOW: 29 0.50 INCH OR MORE: 0
MIN 0 OR BELOW: 0 1.00 INCH OR MORE: 0
[HDD (BASE 65) ]
TOTAL THIS MO. 899 CLEAR (SCALE 0-3) 18
DPTR FM NORMAL -161 PTCLDY (SCALE 4-7) 9
TOTAL FM JUL 1 2009 CLOUDY (SCALE 8-10) 4
DPTR FM NORMAL -339
[CDD (BASE 65) ]
TOTAL THIS MO. 0
DPTR FM NORMAL 0 [PRESSURE DATA]
TOTAL FM JAN 1 956 HIGHEST SLP 30.60 ON 13
DPTR FM NORMAL -33 LOWEST SLP 29.53 ON 7
[REMARKS]
#FINAL-12-23#