000
CXUS53 KGLD 012110
CLMGLD
CLIMATE REPORT
NATIONAL WEATHER SERVICE
310 PM MDT FRI SEP 01 2023
...................................
...THE GOODLAND KS CLIMATE SUMMARY FOR THE MONTH OF AUGUST 2023...
CLIMATE NORMAL PERIOD: 1991 TO 2020
CLIMATE RECORD PERIOD: 1895 TO 2023
WEATHER OBSERVED NORMAL DEPART LAST YEAR`S
VALUE DATE(S) VALUE FROM VALUE DATE(S)
NORMAL
................................................................
TEMPERATURE (F)
RECORD
HIGH 108 08/06/1970
08/02/1938
08/09/1937
LOW 38 08/23/1964
HIGHEST 100 08/16 100 0 101 08/05
08/19
08/14
LOWEST 50 08/14 51 -1 49 08/24
08/15
AVG. MAXIMUM 89.4 87.5 1.9 92.3
AVG. MINIMUM 60.5 59.8 0.7 60.5
MEAN 74.9 73.6 1.3 76.4
DAYS MAX >= 90 15 13.9 1.1 23
DAYS MAX <= 32 0 0.0 0.0 0
DAYS MIN <= 32 0 0.0 0.0 0
DAYS MIN <= 0 0 0.0 0.0 0
PRECIPITATION (INCHES)
RECORD
MAXIMUM 9.47 2019
MINIMUM 0.13 1964
TOTALS 3.58 3.06 0.52 0.58
DAILY AVG. 0.12 0.10 0.02 0.02
DAYS >= .01 9 9.2 -0.2 6
DAYS >= .10 6 5.2 0.8 2
DAYS >= .50 2 2.1 -0.1 0
DAYS >= 1.00 1 0.9 0.1 0
GREATEST
24 HR. TOTAL 1.66 08/07 TO 08/07 0.25
STORM TOTAL 1.66
(MM/DD(HH))
SNOWFALL (INCHES)
RECORDS
TOTAL T 2021
TOTALS T 0.0 0.0 0.0
SINCE 7/1 T 0.0 0.0 0.0
SNOWDEPTH AVG. 0 0
DAYS >= 1.0 0 0.0 0.0 0
GREATEST
SNOW DEPTH 0 0
DEGREE DAYS
HEATING TOTAL 0 8 -8 0
SINCE 7/1 2 7 -5 0
COOLING TOTAL 317 276 41 360
SINCE 1/1 799 869 -70 1150
................................................................
WIND (MPH)
AVERAGE WIND SPEED 9.9
HIGHEST WIND SPEED/DIRECTION 38/020 DATE 08/07
HIGHEST GUST SPEED/DIRECTION 57/010 DATE 08/07
57/030 08/25
SKY COVER
AVERAGE SKY COVER 0.11
AVERAGE RH (PERCENT) 60
WEATHER CONDITIONS. NUMBER OF DAYS WITH
THUNDERSTORM 8 MIXED PRECIP 0
HEAVY RAIN 7 RAIN 6
LIGHT RAIN 8 FREEZING RAIN 0
LT FREEZING RAIN 0 HAIL 0
HEAVY SNOW 0 SNOW 0
LIGHT SNOW 0 SLEET 0
FOG 11 FOG W/VIS <= 1/4 MILE 3
HAZE 2
- INDICATES NEGATIVE NUMBERS.
R INDICATES RECORD WAS SET OR TIED.
MM INDICATES DATA IS MISSING.
T INDICATES TRACE AMOUNT.
$$