000
CXUS54 KJAN 012254
CLMGLH
CLIMATE REPORT
NATIONAL WEATHER SERVICE JACKSON MS
454 PM CST FRI MAR 01 2024
...................................
...THE GREENVILLE CLIMATE SUMMARY FOR THE MONTH OF FEBRUARY 2024...
CLIMATE NORMAL PERIOD: 1991 TO 2020
CLIMATE RECORD PERIOD: 1903 TO 2024
WEATHER OBSERVED NORMAL DEPART LAST YEAR`S
VALUE DATE(S) VALUE FROM VALUE DATE(S)
NORMAL
................................................................
TEMPERATURE (F)
RECORD
HIGH 91 02/09/1950
LOW -2 02/02/1951
HIGHEST 85 02/27 MM MM 80 02/21
LOWEST 30 02/18 MM MM 26 02/04
02/19
AVG. MAXIMUM 65.3 57.9 7.4 63.9
AVG. MINIMUM 44.9 37.9 7.0 44.0
MEAN 55.1 47.9 7.2 53.9
DAYS MAX >= 90 0 0.0 0.0 0
DAYS MAX <= 32 0 0.4 -0.4 1
DAYS MIN <= 32 3 9.4 -6.4 5
DAYS MIN <= 0 0 0.0 0.0 0
PRECIPITATION (INCHES)
RECORD
MAXIMUM 13.01 2019
MINIMUM 0.41 1972
TOTALS 4.69 4.72 -0.03 4.36
DAILY AVG. 0.16 NAN NAN 0.16
DAYS >= .01 8 10.5 -2.5 8
DAYS >= .10 7 7.1 -0.1 7
DAYS >= .50 3 3.5 -0.5 4
DAYS >= 1.00 1 1.5 -0.5 1
GREATEST
24 HR. TOTAL 1.85 02/10 TO 02/11 1.90
SNOWFALL (INCHES)
TOTALS 0.0
DEGREE DAYS
HEATING TOTAL 298 484 -186 328
SINCE 7/1 1820 2217 -397 MM
COOLING TOTAL 19 5 14 25
SINCE 1/1 19 7 12 MM
................................................................
WIND (MPH)
AVERAGE WIND SPEED 10.2
HIGHEST WIND SPEED/DIRECTION 39/340 DATE 02/16
HIGHEST GUST SPEED/DIRECTION 50/340 DATE 02/16
SKY COVER
POSSIBLE SUNSHINE (PERCENT) MM
AVERAGE SKY COVER 0.32
NUMBER OF DAYS FAIR 16
NUMBER OF DAYS PC 9
NUMBER OF DAYS CLOUDY 4
AVERAGE RH (PERCENT) 67
WEATHER CONDITIONS. NUMBER OF DAYS WITH
THUNDERSTORM 2 MIXED PRECIP 0
HEAVY RAIN 4 RAIN 6
LIGHT RAIN 10 FREEZING RAIN 0
LT FREEZING RAIN 0 HAIL 0
HEAVY SNOW 0 SNOW 0
LIGHT SNOW 0 SLEET 0
FOG 8 FOG W/VIS <= 1/4 MILE 1
HAZE 2
- INDICATES NEGATIVE NUMBERS.
R INDICATES RECORD WAS SET OR TIED.
MM INDICATES DATA IS MISSING.
T INDICATES TRACE AMOUNT.
$$