000
CXUS54 KMAF 011110
CF6GNC
PRELIMINARY LOCAL CLIMATOLOGICAL DATA (WS FORM: F-6)
STATION: GAINES COUNTY AIRPORT
MONTH: SEPTEMBER
YEAR: 2022
LATITUDE: 32 40 N
LONGITUDE: 102 39 W
TEMPERATURE IN F: :PCPN: SNOW: WIND :SUNSHINE: SKY :PK WND
================================================================================
1 2 3 4 5 6A 6B 7 8 9 10 11 12 13 14 15 16 17 18
12Z AVG MX 2MIN
DY MAX MIN AVG DEP HDD CDD WTR SNW DPTH SPD SPD DIR MIN PSBL S-S WX SPD DR
================================================================================
1 76 67 72 M 0 7 0.01 M M 4.0 13 170 M M 6 16 170
2 88 65 77 M 0 12 M M M 3.0 7 110 M M 4 1 M M
3 89 65 77 M 0 12 M M M 7.5 21 60 M M 2 1 28 60
4 91 65 78 M 0 13 M M M 4.5 10 80 M M 1 18 30
5 92 63 78 M 0 13 M M M 7.1 12 220 M M 1 18 180
6 94 64 79 M 0 14 M M M 5.8 14 230 M M 1 18 230
7 91 64 78 M 0 13 M M M 5.8 13 50 M M 0 24 80
8 89 62 76 M 0 11 M M M 3.4 9 110 M M 0 17 150
9 91 61 76 M 0 11 M M M 6.2 14 150 M M 0 18 160
10 90 65 78 M 0 13 M M M 6.1 16 110 M M 3 23 20
11 75 59 67 M 0 2 0.04 M M 8.7 17 40 M M 7 22 40
12 88 60 74 M 0 9 M M M 5.4 12 190 M M 1 18 190
13 91 64 78 M 0 13 M M M 7.4 12 200 M M 1 20 130
14 87 63 75 M 0 10 M M M 9.6 18 120 M M 2 29 120
15 90 62 76 M 0 11 M M M 6.1 12 200 M M 2 21 100
16 95 64 80 M 0 15 M M M 8.9 15 200 M M 1 21 180
17 93 67 80 M 0 15 M M M 9.6 14 180 M M 0 22 150
18 92 63 78 M 0 13 M M M 7.3 15 180 M M 0 21 180
19 90 65 78 M 0 13 M M M 5.9 13 160 M M 3 23 180
20 92 64 78 M 0 13 M M M 7.4 15 190 M M 1 21 170
21 91 65 78 M 0 13 M M M 7.0 12 170 M M 0 20 190
22 88 62 75 M 0 10 M M M 6.7 13 110 M M 1 18 110
23 89 57 73 M 0 8 M M M 6.8 15 170 M M 0 23 170
24 93 59 76 M 0 11 M M M 5.8 12 160 M M 0 M M
25 87 62 75 M 0 10 M M M 6.8 16 100 M M 1 21 100
26 84 59 72 M 0 7 M M M 7.3 15 100 M M 0 21 130
27 87 59 73 M 0 8 M M M 6.8 13 190 M M 0 22 170
28 87 56 72 M 0 7 M M M 6.4 12 180 M M 2 21 160
29 86 57 72 M 0 7 M M M 7.7 12 170 M M 0 20 190
30 87 55 71 M 0 6 M M M 8.1 17 170 M M 0 24 170
================================================================================
SM 2663 1863 0 320 0.05 M 199.2 M 40
================================================================================
AV 88.8 62.1 6.6 FASTST M M 1 MAX(MPH)
MISC ----> 21 60 29 120
================================================================================
NOTES:
# LAST OF SEVERAL OCCURRENCES
COLUMN 17 PEAK WIND IN M.P.H.
PRELIMINARY LOCAL CLIMATOLOGICAL DATA (WS FORM: F-6) , PAGE 2
STATION: GAINES COUNTY AIRPORT
MONTH: SEPTEMBER
YEAR: 2022
LATITUDE: 32 40 N
LONGITUDE: 102 39 W
[TEMPERATURE DATA] [PRECIPITATION DATA] SYMBOLS USED IN COLUMN 16
AVERAGE MONTHLY: 75.4 TOTAL FOR MONTH: 0.05 1 = FOG OR MIST
DPTR FM NORMAL: 0.0 DPTR FM NORMAL: M 2 = FOG REDUCING VISIBILITY
HIGHEST: 95 ON 16 GRTST 24HR 0.04 ON 11-11 TO 1/4 MILE OR LESS
LOWEST: 55 ON 30 3 = THUNDER
SNOW, ICE PELLETS, HAIL 4 = ICE PELLETS
TOTAL MONTH: M 5 = HAIL
GRTST 24HR M ON M 6 = FREEZING RAIN OR DRIZZLE
GRTST DEPTH: M ON M 7 = DUSTSTORM OR SANDSTORM:
VSBY 1/2 MILE OR LESS
8 = SMOKE OR HAZE
[NO. OF DAYS WITH] [WEATHER - DAYS WITH] 9 = BLOWING SNOW
X = TORNADO
MAX 32 OR BELOW: 0 0.01 INCH OR MORE: 2
MAX 90 OR ABOVE: 15 0.10 INCH OR MORE: 0
MIN 32 OR BELOW: 0 0.50 INCH OR MORE: 0
MIN 0 OR BELOW: 0 1.00 INCH OR MORE: 0
[HDD (BASE 65) ]
TOTAL THIS MO. 0 CLEAR (SCALE 0-3) 26
DPTR FM NORMAL M PTCLDY (SCALE 4-7) 4
TOTAL FM JUL 1 0 CLOUDY (SCALE 8-10) 0
DPTR FM NORMAL M
[CDD (BASE 65) ]
TOTAL THIS MO. 320
DPTR FM NORMAL M [PRESSURE DATA]
TOTAL FM JAN 1 2480 HIGHEST SLP M ON M
DPTR FM NORMAL M LOWEST SLP M ON M
[REMARKS]
#FINAL-09-22#