000
CXUS54 KMAF 011210
CF6GNC
PRELIMINARY LOCAL CLIMATOLOGICAL DATA (WS FORM: F-6)
STATION: GAINES COUNTY AIRPORT
MONTH: FEBRUARY
YEAR: 2022
LATITUDE: 32 40 N
LONGITUDE: 102 39 W
TEMPERATURE IN F: :PCPN: SNOW: WIND :SUNSHINE: SKY :PK WND
================================================================================
1 2 3 4 5 6A 6B 7 8 9 10 11 12 13 14 15 16 17 18
12Z AVG MX 2MIN
DY MAX MIN AVG DEP HDD CDD WTR SNW DPTH SPD SPD DIR MIN PSBL S-S WX SPD DR
================================================================================
1 61 34 48 M 17 0 M M M 8.4 14 350 M M 0 21 0
2 42 17 30 M 35 0 M M M 14.0 20 30 M M 6 24 30
3 22 11 17 M 48 0 M M M 13.2 20 360 M M 5 25 360
4 41 5 23 M 42 0 M M M 5.5 10 340 M M 0 16 340
5 49 13 31 M 34 0 M M M 8.9 17 220 M M 0 24 220
6 56 21 39 M 26 0 M M M 13.7 23 30 M M 0 30 30
7 53 24 39 M 26 0 M M M 7.1 13 10 M M 0 17 10
8 65 28 47 M 18 0 M M M 10.8 18 250 M M 0 22 250
9 66 28 47 M 18 0 M M M 6.6 12 200 M M 0 17 200
10 64 28 46 M 19 0 M M M 5.0 15 30 M M 0 17 30
11 68 34 51 M 14 0 M M M 13.2 22 40 M M 0 28 40
12 46 29 38 M 27 0 M M M 10.1 18 20 M M 1 8 29 60
13 63 24 44 M 21 0 M M M 6.5 13 200 M M 0 17 190
14 71 25 48 M 17 0 M M M 7.4 15 210 M M 0 20 240
15 77 32 55 M 10 0 M M M 11.5 22 220 M M 0 29 220
16 76 41 59 M 6 0 M M M 14.3 29 290 M M 0 8 44 210
17 58 28 43 M 22 0 M M M 14.9 28 350 M M 1 8 37 350
18 58 19 39 M 26 0 M M M 6.1 13 200 M M 0 17 240
19 63 24 44 M 21 0 M M M 7.1 13 200 M M 0 20 160
20 74 36 55 M 10 0 M M M 9.7 16 230 M M 0 22 240
21 74 39 57 M 8 0 M M M 11.7 28 240 M M 1 8 39 240
22 62 28 45 M 20 0 M M M 12.9 20 60 M M 0 29 60
23 29 18 24 M 41 0 M M M 12.1 23 50 M M 4 32 60
24 53 18 36 M 29 0 M M M 6.9 13 320 M M 4 21 320
25 40 21 31 M 34 0 M M M 10.3 14 110 M M 3 1 21 100
26 48 21 35 M 30 0 M M M 5.2 9 50 M M 2 M M
27 58 21 40 M 25 0 M M M 4.4 8 210 M M 0 M M
28 64 24 44 M 21 0 M M M 5.8 9 190 M M 0 M M
================================================================================
SM 1601 691 665 0 M M 263.6 M 27
================================================================================
AV 57.2 24.7 9.4 FASTST M M 1 MAX(MPH)
MISC ----> 29 290 44 210
================================================================================
NOTES:
# LAST OF SEVERAL OCCURRENCES
COLUMN 17 PEAK WIND IN M.P.H.
PRELIMINARY LOCAL CLIMATOLOGICAL DATA (WS FORM: F-6) , PAGE 2
STATION: GAINES COUNTY AIRPORT
MONTH: FEBRUARY
YEAR: 2022
LATITUDE: 32 40 N
LONGITUDE: 102 39 W
[TEMPERATURE DATA] [PRECIPITATION DATA] SYMBOLS USED IN COLUMN 16
AVERAGE MONTHLY: 40.9 TOTAL FOR MONTH: M 1 = FOG OR MIST
DPTR FM NORMAL: 0.0 DPTR FM NORMAL: M 2 = FOG REDUCING VISIBILITY
HIGHEST: 77 ON 15 GRTST 24HR M ON M TO 1/4 MILE OR LESS
LOWEST: 5 ON 4 3 = THUNDER
SNOW, ICE PELLETS, HAIL 4 = ICE PELLETS
TOTAL MONTH: M 5 = HAIL
GRTST 24HR M ON M 6 = FREEZING RAIN OR DRIZZLE
GRTST DEPTH: M ON M 7 = DUSTSTORM OR SANDSTORM:
VSBY 1/2 MILE OR LESS
8 = SMOKE OR HAZE
[NO. OF DAYS WITH] [WEATHER - DAYS WITH] 9 = BLOWING SNOW
X = TORNADO
MAX 32 OR BELOW: 2 0.01 INCH OR MORE: 0
MAX 90 OR ABOVE: 0 0.10 INCH OR MORE: 0
MIN 32 OR BELOW: 23 0.50 INCH OR MORE: 0
MIN 0 OR BELOW: 0 1.00 INCH OR MORE: 0
[HDD (BASE 65) ]
TOTAL THIS MO. 665 CLEAR (SCALE 0-3) 24
DPTR FM NORMAL M PTCLDY (SCALE 4-7) 4
TOTAL FM JUL 1 2117 CLOUDY (SCALE 8-10) 0
DPTR FM NORMAL M
[CDD (BASE 65) ]
TOTAL THIS MO. 0
DPTR FM NORMAL M [PRESSURE DATA]
TOTAL FM JAN 1 0 HIGHEST SLP M ON M
DPTR FM NORMAL M LOWEST SLP M ON M
[REMARKS]
#FINAL-02-22#