000
CXUS54 KOUN 010910
CF6GOK
PRELIMINARY LOCAL CLIMATOLOGICAL DATA (WS FORM: F-6)
STATION: GUTHRIE MUNICIPAL
MONTH: DECEMBER
YEAR: 2022
LATITUDE: 35 50 N
LONGITUDE: 97 25 W
TEMPERATURE IN F: :PCPN: SNOW: WIND :SUNSHINE: SKY :PK WND
================================================================================
1 2 3 4 5 6A 6B 7 8 9 10 11 12 13 14 15 16 17 18
12Z AVG MX 2MIN
DY MAX MIN AVG DEP HDD CDD WTR SNW DPTH SPD SPD DIR MIN PSBL S-S WX SPD DR
================================================================================
1 53 31 42 -2 23 0 T M M 13.7 28 180 M M 5 36 180
2 64 41 53 9 12 0 0.00 M M 15.2 28 200 M M 7 18 37 360
3 44 28 36 -7 29 0 0.00 M M 5.7 15 360 M M 0 24 350
4 54 32 43 0 22 0 0.03 M M 6.6 13 200 M M 4 16 160
5 70 42 56 13 9 0 0.00 M M 7.6 15 50 M M 1 1 19 200
6 49 39 44 2 21 0 0.00 M M 4.6 12 320 M M 10 1 18 320
7 49 41 45 3 20 0 0.27 M M 3.3 9 130 M M 10 18 11 130
8 59 46 53 11 12 0 0.13 M M 4.1 14 190 M M 8 12 17 200
9 57 33 45 3 20 0 0.35 M M 3.5 13 120 M M 4 123 16 130
10 48 37 43 2 22 0 0.50 M M 3.9 8 80 M M 8 123 14 340
11 46 36 41 0 24 0 0.00 M M 3.8 14 170 M M 10 12 18 170
12 53 44 49 8 16 0 0.01 M M 12.5 23 160 M M 10 1 33 170
13 61 37 49 9 16 0 0.71 M M 11.0 26 160 M M 4 13 38 150
14 44 29 37 -3 28 0 0.00 M M 10.2 22 290 M M 0 27 280
15 44 28 36 -4 29 0 0.00 M M 10.1 23 290 M M 0 31 280
16 43 28 36 -4 29 0 0.00 M M 10.6 26 290 M M 3 38 280
17 44 25 35 -5 30 0 0.00 M M 7.2 15 290 M M 0 19 290
18 52 21 37 -2 28 0 0.00 M M 8.7 22 180 M M 1 27 180
19 53 40 47 8 18 0 0.00 M M 11.4 22 170 M M 6 29 160
20 40 23 32 -7 33 0 0.00 M M 4.6 14 350 M M 8 1 22 360
21 42 21 32 -7 33 0 0.00 M M 3.9 12 160 M M 7 18 15 160
22 37 1 19 -20 46 0 T M M M M M M M 7 168 M M
23 18 3 11 -28 54 0 0.00 M M 7.9 16 340 M M 0 26 330
24 30 6 18 -20 47 0 0.00 M M 3.5 8 140 M M 0 11 120
25 44 15 30 -8 35 0 0.00 M M 7.3 14 190 M M 0 19 120
26 44 14 29 -9 36 0 0.00 M M 7.5 20 360 M M 1 36 350
27 M 15 M M M M 0.00 M M 13.8 30 170 M M 0 41 180
28 M M M M M M 0.00 M M 22.6 35 190 M M 0 43 200
29 79 48 64 26 1 0 0.00 M M 12.6 24 250 M M 0 35 190
30 56 30 43 5 22 0 0.00 M M 4.5 10 130 M M 0 13 140
31 61 37 49 11 16 0 0.00 M M 9.4 22 190 M M 0 28 190
================================================================================
SM 1438 871 731 0 2.00 M 251.3 M 114
================================================================================
AV 49.6 29.0 8.4 FASTST M M 4 MAX(MPH)
MISC ----> 35 190 43 200
================================================================================
NOTES:
# LAST OF SEVERAL OCCURRENCES
COLUMN 17 PEAK WIND IN M.P.H.
PRELIMINARY LOCAL CLIMATOLOGICAL DATA (WS FORM: F-6) , PAGE 2
STATION: GUTHRIE MUNICIPAL
MONTH: DECEMBER
YEAR: 2022
LATITUDE: 35 50 N
LONGITUDE: 97 25 W
[TEMPERATURE DATA] [PRECIPITATION DATA] SYMBOLS USED IN COLUMN 16
AVERAGE MONTHLY: 39.3 TOTAL FOR MONTH: 2.00 1 = FOG OR MIST
DPTR FM NORMAL: -0.9 DPTR FM NORMAL: 0.52 2 = FOG REDUCING VISIBILITY
HIGHEST: 79 ON 29 GRTST 24HR 0.85 ON 9-10 TO 1/4 MILE OR LESS
LOWEST: 1 ON 22 3 = THUNDER
SNOW, ICE PELLETS, HAIL 4 = ICE PELLETS
TOTAL MONTH: M 5 = HAIL
GRTST 24HR M ON M 6 = FREEZING RAIN OR DRIZZLE
GRTST DEPTH: M ON M 7 = DUSTSTORM OR SANDSTORM:
VSBY 1/2 MILE OR LESS
8 = SMOKE OR HAZE
[NO. OF DAYS WITH] [WEATHER - DAYS WITH] 9 = BLOWING SNOW
X = TORNADO
MAX 32 OR BELOW: 2 0.01 INCH OR MORE: 7
MAX 90 OR ABOVE: 0 0.10 INCH OR MORE: 5
MIN 32 OR BELOW: 17 0.50 INCH OR MORE: 2
MIN 0 OR BELOW: 0 1.00 INCH OR MORE: 0
[HDD (BASE 65) ]
TOTAL THIS MO. 731 CLEAR (SCALE 0-3) 16
DPTR FM NORMAL -38 PTCLDY (SCALE 4-7) 9
TOTAL FM JUL 1 1437 CLOUDY (SCALE 8-10) 6
DPTR FM NORMAL 21
[CDD (BASE 65) ]
TOTAL THIS MO. 0
DPTR FM NORMAL 0 [PRESSURE DATA]
TOTAL FM JAN 1 2457 HIGHEST SLP 30.79 ON 23
DPTR FM NORMAL 365 LOWEST SLP 29.51 ON 28
[REMARKS]
#FINAL-12-22#