000
CXUS54 KOUN 010810
CF6GOK
PRELIMINARY LOCAL CLIMATOLOGICAL DATA (WS FORM: F-6)
STATION: GUTHRIE MUNICIPAL
MONTH: OCTOBER
YEAR: 2021
LATITUDE: 35 50 N
LONGITUDE: 97 25 W
TEMPERATURE IN F: :PCPN: SNOW: WIND :SUNSHINE: SKY :PK WND
================================================================================
1 2 3 4 5 6A 6B 7 8 9 10 11 12 13 14 15 16 17 18
12Z AVG MX 2MIN
DY MAX MIN AVG DEP HDD CDD WTR SNW DPTH SPD SPD DIR MIN PSBL S-S WX SPD DR
================================================================================
1 75 60 68 0 0 3 T M M 1.5 6 210 M M 6 128 9 360
2 78 61 70 2 0 5 0.61 M M 3.2 22 260 M M 5 38 26 260
3 80 54 67 0 0 2 T M M 3.4 14 320 M M 1 128 20 320
4 85 51 68 1 0 3 0.00 M M 4.3 10 90 M M 0 14 150
5 82 52 67 1 0 2 0.00 M M 4.3 13 80 M M 0 17 80
6 81 54 68 2 0 3 0.00 M M 3.6 12 80 M M 0 13 70
7 87 56 72 6 0 7 0.00 M M 7.9 18 190 M M 0 23 160
8 93 68 81 16 0 16 0.00 M M 12.4 21 210 M M 0 28 220
9 92 72 82 17 0 17 0.00 M M 16.0 26 180 M M 0 8 36 180
10 81 57 69 5 0 4 1.46 M M 13.6 30 290 M M 4 13 40 290
11 76 55 66 2 0 1 0.01 M M 7.8 21 290 M M 2 13 38 340
12 76 57 67 3 0 2 T M M 13.5 32 170 M M 3 3 42 180
13 77 59 68 5 0 3 0.67 M M 9.4 33 270 M M 2 13 50 290
14 73 53 63 0 2 0 0.28 0.0 M 4.5 16 190 M M 4 13 22 180
15 66 43 55 -7 10 0 0.02 M M 6.5 16 330 M M 4 13 27 340
16 69 38 54 -8 11 0 0.00 M M 3.9 13 280 M M 0 17 290
17 76 46 61 -1 4 0 0.00 M M 7.5 15 200 M M 0 21 200
18 73 47 60 -1 5 0 0.00 0.0 M 10.3 20 170 M M 0 25 170
19 80 59 70 9 0 5 0.00 0.0 M 14.9 24 160 M M 0 32 170
20 72 50 61 1 4 0 0.00 0.0 M 7.1 22 180 M M 0 33 170
21 71 51 61 1 4 0 0.00 M M 2.7 8 70 M M 0 12 360
22 74 M M M M M M M M 7.6 15 180 M M 1 19 190
23 85 64 75 16 0 10 0.00 M M 15.5 25 180 M M 0 36 190
24 77 52 65 6 0 0 0.00 M M 12.7 30 190 M M 1 39 190
25 72 47 60 2 5 0 0.00 M M 5.1 13 80 M M 0 16 80
26 77 53 65 7 0 0 0.07 M M 14.8 29 260 M M 3 13 37 260
27 64 52 58 0 7 0 0.32 M M 12.3 25 110 M M 10 13 38 340
28 65 52 59 2 6 0 T M M 15.1 26 330 M M 2 49 320
29 65 36 51 -6 14 0 0.00 M M 9.1 21 360 M M 0 33 350
30 72 33 53 -3 12 0 0.00 M M 4.2 10 200 M M 0 15 220
31 64 43 54 -2 11 0 0.00 M M 6.7 15 50 M M 0 19 50
================================================================================
SM 2358 1575 95 83 3.44 0.0 261.4 M 48
================================================================================
AV 76.1 52.5 8.4 FASTST M M 2 MAX(MPH)
MISC ----> 33 270 50 290
================================================================================
NOTES:
# LAST OF SEVERAL OCCURRENCES
COLUMN 17 PEAK WIND IN M.P.H.
PRELIMINARY LOCAL CLIMATOLOGICAL DATA (WS FORM: F-6) , PAGE 2
STATION: GUTHRIE MUNICIPAL
MONTH: OCTOBER
YEAR: 2021
LATITUDE: 35 50 N
LONGITUDE: 97 25 W
[TEMPERATURE DATA] [PRECIPITATION DATA] SYMBOLS USED IN COLUMN 16
AVERAGE MONTHLY: 64.3 TOTAL FOR MONTH: 3.44 1 = FOG OR MIST
DPTR FM NORMAL: 2.4 DPTR FM NORMAL: 0.66 2 = FOG REDUCING VISIBILITY
HIGHEST: 93 ON 8 GRTST 24HR 1.47 ON 10-11 TO 1/4 MILE OR LESS
LOWEST: 33 ON 30 3 = THUNDER
SNOW, ICE PELLETS, HAIL 4 = ICE PELLETS
TOTAL MONTH: 0.0 INCH 5 = HAIL
GRTST 24HR 0.0 6 = FREEZING RAIN OR DRIZZLE
GRTST DEPTH: M ON M 7 = DUSTSTORM OR SANDSTORM:
VSBY 1/2 MILE OR LESS
8 = SMOKE OR HAZE
[NO. OF DAYS WITH] [WEATHER - DAYS WITH] 9 = BLOWING SNOW
X = TORNADO
MAX 32 OR BELOW: 0 0.01 INCH OR MORE: 8
MAX 90 OR ABOVE: 2 0.10 INCH OR MORE: 5
MIN 32 OR BELOW: 0 0.50 INCH OR MORE: 3
MIN 0 OR BELOW: 0 1.00 INCH OR MORE: 1
[HDD (BASE 65) ]
TOTAL THIS MO. 95 CLEAR (SCALE 0-3) 24
DPTR FM NORMAL -77 PTCLDY (SCALE 4-7) 6
TOTAL FM JUL 1 98 CLOUDY (SCALE 8-10) 1
DPTR FM NORMAL -91
[CDD (BASE 65) ]
TOTAL THIS MO. 83
DPTR FM NORMAL 6 [PRESSURE DATA]
TOTAL FM JAN 1 1958 HIGHEST SLP M ON M
DPTR FM NORMAL -127 LOWEST SLP 29.42 ON 27
[REMARKS]
#FINAL-10-21#