000
CXUS54 KFWD 072148
CF6GOP
PRELIMINARY LOCAL CLIMATOLOGICAL DATA (WS FORM: F-6)
STATION: GATESVILLE
MONTH: JUNE
YEAR: 2022
LATITUDE: 31 25 N
LONGITUDE: 97 48 W
TEMPERATURE IN F: :PCPN: SNOW: WIND :SUNSHINE: SKY :PK WND
================================================================================
1 2 3 4 5 6A 6B 7 8 9 10 11 12 13 14 15 16 17 18
12Z AVG MX 2MIN
DY MAX MIN AVG DEP HDD CDD WTR SNW DPTH SPD SPD DIR MIN PSBL S-S WX SPD DR
================================================================================
1 93 75 84 8 0 19 0.00 M M 7.5 12 140 M M 3 21 150
2 86 66 76 0 0 11 0.06 M M 5.9 17 320 M M 2 3 31 320
3 84 66 75 -1 0 10 0.02 M M 3.8 10 80 M M 2 20 290
4 90 66 78 1 0 13 0.00 M M 2.3 6 120 M M 1 13 90
5 95 68 82 5 0 17 0.00 M M 11.1 14 140 M M 0 23 140
6 100 73 87 10 0 22 0.00 M M 11.9 16 180 M M 0 25 160
7 97 73 85 8 0 20 0.00 M M 10.8 17 150 M M 0 21 150
8 95 73 84 6 0 19 0.00 M M 8.2 16 40 M M 1 23 40
9 99 72 86 8 0 21 0.00 M M 7.2 9 90 M M 1 15 100
10 100 77 89 11 0 24 0.00 M M 7.6 10 M M M 0 17 140
11 104 77 91 13 0 26 0.00 M M M M M M M 0 M M
12 104 79 92 14 0 27 0.00 M M M M M M M 0 M M
13 100 75 88 10 0 23 0.00 M M M M M M M 0 M M
14 99 75 87 8 0 22 0.00 M M M M M M M 0 M M
15 99 79 89 10 0 24 0.00 M M M M M M M 1 M M
16 100 77 89 10 0 24 0.00 M M M M M M M 0 8 M M
17 97 72 85 6 0 20 0.00 M M M M M M M 0 M M
18 97 75 86 7 0 21 0.00 M M M M M M M 0 M M
19 99 73 86 6 0 21 0.00 M M M M M M M 0 M M
20 100 73 87 7 0 22 0.00 M M M M M M M 0 M M
21 99 77 88 8 0 23 0.00 M M M M M M M 0 M M
22 99 75 87 7 0 22 0.00 M M M M M M M 0 M M
23 100 75 88 8 0 23 0.00 M M M M M M M 0 M M
24 102 79 91 11 0 26 0.00 M M M M M M M 0 M M
25 100 75 88 8 0 23 0.00 M M M M M M M 0 M M
26 100 77 89 8 0 24 0.00 M M M M M M M 0 M M
27 97 72 85 4 0 20 0.33 M M M M M M M 1 M M
28 91 70 81 0 0 16 0.31 M M M M M M M 2 M M
29 93 68 81 0 0 16 0.00 M M M M M M M 0 M M
30 97 72 85 4 0 20 0.00 M M M M M M M 1 M M
================================================================================
SM 2916 2204 0 619 0.72 M 76.2 M 15
================================================================================
AV 97.2 73.5 7.6 FASTST M M 1 MAX(MPH)
MISC ----> # 17 320 31 320
================================================================================
NOTES:
# LAST OF SEVERAL OCCURRENCES
COLUMN 17 PEAK WIND IN M.P.H.
PRELIMINARY LOCAL CLIMATOLOGICAL DATA (WS FORM: F-6) , PAGE 2
STATION: GATESVILLE
MONTH: JUNE
YEAR: 2022
LATITUDE: 31 25 N
LONGITUDE: 97 48 W
[TEMPERATURE DATA] [PRECIPITATION DATA] SYMBOLS USED IN COLUMN 16
AVERAGE MONTHLY: 85.3 TOTAL FOR MONTH: 0.72 1 = FOG OR MIST
DPTR FM NORMAL: 6.5 DPTR FM NORMAL: M 2 = FOG REDUCING VISIBILITY
HIGHEST: 104 ON 12,11 GRTST 24HR 0.33 ON 27-27 TO 1/4 MILE OR LESS
LOWEST: 66 ON 4, 3 3 = THUNDER
SNOW, ICE PELLETS, HAIL 4 = ICE PELLETS
TOTAL MONTH: M 5 = HAIL
GRTST 24HR M ON M 6 = FREEZING RAIN OR DRIZZLE
GRTST DEPTH: M ON M 7 = DUSTSTORM OR SANDSTORM:
VSBY 1/2 MILE OR LESS
8 = SMOKE OR HAZE
[NO. OF DAYS WITH] [WEATHER - DAYS WITH] 9 = BLOWING SNOW
X = TORNADO
MAX 32 OR BELOW: 0 0.01 INCH OR MORE: 4
MAX 90 OR ABOVE: 28 0.10 INCH OR MORE: 2
MIN 32 OR BELOW: 0 0.50 INCH OR MORE: 0
MIN 0 OR BELOW: 0 1.00 INCH OR MORE: 0
[HDD (BASE 65) ]
TOTAL THIS MO. 0 CLEAR (SCALE 0-3) 29
DPTR FM NORMAL 0 PTCLDY (SCALE 4-7) 1
TOTAL FM JUL 1 1874 CLOUDY (SCALE 8-10) 0
DPTR FM NORMAL -583
[CDD (BASE 65) ]
TOTAL THIS MO. 619
DPTR FM NORMAL 205 [PRESSURE DATA]
TOTAL FM JAN 1 1279 HIGHEST SLP M ON M
DPTR FM NORMAL 532 LOWEST SLP M ON M
[REMARKS]
#FINAL-06-22#