000
CXUS53 KGRB 031249
CLSGRB
CLIMATE REPORT
NATIONAL WEATHER SERVICE GREEN BAY
650 AM CST TUE MAR 3 2020
...THE GREEN BAY WI WINTER CLIMATE SUMMARY FROM 12/1/2019 TO
2/29/2020...
CLIMATE NORMAL PERIOD 1981 TO 2010
CLIMATE RECORD PERIOD 1886 TO 2020
WEATHER OBSERVED NORMAL DEPART LAST YEAR`S
VALUE DATE(S) VALUE FROM VALUE DATE(S)
NORMAL
................................................................
TEMPERATURE (F)
RECORD
HIGH 65 02/22/2017
LOW -36 01/21/1888
HIGHEST 49 12/29 50 -1 47 01/05
LOWEST -13 02/14 -19 6 -26 01/31
AVG. MAXIMUM 31.3 27.0 4.3 25.2
AVG. MINIMUM 17.1 11.9 5.2 9.4
MEAN 24.2 19.4 4.8 17.3
DAYS MAX >= 90 0 0.0 0.0 0
DAYS MAX <= 32 46 58.8 -12.8 45
DAYS MIN <= 32 87 86.0 1.0 58
DAYS MIN <= 0 9 18.1 -9.1 15
PRECIPITATION (INCHES)
RECORD
MAXIMUM 9.07 1922
MINIMUM 1.34 1987
1961
TOTALS 5.15 3.75 1.40 5.05
DAILY AVG. 0.06 0.04 0.02 0.09
DAYS >= .01 27 28.6 -1.6 28
DAYS >= .10 14 10.9 3.1 12
DAYS >= .50 3 1.2 1.8 3
DAYS >= 1.00 0 0.2 -0.2 0
SNOWFALL (INCHES)
RECORDS
TOTAL 77.1 2008
24 HR TOTAL MM
TOTALS 43.5 36.0 7.5 51.1
SINCE 7/1 57.7 40.2 17.5 54.9
DAYS >= TRACE 44 26.6 17.4 38
DAYS >= 1.0 15 10.9 4.1 12
GREATEST
SNOW DEPTH 13 02/19 15 01/30
02/18 01/29
24 HR TOTAL 6.0 12/01
DEGREE_DAYS
HEATING TOTAL 3680 4100 -420 2804
SINCE 7/1 5327 5880 -553 5626
COOLING TOTAL 0 0 0 0
SINCE 1/1 0 0 0 0
FREEZE DATES
RECORD
EARLIEST 09/12/1955
LATEST 06/06/1958
EARLIEST 10/04
LATEST 05/05
.................................................................
WIND (MPH)
AVERAGE WIND SPEED 8.9
HIGHEST WIND SPEED/DIRECTION 31/040 DATE 02/12
HIGHEST GUST SPEED/DIRECTION 41/040 DATE 02/12
SKY COVER
POSSIBLE SUNSHINE (PERCENT) MM
AVERAGE SKY COVER 0.50
NUMBER OF DAYS FAIR 29
NUMBER OF DAYS PC 22
NUMBER OF DAYS CLOUDY 40
AVERAGE RH (PERCENT) 72
- INDICATES NEGATIVE NUMBERS.
R INDICATES RECORD WAS SET OR TIED.
MM INDICATES DATA IS MISSING.
T INDICATES TRACE AMOUNT.
$$
ECKBERG