000
CXUS53 KGID 021230 CCA
CF6GRI
PRELIMINARY LOCAL CLIMATOLOGICAL DATA (WS FORM: F-6)
STATION: GRAND ISLAND NE
MONTH: JULY
YEAR: 2021
LATITUDE: 40 58 N
LONGITUDE: 98 19 W
TEMPERATURE IN F: :PCPN: SNOW: WIND :SUNSHINE: SKY :PK WND
================================================================================
1 2 3 4 5 6A 6B 7 8 9 10 11 12 13 14 15 16 17 18
12Z AVG MX 2MIN
DY MAX MIN AVG DEP HDD CDD WTR SNW DPTH SPD SPD DIR MIN PSBL S-S WX SPD DR
================================================================================
1 85 64 75 -1 0 10 0.00 0.0 0 5.7 14 100 M M 2 18 20 90
2 86 60 73 -3 0 8 0.00 0.0 0 4.8 13 160 M M 1 18 18 140
3 90 68 79 3 0 14 0.00 0.0 0 11.6 18 210 M M 1 28 160
4 93 70 82 6 0 17 0.00 0.0 0 11.8 18 170 M M 1 26 170
5 93 69 81 4 0 16 0.00 0.0 0 9.2 17 170 M M 0 18 24 220
6 92 69 81 4 0 16 0.08 0.0 0 9.7 22 310 M M 3 13 29 290
7 81 64 73 -4 0 8 0.00 0.0 0 8.5 17 360 M M 7 1 23 360
8 91 61 76 -1 0 11 0.00 0.0 0 12.7 23 170 M M 0 18 33 160
9 97 64 81 4 0 16 1.32 0.0 0 12.3 64 340 M M 2 123 84 340
10 82 63 73 -4 0 8 0.76 0.0 0 14.0 45 360 M M 3 13 67 360
11 81 60 71 -6 0 6 0.00 0.0 0 9.2 20 10 M M 3 1 27 10
12 84 57 71 -6 0 6 0.00 0.0 0 5.0 10 260 M M 0 18 15 260
13 87 62 75 -2 0 10 0.00 0.0 0 5.8 15 120 M M 0 18 130
14 85 70 78 1 0 13 0.51 0.0 0 12.7 32 170 M M 4 138 47 170
15 78 69 74 -3 0 9 0.00 0.0 0 7.5 14 80 M M 9 1 20 100
16 83 66 75 -2 0 10 0.00 0.0 0 5.7 12 140 M M 5 18 15 150
17 86 68 77 0 0 12 0.03 0.0 0 8.5 20 130 M M 2 1 26 350
18 83 67 75 -2 0 10 0.00 0.0 0 8.0 16 120 M M 4 128 23 120
19 83 61 72 -5 0 7 0.00 0.0 0 3.6 12 100 M M 1 18 17 100
20 84 59 72 -5 0 7 0.00 0.0 0 4.7 14 150 M M 0 18 18 140
21 86 66 76 -1 0 11 0.00 0.0 0 11.9 21 180 M M 0 8 28 180
22 91 67 79 2 0 14 0.00 0.0 0 13.1 21 180 M M 0 8 28 210
23 94 69 82 5 0 17 0.00 0.0 0 11.6 20 210 M M 0 8 27 210
24 89 69 79 2 0 14 0.00 0.0 0 6.4 13 60 M M 3 128 17 320
25 84 65 75 -2 0 10 0.00 0.0 0 5.5 15 170 M M 2 128 21 170
26 90 63 77 0 0 12 0.00 0.0 0 9.1 18 160 M M 4 128 24 170
27 96 71 84 7 0 19 0.00 0.0 0 8.3 15 180 M M 0 18 21 180
28 98 73 86 9 0 21 0.00 0.0 0 11.4 18 180 M M 0 26 170
29 93 73 83 6 0 18 0.00 0.0 0 8.4 20 360 M M 2 18 26 350
30 91 72 82 5 0 17 0.00 0.0 0 8.2 23 10 M M 7 18 32 360
31 81 65 73 -4 0 8 0.15 0.0 0 7.5 23 20 M M 6 138 32 360
================================================================================
SM 2717 2044 0 375 2.85 0.0 272.4 M 72
================================================================================
AV 87.6 65.9 8.8 FASTST M M 2 MAX(MPH)
MISC ----> 64 340 84 340
================================================================================
NOTES:
# LAST OF SEVERAL OCCURRENCES
COLUMN 17 PEAK WIND IN M.P.H.
PRELIMINARY LOCAL CLIMATOLOGICAL DATA (WS FORM: F-6) , PAGE 2
STATION: GRAND ISLAND NE
MONTH: JULY
YEAR: 2021
LATITUDE: 40 58 N
LONGITUDE: 98 19 W
[TEMPERATURE DATA] [PRECIPITATION DATA] SYMBOLS USED IN COLUMN 16
AVERAGE MONTHLY: 76.8 TOTAL FOR MONTH: 2.85 1 = FOG OR MIST
DPTR FM NORMAL: -0.2 DPTR FM NORMAL: -0.66 2 = FOG REDUCING VISIBILITY
HIGHEST: 98 ON 28 GRTST 24HR 1.94 ON 9-10 TO 1/4 MILE OR LESS
LOWEST: 57 ON 12 3 = THUNDER
SNOW, ICE PELLETS, HAIL 4 = ICE PELLETS
TOTAL MONTH: 0.0 INCH 5 = HAIL
GRTST 24HR 0.0 6 = FREEZING RAIN OR DRIZZLE
GRTST DEPTH: 0 7 = DUSTSTORM OR SANDSTORM:
VSBY 1/2 MILE OR LESS
8 = SMOKE OR HAZE
[NO. OF DAYS WITH] [WEATHER - DAYS WITH] 9 = BLOWING SNOW
X = TORNADO
MAX 32 OR BELOW: 0 0.01 INCH OR MORE: 6
MAX 90 OR ABOVE: 13 0.10 INCH OR MORE: 4
MIN 32 OR BELOW: 0 0.50 INCH OR MORE: 3
MIN 0 OR BELOW: 0 1.00 INCH OR MORE: 1
[HDD (BASE 65) ]
TOTAL THIS MO. 0 CLEAR (SCALE 0-3) 23
DPTR FM NORMAL -1 PTCLDY (SCALE 4-7) 7
TOTAL FM JUL 1 0 CLOUDY (SCALE 8-10) 1
DPTR FM NORMAL 0
[CDD (BASE 65) ]
TOTAL THIS MO. 375
DPTR FM NORMAL 3 [PRESSURE DATA]
TOTAL FM JAN 1 810 HIGHEST SLP 30.24 ON 19
DPTR FM NORMAL 106 LOWEST SLP 29.69 ON 9
[REMARKS]
#FINAL-07-21#