000
CXUS53 KIWX 010800
CF6GSH
PRELIMINARY LOCAL CLIMATOLOGICAL DATA (WS FORM: F-6)
STATION: GOSHEN
MONTH: AUGUST
YEAR: 2020
LATITUDE: 41 31 N
LONGITUDE: 85 47 W
TEMPERATURE IN F: :PCPN: SNOW: WIND :SUNSHINE: SKY :PK WND
================================================================================
1 2 3 4 5 6A 6B 7 8 9 10 11 12 13 14 15 16 17 18
12Z AVG MX 2MIN
DY MAX MIN AVG DEP HDD CDD WTR SNW DPTH SPD SPD DIR MIN PSBL S-S WX SPD DR
================================================================================
1 73 64 69 -2 0 4 0.21 0.0 0 5.7 14 20 M M 7 18 24 20
2 79 64 72 1 0 7 1.16 0.0 0 8.6 17 340 M M 8 13 26 330
3 80 62 71 0 0 6 0.00 0.0 0 6.6 17 290 M M 5 128 22 330
4 73 54 64 -7 1 0 T 0.0 0 9.7 20 310 M M 6 1 26 310
5 75 50 63 -8 2 0 0.00 0.0 0 1.3 8 330 M M 2 12 280
6 78 52 65 -6 0 0 0.00 0.0 0 2.0 9 70 M M 3 18 13 30
7 81 52 67 -4 0 2 0.00 0.0 0 1.8 9 120 M M 0 128 14 120
8 83 55 69 -2 0 4 0.00 0.0 0 4.5 13 230 M M 0 1 18 240
9 89 64 77 6 0 12 0.00 0.0 0 6.1 17 190 M M 1 1 23 200
10 89 68 79 8 0 14 0.36 0.0 0 9.3 36 290 M M 5 138 47 300
11 83 62 73 3 0 8 0.00 0.0 0 6.1 14 340 M M 4 18 19 340
12 85 56 71 1 0 6 0.00 0.0 0 2.2 12 100 M M 0 1 15 120
13 87 54 71 1 0 6 0.00 0.0 0 4.8 15 90 M M 0 1 20 130
14 89 60 75 5 0 10 0.00 0.0 0 4.6 26 90 M M 2 13 38 100
15 88 62 75 5 0 10 0.00 0.0 0 3.4 10 360 M M 1 138 13 260
16 84 62 73 3 0 8 0.01 0.0 0 7.4 18 340 M M 2 13 25 360
17 84 57 71 1 0 6 0.00 0.0 0 6.2 16 300 M M 1 24 300
18 78 58 68 -2 0 3 0.00 0.0 0 8.0 17 350 M M 2 24 340
19 80 51 66 -4 0 1 0.00 0.0 0 3.9 13 80 M M 0 18 30
20 84 54 69 -1 0 4 0.00 0.0 0 2.4 10 220 M M 0 1 14 210
21 87 56 72 2 0 7 0.00 0.0 0 1.2 9 160 M M 0 1 16 160
22 88 59 74 4 0 9 0.00 0.0 0 1.8 9 220 M M 0 1 14 210
23 88 60 74 4 0 9 0.00 0.0 0 4.7 16 260 M M 1 1 21 190
24 93 69 81 12 0 16 0.00 0.0 0 7.3 15 260 M M 1 18 24 300
25 88 67 78 9 0 13 T 0.0 0 6.7 16 350 M M 1 18 23 320
26 93 67 80 11 0 15 0.00 0.0 0 7.6 20 210 M M 1 18 25 210
27 95 73 84 15 0 19 0.58 0.0 0 9.5 22 250 M M 2 13 30 260
28 88 72 80 11 0 15 0.49 0.0 0 7.4 24 240 M M 3 138 36 250
29 79 58 69 0 0 4 0.84 0.0 0 10.3 29 320 M M 2 13 44 320
30 77 53 65 -3 0 0 0.00 0.0 0 3.5 13 20 M M 1 1 16 30
31 82 56 69 1 0 4 0.00 0.0 0 5.4 15 170 M M 0 22 170
================================================================================
SM 2600 1851 3 222 3.65 0.0 170.0 M 61
================================================================================
AV 83.9 59.7 5.5 FASTST M M 2 MAX(MPH)
MISC ----> # 36 290 # 47 300
================================================================================
NOTES:
# LAST OF SEVERAL OCCURRENCES
COLUMN 17 PEAK WIND IN M.P.H.
PRELIMINARY LOCAL CLIMATOLOGICAL DATA (WS FORM: F-6) , PAGE 2
STATION: GOSHEN
MONTH: AUGUST
YEAR: 2020
LATITUDE: 41 31 N
LONGITUDE: 85 47 W
[TEMPERATURE DATA] [PRECIPITATION DATA] SYMBOLS USED IN COLUMN 16
AVERAGE MONTHLY: 71.8 TOTAL FOR MONTH: 3.65 1 = FOG OR MIST
DPTR FM NORMAL: 1.8 DPTR FM NORMAL: -1.00 2 = FOG REDUCING VISIBILITY
HIGHEST: 95 ON 27 GRTST 24HR 1.16 ON 2- 2 TO 1/4 MILE OR LESS
LOWEST: 50 ON 5 3 = THUNDER
SNOW, ICE PELLETS, HAIL 4 = ICE PELLETS
TOTAL MONTH: 0.0 INCH 5 = HAIL
GRTST 24HR 0.0 6 = FREEZING RAIN OR DRIZZLE
GRTST DEPTH: 0 7 = DUSTSTORM OR SANDSTORM:
VSBY 1/2 MILE OR LESS
8 = SMOKE OR HAZE
[NO. OF DAYS WITH] [WEATHER - DAYS WITH] 9 = BLOWING SNOW
X = TORNADO
MAX 32 OR BELOW: 0 0.01 INCH OR MORE: 7
MAX 90 OR ABOVE: 3 0.10 INCH OR MORE: 6
MIN 32 OR BELOW: 0 0.50 INCH OR MORE: 3
MIN 0 OR BELOW: 0 1.00 INCH OR MORE: 1
[HDD (BASE 65) ]
TOTAL THIS MO. 3 CLEAR (SCALE 0-3) 24
DPTR FM NORMAL -10 PTCLDY (SCALE 4-7) 7
TOTAL FM JUL 1 3 CLOUDY (SCALE 8-10) 0
DPTR FM NORMAL -16
[CDD (BASE 65) ]
TOTAL THIS MO. 222
DPTR FM NORMAL 54 [PRESSURE DATA]
TOTAL FM JAN 1 838 HIGHEST SLP 30.20 ON 8
DPTR FM NORMAL 248 LOWEST SLP 29.62 ON 29
[REMARKS]
#FINAL-08-20#