000
CXUS52 KRAH 011340
CLMGSO
CLIMATE REPORT
NATIONAL WEATHER SERVICE RALEIGH NC
940 AM EDT FRI SEP 01 2023
...................................
...THE GREENSBORO NC CLIMATE SUMMARY FOR THE MONTH OF AUGUST 2023...
CLIMATE NORMAL PERIOD 1991 TO 2020
CLIMATE RECORD PERIOD 1903 TO 2023
WEATHER OBSERVED NORMAL DEPART LAST YEAR`S
VALUE DATE(S) VALUE FROM VALUE
NORMAL
..............................................................
TEMPERATURE (F)
RECORD
HIGH 103 08/18/1988
LOW 45 08/30/1986
HIGHEST 92 08/22 92
08/24
08/26
LOWEST 62 08/02 62
08/19
AVG. MAXIMUM 86.2 86.6 -0.4 86.0
AVG. MINIMUM 67.8 68.0 -0.2 67.6
MEAN 77.0 77.3 -0.3 76.8
DAYS MAX >= 90 10 10
DAYS MAX <= 32 0 0
DAYS MIN <= 32 0 0
DAYS MIN <= 0 0 0
PRECIPITATION (INCHES)
RECORD
MAXIMUM 12.53 1939
TOTALS 3.46 4.36 -0.90 3.57
DAYS >= .01 10
DAYS >= .10 8
DAYS >= .50 3
DAYS >= 1.00 0
GREATEST
24 HR. TOTAL 0.90 08/10 TO 08/10
DEGREE DAYS
HEATING TOTAL 0 0 0 0
SINCE 7/1 0 0 0 MM
COOLING TOTAL 381 382 -1 376
SINCE 1/1 1138 1310 -172 MM
..............................................................
WIND (MPH)
AVERAGE WIND SPEED 6.1
HIGHEST WIND SPEED/DIRECTION 36/310 DATE 08/07
HIGHEST GUST SPEED/DIRECTION 44/310 DATE 08/07
SKY COVER
POSSIBLE SUNSHINE (PERCENT) MM
AVERAGE SKY COVER 0.62
NUMBER OF DAYS FAIR 5
NUMBER OF DAYS PC 16
NUMBER OF DAYS CLOUDY 10
AVERAGE RH (PERCENT) 72
WEATHER CONDITIONS. NUMBER OF DAYS WITH
THUNDERSTORM 8 MIXED PRECIP 0
HEAVY RAIN 6 RAIN 5
LIGHT RAIN 13 FREEZING RAIN 0
LT FREEZING RAIN 0 HAIL 0
HEAVY SNOW 0 SNOW 0
LIGHT SNOW 0 SLEET 0
FOG 12 FOG W/VIS <= 1/4 MILE 0
HAZE 1
- INDICATES NEGATIVE NUMBERS.
R INDICATES RECORD WAS SET OR TIED.
MM INDICATES DATA IS MISSING.
T INDICATES TRACE AMOUNT.
&&
MONTHLY RECORDS:
THERE WERE NO RECORDS AT GSO FOR THE MONTH OF AUGUST.
$$