000
CXUS52 KRAH 051655 RRB
CLSGSO
CLIMATE REPORT
NATIONAL WEATHER SERVICE RALEIGH NC
1155 AM EST TUE DEC 05 2023
...................................
...THE GREENSBORO NC CLIMATE SUMMARY FOR THE SEASON, FROM
9/1/2023 TO 11/30/2023...
CLIMATE NORMAL PERIOD 1991 TO 2020
CLIMATE RECORD PERIOD 1903 TO 2023
WEATHER OBSERVED NORMAL DEPART LAST YEAR`S
VALUE DATE(S) VALUE FROM VALUE
NORMAL
..............................................................
TEMPERATURE (F)
RECORD
HIGH 101 09/03/1921
09/02/1921
09/10/1897
LOW 10 11/25/1970
11/30/1929
HIGHEST 95 09/06
LOWEST 19 11/29
AVG. MAXIMUM 71.5 70.7 0.8
AVG. MINIMUM 49.4 49.9 -0.5
MEAN 60.5 60.3 0.2
DAYS MAX >= 90 5 2.7 2.3
DAYS MAX <= 32 0 0.0 0.0
DAYS MIN <= 32 10 8.2 1.8
DAYS MIN <= 0 0 0.0 0.0
PRECIPITATION (INCHES)
RECORD
MAXIMUM 22.85 2018
MINIMUM 1.33 1931
TOTALS 8.27 10.96 -2.69
DAYS >= .01 16 24.0 -8.0
DAYS >= 1.00 3 3.1 -0.1
GREATEST
24 HR. TOTAL 2.24 09/12
DEGREE DAYS
HEATING TOTAL 621 670 -49
SINCE 7/1 621 669 -48
COOLING TOTAL 234 242 -8
SINCE 1/1 1372 1552 -180
..............................................................
WIND (MPH)
AVERAGE WIND SPEED 5.2
HIGHEST WIND SPEED/DIRECTION 33/290 DATE 10/20
HIGHEST GUST SPEED/DIRECTION 45/290 DATE 10/20
SKY COVER
POSSIBLE SUNSHINE (PERCENT) MM
AVERAGE SKY COVER 0.48
NUMBER OF DAYS FAIR 35
NUMBER OF DAYS PC 38
NUMBER OF DAYS CLOUDY 18
AVERAGE RH (PERCENT) 64
WEATHER CONDITIONS. NUMBER OF DAYS WITH
THUNDERSTORM 4 MIXED PRECIP 0
HEAVY RAIN 5 RAIN 9
LIGHT RAIN 20 FREEZING RAIN 0
LT FREEZING RAIN 0 HAIL 1
HEAVY SNOW 0 SNOW 0
LIGHT SNOW 0 SLEET 0
FOG 17 FOG W/VIS <= 1/4 MILE 2
HAZE 0
- INDICATES NEGATIVE NUMBERS.
R INDICATES RECORD WAS SET OR TIED.
MM INDICATES DATA IS MISSING.
T INDICATES TRACE AMOUNT.
&&
THE AVERAGE MEAN TEMPERATURE OF 60.5 DEGREES F RANKS THE 35TH WARMEST ON RECORD.
THE TOTAL PRECIPITATION OF 8.27" RANKS THE 45TH DRIEST ON RECORD.
$$