000
CXUS52 KGSP 010817
CF6GSP
PRELIMINARY LOCAL CLIMATOLOGICAL DATA (WS FORM: F-6)
STATION: GREENVILLE-SPARTANBURG SC
MONTH: OCTOBER
YEAR: 2022
LATITUDE: 34 54 N
LONGITUDE: 82 13 W
TEMPERATURE IN F: :PCPN: SNOW: WIND :SUNSHINE: SKY :PK WND
================================================================================
1 2 3 4 5 6A 6B 7 8 9 10 11 12 13 14 15 16 17 18
12Z AVG MX 2MIN
DY MAX MIN AVG DEP HDD CDD WTR SNW DPTH SPD SPD DIR MIN PSBL S-S WX SPD DR
================================================================================
1 71 52 62 -5 3 0 0.00 0.0 0 5.1 14 350 M M 6 20 340
2 71 51 61 -6 4 0 0.00 0.0 0 5.6 13 360 M M 4 20 350
3 71 55 63 -4 2 0 0.00 0.0 0 6.9 15 40 M M 7 20 20
4 75 46 61 -5 4 0 0.00 0.0 0 4.4 12 350 M M 1 1 16 350
5 76 45 61 -5 4 0 0.00 0.0 0 2.7 10 280 M M 0 14 270
6 80 48 64 -2 1 0 0.00 0.0 0 1.8 12 210 M M 0 15 210
7 82 48 65 0 0 0 0.00 0.0 0 2.0 13 250 M M 1 17 250
8 73 51 62 -3 3 0 0.00 0.0 0 4.3 13 80 M M 2 15 70
9 65 49 57 -7 8 0 0.00 0.0 0 4.4 10 80 M M 7 13 80
10 72 45 59 -5 6 0 0.00 0.0 0 3.9 12 70 M M 2 1 16 100
11 74 50 62 -2 3 0 0.00 0.0 0 5.2 10 80 M M 6 14 310
12 65 59 62 -1 3 0 0.17 0.0 0 3.8 9 50 M M 10 1 12 30
13 81 59 70 7 0 5 0.00 0.0 0 8.0 17 240 M M 4 1 25 210
14 72 40 56 -6 9 0 0.00 0.0 0 5.4 15 250 M M 0 20 240
15 80 43 62 0 3 0 0.00 0.0 0 6.8 18 210 M M 0 25 240
16 83 51 67 5 0 2 0.00 0.0 0 7.4 18 210 M M 0 23 210
17 78 53 66 5 0 1 T 0.0 0 9.0 24 240 M M 2 31 250
18 54 32 43 -18 22 0 0.00 0.0 0 6.9 18 350 M M 0 27 360
19 60 30 45 -16 20 0 0.00 0.0 0 2.5 12 270 M M 0 16 270
20 65 31 48 -12 17 0 0.00 0.0 0 3.3 16 200 M M 0 22 210
21 67 33 50 -10 15 0 0.00 0.0 0 2.5 12 90 M M 0 17 30
22 72 34 53 -7 12 0 0.00 0.0 0 2.3 8 110 M M 0 12 120
23 74 39 57 -2 8 0 0.00 0.0 0 2.0 9 40 M M 0 14 100
24 76 38 57 -2 8 0 0.00 0.0 0 1.8 8 190 M M 0 10 160
25 76 41 59 1 6 0 T 0.0 0 3.8 12 190 M M 1 14 180
26 71 49 60 2 5 0 0.28 0.0 0 4.4 12 350 M M 6 18 16 10
27 68 44 56 -2 9 0 0.00 0.0 0 7.0 15 70 M M 0 21 40
28 66 49 58 1 7 0 0.00 0.0 0 9.4 16 20 M M 3 21 50
29 62 49 56 -1 9 0 T 0.0 0 8.7 16 30 M M 9 18 20 40
30 57 54 56 -1 9 0 0.16 0.0 0 6.6 12 50 M M 10 1 16 40
31 62 55 59 3 6 0 1.23 0.0 0 3.3 10 20 M M 10 12 12 10
================================================================================
SM 2199 1423 206 8 1.84 0.0 151.2 M 91
================================================================================
AV 70.9 45.9 4.9 FASTST M M 3 MAX(MPH)
MISC ----> 24 240 31 250
================================================================================
NOTES:
# LAST OF SEVERAL OCCURRENCES
COLUMN 17 PEAK WIND IN M.P.H.
PRELIMINARY LOCAL CLIMATOLOGICAL DATA (WS FORM: F-6) , PAGE 2
STATION: GREENVILLE-SPARTANBURG SC
MONTH: OCTOBER
YEAR: 2022
LATITUDE: 34 54 N
LONGITUDE: 82 13 W
[TEMPERATURE DATA] [PRECIPITATION DATA] SYMBOLS USED IN COLUMN 16
AVERAGE MONTHLY: 58.4 TOTAL FOR MONTH: 1.84 1 = FOG OR MIST
DPTR FM NORMAL: -3.3 DPTR FM NORMAL: -1.75 2 = FOG REDUCING VISIBILITY
HIGHEST: 83 ON 16 GRTST 24HR 1.38 ON 30-31 TO 1/4 MILE OR LESS
LOWEST: 30 ON 19 3 = THUNDER
SNOW, ICE PELLETS, HAIL 4 = ICE PELLETS
TOTAL MONTH: 0.0 INCH 5 = HAIL
GRTST 24HR 0.0 6 = FREEZING RAIN OR DRIZZLE
GRTST DEPTH: 0 7 = DUSTSTORM OR SANDSTORM:
VSBY 1/2 MILE OR LESS
8 = SMOKE OR HAZE
[NO. OF DAYS WITH] [WEATHER - DAYS WITH] 9 = BLOWING SNOW
X = TORNADO
MAX 32 OR BELOW: 0 0.01 INCH OR MORE: 4
MAX 90 OR ABOVE: 0 0.10 INCH OR MORE: 4
MIN 32 OR BELOW: 3 0.50 INCH OR MORE: 1
MIN 0 OR BELOW: 0 1.00 INCH OR MORE: 1
[HDD (BASE 65) ]
TOTAL THIS MO. 206 CLEAR (SCALE 0-3) 20
DPTR FM NORMAL 56 PTCLDY (SCALE 4-7) 7
TOTAL FM JUL 1 233 CLOUDY (SCALE 8-10) 4
DPTR FM NORMAL 71
[CDD (BASE 65) ]
TOTAL THIS MO. 8
DPTR FM NORMAL -41 [PRESSURE DATA]
TOTAL FM JAN 1 1774 HIGHEST SLP 30.39 ON 29
DPTR FM NORMAL 59 LOWEST SLP 29.65 ON 17
[REMARKS]
#FINAL-10-22#