053
CXUS56 KTFX 011110
CF6GTF
PRELIMINARY LOCAL CLIMATOLOGICAL DATA (WS FORM: F-6)
STATION: GREAT FALLS MT
MONTH: JULY
YEAR: 2020
LATITUDE: 47 28 N
LONGITUDE: 111 22 W
TEMPERATURE IN F: :PCPN: SNOW: WIND :SUNSHINE: SKY :PK WND
================================================================================
1 2 3 4 5 6A 6B 7 8 9 10 11 12 13 14 15 16 17 18
12Z AVG MX 2MIN
DY MAX MIN AVG DEP HDD CDD WTR SNW DPTH SPD SPD DIR MIN PSBL S-S WX SPD DR
================================================================================
1 70 46 58 -6 7 0 0.00 0.0 0 18.2 35 250 M M 1 45 220
2 75 48 62 -2 3 0 0.00 0.0 0 17.7 31 260 M M 0 47 260
3 83 44 64 -1 1 0 0.13 0.0 0 6.0 35 150 M M 1 3 47 150
4 80 50 65 0 0 0 T 0.0 0 8.5 38 210 M M 2 3 55 220
5 78 46 62 -3 3 0 0.00 0.0 0 6.7 14 70 M M 0 20 70
6 81 48 65 0 0 0 0.00 0.0 0 7.3 14 110 M M 0 21 110
7 75 54 65 -1 0 0 0.03 0.0 0 8.5 17 330 M M 2 24 300
8 75 50 63 -3 2 0 0.00 0.0 0 16.3 28 230 M M 1 38 270
9 81 41 61 -5 4 0 0.00 0.0 0 4.6 13 140 M M 0 16 140
10 77 47 62 -4 3 0 0.20 0.0 0 12.5 28 240 M M 3 1 39 250
11 85 46 66 -1 0 1 0.00 0.0 0 7.7 16 240 M M 0 23 180
12 80 51 66 -1 0 1 0.00 0.0 0 14.5 30 240 M M 0 39 250
13 75 43 59 -8 6 0 0.00 0.0 0 8.5 18 300 M M 2 27 290
14 78 43 61 -6 4 0 0.00 0.0 0 8.8 20 270 M M 1 27 250
15 82 49 66 -2 0 1 0.00 0.0 0 11.2 22 290 M M 1 29 310
16 87 51 69 1 0 4 0.00 0.0 0 10.7 15 240 M M 0 25 270
17 78 58 68 0 0 3 0.00 0.0 0 11.1 22 250 M M 2 31 250
18 81 50 66 -2 0 1 0.00 0.0 0 6.3 15 330 M M 1 22 20
19 84 48 66 -2 0 1 0.00 0.0 0 8.0 23 10 M M 1 32 20
20 78 54 66 -2 0 1 T 0.0 0 5.9 18 340 M M 4 24 340
21 89 49 69 0 0 4 0.00 0.0 0 5.6 14 240 M M 1 19 250
22 93 50 72 3 0 7 T 0.0 0 9.2 29 290 M M 0 41 270
23 87 61 74 5 0 9 0.24 0.0 0 11.0 22 300 M M 5 3 29 300
24 85 58 72 3 0 7 0.00 0.0 0 13.4 24 210 M M 2 37 260
25 81 51 66 -3 0 1 0.00 0.0 0 6.7 16 60 M M 1 28 210
26 84 43 64 -5 1 0 0.00 0.0 0 5.8 12 60 M M 0 16 360
27 89 47 68 -1 0 3 0.00 0.0 0 8.1 15 70 M M 0 21 90
28 94 58 76 7 0 11 0.00 0.0 0 7.2 17 220 M M 0 23 210
29 95 59 77 8 0 12 0.00 0.0 0 8.5 20 240 M M 1 29 230
30 93 58 76 7 0 11 T 0.0 0 7.0 16 210 M M 1 3 22 300
31 93 55 74 5 0 9 0.00 0.0 0 8.0 18 110 M M 0 26 120
================================================================================
SM 2566 1556 34 87 0.60 0.0 289.5 M 33
================================================================================
AV 82.8 50.2 9.3 FASTST M M 1 MAX(MPH)
MISC ----> 38 210 55 220
================================================================================
NOTES:
# LAST OF SEVERAL OCCURRENCES
COLUMN 17 PEAK WIND IN M.P.H.
PRELIMINARY LOCAL CLIMATOLOGICAL DATA (WS FORM: F-6) , PAGE 2
STATION: GREAT FALLS MT
MONTH: JULY
YEAR: 2020
LATITUDE: 47 28 N
LONGITUDE: 111 22 W
[TEMPERATURE DATA] [PRECIPITATION DATA] SYMBOLS USED IN COLUMN 16
AVERAGE MONTHLY: 66.5 TOTAL FOR MONTH: 0.60 1 = FOG OR MIST
DPTR FM NORMAL: -0.9 DPTR FM NORMAL: -0.90 2 = FOG REDUCING VISIBILITY
HIGHEST: 95 ON 29 GRTST 24HR 0.24 ON 22-23 TO 1/4 MILE OR LESS
LOWEST: 41 ON 9 3 = THUNDER
SNOW, ICE PELLETS, HAIL 4 = ICE PELLETS
TOTAL MONTH: 0.0 INCH 5 = HAIL
GRTST 24HR 0.0 6 = FREEZING RAIN OR DRIZZLE
GRTST DEPTH: 0 7 = DUSTSTORM OR SANDSTORM:
VSBY 1/2 MILE OR LESS
8 = SMOKE OR HAZE
[NO. OF DAYS WITH] [WEATHER - DAYS WITH] 9 = BLOWING SNOW
X = TORNADO
MAX 32 OR BELOW: 0 0.01 INCH OR MORE: 4
MAX 90 OR ABOVE: 5 0.10 INCH OR MORE: 3
MIN 32 OR BELOW: 0 0.50 INCH OR MORE: 0
MIN 0 OR BELOW: 0 1.00 INCH OR MORE: 0
[HDD (BASE 65) ]
TOTAL THIS MO. 34 CLEAR (SCALE 0-3) 29
DPTR FM NORMAL -16 PTCLDY (SCALE 4-7) 2
TOTAL FM JUL 1 34 CLOUDY (SCALE 8-10) 0
DPTR FM NORMAL -16
[CDD (BASE 65) ]
TOTAL THIS MO. 87
DPTR FM NORMAL -37 [PRESSURE DATA]
TOTAL FM JAN 1 117 HIGHEST SLP 30.18 ON 26
DPTR FM NORMAL -46 LOWEST SLP 29.63 ON 7
[REMARKS]
#FINAL-07-20#