000
CXUS54 KFWD 220503
CF6GVT
PRELIMINARY LOCAL CLIMATOLOGICAL DATA (WS FORM: F-6)
STATION: GREENVILLE
MONTH: JULY
YEAR: 2022
LATITUDE: 33 4 N
LONGITUDE: 96 4 W
TEMPERATURE IN F: :PCPN: SNOW: WIND :SUNSHINE: SKY :PK WND
================================================================================
1 2 3 4 5 6A 6B 7 8 9 10 11 12 13 14 15 16 17 18
12Z AVG MX 2MIN
DY MAX MIN AVG DEP HDD CDD WTR SNW DPTH SPD SPD DIR MIN PSBL S-S WX SPD DR
================================================================================
1 96 71 84 1 0 19 0.00 M M 7.4 10 190 M M 3 18 150
2 97 70 84 0 0 19 0.00 M M 5.5 13 150 M M 3 8 20 120
3 101 72 87 3 0 22 0.00 M M 7.8 15 190 M M 2 18 29 180
4 100 78 89 5 0 24 0.00 M M 10.7 16 150 M M 0 22 130
5 101 77 89 5 0 24 0.00 M M 10.8 17 190 M M 0 8 22 180
6 101 78 90 6 0 25 0.00 M M 10.2 14 200 M M 0 21 140
7 102 79 91 7 0 26 0.00 M M 10.4 16 140 M M 0 20 140
8 105 78 92 8 0 27 0.00 M M 8.3 13 180 M M 1 18 230
9 104 77 91 7 0 26 0.00 M M 6.2 15 290 M M 0 18 300
10 100 76 88 4 0 23 0.00 M M 6.4 9 20 M M 1 16 20
11 101 73 87 3 0 22 0.00 M M 7.0 12 60 M M 0 1 18 60
12 102 71 87 2 0 22 0.00 M M 5.9 14 60 M M 0 22 60
13 105 71 88 3 0 23 0.00 M M 3.9 9 350 M M 1 M M
14 95 73 84 -1 0 19 0.02 M M 9.3 18 110 M M 2 18 30 110
15 100 69 85 0 0 20 0.00 M M 5.7 14 120 M M 2 21 100
16 101 75 88 3 0 23 0.00 M M 9.1 15 160 M M 0 20 190
17 105 76 91 6 0 26 0.00 M M 9.1 13 230 M M 0 28 220
18 107 81 94 9 0 29 0.00 M M 13.0 20 190 M M 0 25 210
19 109 82 96 11 0 31 0.00 M M 15.0 21 190 M M 0 28 200
20 109 80 95 10 0 30 0.00 M M 13.6 21 190 M M 0 29 190
21 95 77 86 1 0 21 0.01 M M 9.1 14 200 M M 1 17 80
22 98 74 86 1 0 21 0.00 M M 9.7 25 130 M M 1 33 190
23 100 73 87 1 0 22 0.00 M M 10.5 16 150 M M 0 23 150
24 102 79 91 5 0 26 0.00 M M 10.7 16 200 M M 1 24 180
25 104 79 92 6 0 27 0.00 M M 10.6 15 140 M M 1 20 190
26 103 80 92 6 0 27 0.00 M M 10.9 16 220 M M 0 23 140
27 102 81 92 6 0 27 0.00 M M 10.5 14 150 M M 0 24 130
28 102 79 91 5 0 26 0.00 M M 9.8 17 140 M M 0 21 140
29 102 79 91 5 0 26 0.00 M M 10.1 15 140 M M 2 23 80
30 98 78 88 2 0 23 0.00 M M 8.6 12 140 M M 2 20 190
31 102 80 91 5 0 26 0.00 M M 10.7 17 210 M M 2 25 210
================================================================================
SM 3149 2366 0 752 0.03 M 286.6 M 25
================================================================================
AV101.6 76.3 9.2 FASTST M M 1 MAX(MPH)
MISC ----> 25 130 33 190
================================================================================
NOTES:
# LAST OF SEVERAL OCCURRENCES
COLUMN 17 PEAK WIND IN M.P.H.
PRELIMINARY LOCAL CLIMATOLOGICAL DATA (WS FORM: F-6) , PAGE 2
STATION: GREENVILLE
MONTH: JULY
YEAR: 2022
LATITUDE: 33 4 N
LONGITUDE: 96 4 W
[TEMPERATURE DATA] [PRECIPITATION DATA] SYMBOLS USED IN COLUMN 16
AVERAGE MONTHLY: 89.0 TOTAL FOR MONTH: 0.03 1 = FOG OR MIST
DPTR FM NORMAL: 4.1 DPTR FM NORMAL: -3.13 2 = FOG REDUCING VISIBILITY
HIGHEST: 109 ON 20,19 GRTST 24HR 0.02 ON 14-14 TO 1/4 MILE OR LESS
LOWEST: 69 ON 15 3 = THUNDER
SNOW, ICE PELLETS, HAIL 4 = ICE PELLETS
TOTAL MONTH: M 5 = HAIL
GRTST 24HR M ON M 6 = FREEZING RAIN OR DRIZZLE
GRTST DEPTH: M ON M 7 = DUSTSTORM OR SANDSTORM:
VSBY 1/2 MILE OR LESS
8 = SMOKE OR HAZE
[NO. OF DAYS WITH] [WEATHER - DAYS WITH] 9 = BLOWING SNOW
X = TORNADO
MAX 32 OR BELOW: 0 0.01 INCH OR MORE: 2
MAX 90 OR ABOVE: 31 0.10 INCH OR MORE: 0
MIN 32 OR BELOW: 0 0.50 INCH OR MORE: 0
MIN 0 OR BELOW: 0 1.00 INCH OR MORE: 0
[HDD (BASE 65) ]
TOTAL THIS MO. 0 CLEAR (SCALE 0-3) 31
DPTR FM NORMAL 0 PTCLDY (SCALE 4-7) 0
TOTAL FM JUL 1 0 CLOUDY (SCALE 8-10) 0
DPTR FM NORMAL 0
[CDD (BASE 65) ]
TOTAL THIS MO. 752
DPTR FM NORMAL 137 [PRESSURE DATA]
TOTAL FM JAN 1 1740 HIGHEST SLP M ON M
DPTR FM NORMAL 272 LOWEST SLP M ON M
[REMARKS]
#FINAL-07-22#