000
CXUS54 KFWD 010830
CF6GVT
PRELIMINARY LOCAL CLIMATOLOGICAL DATA (WS FORM: F-6)
STATION: GREENVILLE
MONTH: FEBRUARY
YEAR: 2022
LATITUDE: 33 4 N
LONGITUDE: 96 4 W
TEMPERATURE IN F: :PCPN: SNOW: WIND :SUNSHINE: SKY :PK WND
================================================================================
1 2 3 4 5 6A 6B 7 8 9 10 11 12 13 14 15 16 17 18
12Z AVG MX 2MIN
DY MAX MIN AVG DEP HDD CDD WTR SNW DPTH SPD SPD DIR MIN PSBL S-S WX SPD DR
================================================================================
1 68 52 60 13 5 0 0.00 M M 7.4 14 140 M M 9 M M
2 58 31 45 -2 20 0 1.38 M M 8.2 18 350 M M 10 1 26 250
3 32 22 27 -20 38 0 0.36 M M 0.0 M M M M 10 1 M M
4 34 21 28 -19 37 0 0.00 M M 0.0 M M M M 7 M M
5 47 16 32 -15 33 0 0.00 M M 3.8 12 190 M M 0 M M
6 55 19 37 -10 28 0 0.00 M M 5.1 15 180 M M 0 M M
7 57 28 43 -5 22 0 0.00 M M 7.0 18 350 M M 0 26 350
8 65 26 46 -2 19 0 0.00 M M 8.2 16 200 M M 0 23 200
9 69 28 49 1 16 0 0.00 M M 3.7 14 200 M M 0 18 320
10 71 28 50 2 15 0 0.00 M M 2.9 12 230 M M 0 M M
11 75 33 54 6 11 0 0.00 M M 9.9 20 210 M M 1 28 210
12 55 28 42 -6 23 0 0.01 M M 13.6 22 350 M M 6 29 10
13 63 20 42 -7 23 0 0.00 M M 4.6 12 290 M M 0 8 20 230
14 71 27 49 0 16 0 0.00 M M 6.8 17 190 M M 0 21 190
15 71 38 55 6 10 0 0.00 M M 15.2 28 160 M M 1 33 160
16 69 60 65 16 0 0 0.01 M M 15.7 24 160 M M 10 32 170
17 67 33 50 0 15 0 0.10 M M 17.2 22 320 M M 10 1 33 320
18 53 24 39 -11 26 0 0.00 M M 6.0 14 360 M M 1 22 340
19 65 23 44 -6 21 0 0.00 M M 3.3 8 140 M M 0 M M
20 67 32 50 0 15 0 0.00 M M 12.0 24 180 M M 0 31 180
21 81 55 68 18 0 3 M M M 14.5 30 180 M M 7 1 36 180
22 71 33 52 1 13 0 0.63 M M 15.1 20 10 M M 7 1 28 340
23 33 23 28 -23 37 0 0.01 M M 13.0 18 350 M M 10 1 25 350
24 31 23 27 -24 38 0 0.00 M M 8.0 13 340 M M 10 1 17 340
25 37 23 30 -22 35 0 M M M 8.7 16 10 M M 9 23 10
26 41 34 38 -14 27 0 0.09 M M 7.1 13 40 M M 10 1 M M
27 55 30 43 -9 22 0 0.00 M M 6.9 15 340 M M 1 1 22 340
28 65 21 43 -9 22 0 0.00 M M 2.6 9 240 M M 0 M M
================================================================================
SM 1626 831 587 3 2.59 M 226.3 M 119
================================================================================
AV 58.1 29.7 8.1 FASTST M M 4 MAX(MPH)
MISC ----> 30 180 36 180
================================================================================
NOTES:
# LAST OF SEVERAL OCCURRENCES
COLUMN 17 PEAK WIND IN M.P.H.
PRELIMINARY LOCAL CLIMATOLOGICAL DATA (WS FORM: F-6) , PAGE 2
STATION: GREENVILLE
MONTH: FEBRUARY
YEAR: 2022
LATITUDE: 33 4 N
LONGITUDE: 96 4 W
[TEMPERATURE DATA] [PRECIPITATION DATA] SYMBOLS USED IN COLUMN 16
AVERAGE MONTHLY: 43.9 TOTAL FOR MONTH: 2.59 1 = FOG OR MIST
DPTR FM NORMAL: -5.3 DPTR FM NORMAL: -0.85 2 = FOG REDUCING VISIBILITY
HIGHEST: 81 ON 21 GRTST 24HR 1.38 ON 2- 2 TO 1/4 MILE OR LESS
LOWEST: 16 ON 5 3 = THUNDER
SNOW, ICE PELLETS, HAIL 4 = ICE PELLETS
TOTAL MONTH: M 5 = HAIL
GRTST 24HR M ON M 6 = FREEZING RAIN OR DRIZZLE
GRTST DEPTH: M ON M 7 = DUSTSTORM OR SANDSTORM:
VSBY 1/2 MILE OR LESS
8 = SMOKE OR HAZE
[NO. OF DAYS WITH] [WEATHER - DAYS WITH] 9 = BLOWING SNOW
X = TORNADO
MAX 32 OR BELOW: 2 0.01 INCH OR MORE: 8
MAX 90 OR ABOVE: 0 0.10 INCH OR MORE: 3
MIN 32 OR BELOW: 20 0.50 INCH OR MORE: 2
MIN 0 OR BELOW: 0 1.00 INCH OR MORE: 1
[HDD (BASE 65) ]
TOTAL THIS MO. 587 CLEAR (SCALE 0-3) 15
DPTR FM NORMAL 140 PTCLDY (SCALE 4-7) 4
TOTAL FM JUL 1 1833 CLOUDY (SCALE 8-10) 9
DPTR FM NORMAL -173
[CDD (BASE 65) ]
TOTAL THIS MO. 3
DPTR FM NORMAL -2 [PRESSURE DATA]
TOTAL FM JAN 1 3 HIGHEST SLP M ON M
DPTR FM NORMAL 0 LOWEST SLP M ON M
[REMARKS]
#FINAL-02-22#