000
CXUS54 KJAN 011845
CF6GWO
PRELIMINARY LOCAL CLIMATOLOGICAL DATA (WS FORM: F-6)
STATION: GREENWOOD
MONTH: JANUARY
YEAR: 2022
LATITUDE: 33 30 N
LONGITUDE: 90 5 W
TEMPERATURE IN F: :PCPN: SNOW: WIND :SUNSHINE: SKY :PK WND
================================================================================
1 2 3 4 5 6A 6B 7 8 9 10 11 12 13 14 15 16 17 18
12Z AVG MX 2MIN
DY MAX MIN AVG DEP HDD CDD WTR SNW DPTH SPD SPD DIR MIN PSBL S-S WX SPD DR
================================================================================
1 84 66 75 30 0 10 0.27 0.0 0 12.6 31 200 M M 8 1 46 210
2 66 31 49 4 16 0 0.20 M M 9.5 17 330 M M 10 18 32 340
3 37 27 32 -13 33 0 0.00 0.0 0 5.1 15 340 M M 7 24 340
4 51 25 38 -7 27 0 0.00 0.0 0 6.7 14 170 M M 2 1 19 180
5 64 42 53 9 12 0 0.01 0.0 0 5.2 14 100 M M 2 19 100
6 52 29 41 -3 24 0 0.41 0.0 0 9.7 17 350 M M 10 1 26 340
7 42 25 34 -10 31 0 0.00 0.0 0 6.4 13 40 M M 1 17 20
8 69 33 51 7 14 0 0.00 0.0 0 11.5 22 150 M M 5 32 160
9 69 41 55 11 10 0 0.75 0.0 0 11.8 26 210 M M 8 13 37 210
10 51 30 41 -3 24 0 0.00 0.0 0 6.0 15 20 M M 0 24 20
11 56 26 41 -3 24 0 0.00 0.0 0 1.7 8 20 M M 0 12 20
12 59 31 45 1 20 0 0.00 0.0 0 4.7 14 220 M M 0 18 210
13 65 36 51 7 14 0 0.00 0.0 0 4.6 13 210 M M 0 17 250
14 64 35 50 6 15 0 0.00 0.0 0 4.1 12 110 M M 0 19 120
15 53 33 43 -1 22 0 0.49 0.0 0 9.1 23 120 M M 8 1 31 110
16 42 30 36 -8 29 0 0.10 M M 6.9 17 340 M M 7 1 29 340
17 50 29 40 -4 25 0 0.00 0.0 0 4.1 12 330 M M 1 19 280
18 64 29 47 3 18 0 0.00 0.0 0 7.7 18 160 M M 0 24 170
19 74 40 57 13 8 0 1.11 0.0 0 13.0 23 200 M M 8 13 33 20
20 40 26 33 -11 32 0 T 0.0 0 12.6 22 20 M M 4 1 31 20
21 37 25 31 -13 34 0 0.00 0.0 0 8.6 15 20 M M 1 20 20
22 41 19 30 -14 35 0 0.00 0.0 0 2.6 12 30 M M 0 18 20
23 54 22 38 -6 27 0 0.00 0.0 0 5.4 14 220 M M 0 21 220
24 62 34 48 4 17 0 0.00 0.0 0 7.2 14 220 M M 3 21 230
25 57 32 45 0 20 0 0.00 0.0 0 8.1 17 20 M M 5 24 330
26 48 25 37 -8 28 0 0.00 0.0 0 7.8 15 30 M M 0 20 60
27 54 24 39 -6 26 0 0.00 0.0 0 3.4 12 110 M M 2 15 130
28 50 32 41 -4 24 0 0.00 0.0 0 9.2 20 340 M M 5 30 350
29 46 20 33 -12 32 0 0.00 0.0 0 4.9 14 210 M M 0 20 210
30 65 34 50 5 15 0 0.00 0.0 0 7.3 17 210 M M 0 31 210
31 70 30 50 5 15 0 0.00 0.0 0 3.5 14 160 M M 0 17 150
================================================================================
SM 1736 961 671 10 3.34 0.0 221.0 M 97
================================================================================
AV 56.0 31.0 7.1 FASTST M M 3 MAX(MPH)
MISC ----> 31 200 46 210
================================================================================
NOTES:
# LAST OF SEVERAL OCCURRENCES
COLUMN 17 PEAK WIND IN M.P.H.
PRELIMINARY LOCAL CLIMATOLOGICAL DATA (WS FORM: F-6) , PAGE 2
STATION: GREENWOOD
MONTH: JANUARY
YEAR: 2022
LATITUDE: 33 30 N
LONGITUDE: 90 5 W
[TEMPERATURE DATA] [PRECIPITATION DATA] SYMBOLS USED IN COLUMN 16
AVERAGE MONTHLY: 43.5 TOTAL FOR MONTH: 3.34 1 = FOG OR MIST
DPTR FM NORMAL: -0.9 DPTR FM NORMAL: -1.18 2 = FOG REDUCING VISIBILITY
HIGHEST: 84 ON 1 GRTST 24HR 1.11 ON 19-19 TO 1/4 MILE OR LESS
LOWEST: 19 ON 22 3 = THUNDER
SNOW, ICE PELLETS, HAIL 4 = ICE PELLETS
TOTAL MONTH: 0.0 INCH 5 = HAIL
GRTST 24HR 0.0 6 = FREEZING RAIN OR DRIZZLE
GRTST DEPTH: 0 7 = DUSTSTORM OR SANDSTORM:
VSBY 1/2 MILE OR LESS
8 = SMOKE OR HAZE
[NO. OF DAYS WITH] [WEATHER - DAYS WITH] 9 = BLOWING SNOW
X = TORNADO
MAX 32 OR BELOW: 0 0.01 INCH OR MORE: 8
MAX 90 OR ABOVE: 0 0.10 INCH OR MORE: 7
MIN 32 OR BELOW: 21 0.50 INCH OR MORE: 2
MIN 0 OR BELOW: 0 1.00 INCH OR MORE: 1
[HDD (BASE 65) ]
TOTAL THIS MO. 671 CLEAR (SCALE 0-3) 19
DPTR FM NORMAL 31 PTCLDY (SCALE 4-7) 9
TOTAL FM JUL 1 1296 CLOUDY (SCALE 8-10) 3
DPTR FM NORMAL -380
[CDD (BASE 65) ]
TOTAL THIS MO. 10
DPTR FM NORMAL 7 [PRESSURE DATA]
TOTAL FM JAN 1 10 HIGHEST SLP 30.66 ON 10
DPTR FM NORMAL 7 LOWEST SLP 29.59 ON 1
[REMARKS]
#FINAL-01-22#