000
CXUS54 KJAN 011410
CF6GWO
PRELIMINARY LOCAL CLIMATOLOGICAL DATA (WS FORM: F-6)
STATION: GREENWOOD
MONTH: MAY
YEAR: 2021
LATITUDE: 33 30 N
LONGITUDE: 90 5 W
TEMPERATURE IN F: :PCPN: SNOW: WIND :SUNSHINE: SKY :PK WND
================================================================================
1 2 3 4 5 6A 6B 7 8 9 10 11 12 13 14 15 16 17 18
12Z AVG MX 2MIN
DY MAX MIN AVG DEP HDD CDD WTR SNW DPTH SPD SPD DIR MIN PSBL S-S WX SPD DR
================================================================================
1 85 55 70 2 0 5 T 0.0 0 5.3 16 110 M M 1 1 25 140
2 77 65 71 3 0 6 0.35 0.0 0 9.8 23 170 M M 8 1 32 160
3 91 71 81 12 0 16 0.00 0.0 0 10.2 18 200 M M 5 1 27 200
4 86 65 76 7 0 11 1.86 0.0 0 9.6 37 210 M M 6 13 57 200
5 76 56 66 -3 0 1 0.00 0.0 0 5.8 13 360 M M 6 22 350
6 78 52 65 -5 0 0 0.00 0.0 0 3.2 10 360 M M 1 18 360
7 75 53 64 -6 1 0 0.00 0.0 0 3.8 14 40 M M 1 18 20
8 85 54 70 0 0 5 0.00 0.0 0 9.2 20 190 M M 0 27 200
9 81 67 74 4 0 9 0.33 0.0 0 14.2 29 200 M M 5 13 38 200
10 67 58 63 -8 2 0 T 0.0 0 7.2 13 70 M M 10 1 19 360
11 68 59 64 -7 1 0 0.66 0.0 0 8.7 23 110 M M 10 13 37 110
12 76 58 67 -4 0 2 0.00 0.0 0 9.0 16 50 M M 7 21 30
13 75 52 64 -8 1 0 0.00 0.0 0 5.4 14 20 M M 1 22 30
14 79 49 64 -8 1 0 0.00 0.0 0 3.8 10 90 M M 0 15 360
15 82 54 68 -4 0 3 0.00 0.0 0 4.5 15 180 M M 1 21 180
16 85 60 73 1 0 8 0.00 0.0 0 8.2 17 180 M M 2 23 150
17 79 67 73 0 0 8 1.02 0.0 0 7.6 17 170 M M 7 1 25 180
18 79 70 75 2 0 10 0.05 0.0 0 9.3 22 150 M M 9 33 160
19 86 70 78 5 0 13 0.01 0.0 0 11.3 25 130 M M 7 36 140
20 87 71 79 5 0 14 0.00 0.0 0 11.7 21 120 M M 6 30 140
21 87 69 78 4 0 13 0.00 0.0 0 9.4 18 140 M M 1 26 130
22 88 63 76 2 0 11 0.00 0.0 0 5.4 14 90 M M 0 18 130
23 88 63 76 2 0 11 0.00 0.0 0 2.8 9 190 M M 1 14 190
24 91 65 78 4 0 13 0.00 0.0 0 1.2 9 220 M M 0 1 12 210
25 89 69 79 4 0 14 0.00 0.0 0 7.8 16 190 M M 2 22 170
26 86 71 79 4 0 14 T 0.0 0 4.8 12 230 M M 5 19 230
27 91 68 80 5 0 15 0.00 0.0 0 5.1 16 180 M M 2 24 190
28 83 69 76 0 0 11 0.12 0.0 0 6.1 16 220 M M 4 1 25 200
29 72 60 66 -10 0 1 0.00 0.0 0 8.9 16 30 M M 6 24 40
30 78 57 68 -8 0 3 0.00 0.0 0 5.5 16 30 M M 4 24 40
31 83 55 69 -7 0 4 0.00 0.0 0 4.3 12 140 M M 0 17 160
================================================================================
SM 2533 1915 6 221 4.40 0.0 219.1 M 118
================================================================================
AV 81.7 61.8 7.1 FASTST M M 4 MAX(MPH)
MISC ----> 37 210 57 200
================================================================================
NOTES:
# LAST OF SEVERAL OCCURRENCES
COLUMN 17 PEAK WIND IN M.P.H.
PRELIMINARY LOCAL CLIMATOLOGICAL DATA (WS FORM: F-6) , PAGE 2
STATION: GREENWOOD
MONTH: MAY
YEAR: 2021
LATITUDE: 33 30 N
LONGITUDE: 90 5 W
[TEMPERATURE DATA] [PRECIPITATION DATA] SYMBOLS USED IN COLUMN 16
AVERAGE MONTHLY: 71.7 TOTAL FOR MONTH: 4.40 1 = FOG OR MIST
DPTR FM NORMAL: -0.6 DPTR FM NORMAL: -0.04 2 = FOG REDUCING VISIBILITY
HIGHEST: 91 ON 27,24 GRTST 24HR 1.86 ON 4- 4 TO 1/4 MILE OR LESS
LOWEST: 49 ON 14 3 = THUNDER
SNOW, ICE PELLETS, HAIL 4 = ICE PELLETS
TOTAL MONTH: 0.0 INCH 5 = HAIL
GRTST 24HR 0.0 6 = FREEZING RAIN OR DRIZZLE
GRTST DEPTH: 0 7 = DUSTSTORM OR SANDSTORM:
VSBY 1/2 MILE OR LESS
8 = SMOKE OR HAZE
[NO. OF DAYS WITH] [WEATHER - DAYS WITH] 9 = BLOWING SNOW
X = TORNADO
MAX 32 OR BELOW: 0 0.01 INCH OR MORE: 8
MAX 90 OR ABOVE: 3 0.10 INCH OR MORE: 6
MIN 32 OR BELOW: 0 0.50 INCH OR MORE: 3
MIN 0 OR BELOW: 0 1.00 INCH OR MORE: 2
[HDD (BASE 65) ]
TOTAL THIS MO. 6 CLEAR (SCALE 0-3) 15
DPTR FM NORMAL -10 PTCLDY (SCALE 4-7) 13
TOTAL FM JUL 1 2377 CLOUDY (SCALE 8-10) 3
DPTR FM NORMAL -193
[CDD (BASE 65) ]
TOTAL THIS MO. 221
DPTR FM NORMAL -22 [PRESSURE DATA]
TOTAL FM JAN 1 392 HIGHEST SLP 30.33 ON 22
DPTR FM NORMAL 35 LOWEST SLP 29.63 ON 2
[REMARKS]
#FINAL-05-21#