743
CXUS54 KJAN 020036
CF6GWO
PRELIMINARY LOCAL CLIMATOLOGICAL DATA (WS FORM: F-6)
STATION: GREENWOOD
MONTH: JANUARY
YEAR: 2021
LATITUDE: 33 30 N
LONGITUDE: 90 5 W
TEMPERATURE IN F: :PCPN: SNOW: WIND :SUNSHINE: SKY :PK WND
================================================================================
1 2 3 4 5 6A 6B 7 8 9 10 11 12 13 14 15 16 17 18
12Z AVG MX 2MIN
DY MAX MIN AVG DEP HDD CDD WTR SNW DPTH SPD SPD DIR MIN PSBL S-S WX SPD DR
================================================================================
1 67 39 53 9 12 0 0.30 0.0 0 9.4 25 210 M M 5 1 36 210
2 46 37 42 -1 23 0 T 0.0 0 5.4 13 240 M M 9 19 240
3 56 28 42 -1 23 0 0.00 0.0 0 3.1 9 170 M M 0 1 13 160
4 59 37 48 5 17 0 0.00 0.0 0 5.5 13 220 M M 2 12 20 230
5 60 33 47 4 18 0 0.00 0.0 0 3.3 9 350 M M 0 1 16 330
6 61 33 47 4 18 0 0.00 0.0 0 8.3 18 100 M M 1 27 110
7 51 38 45 2 20 0 0.76 0.0 0 12.5 23 90 M M 10 1 33 110
8 41 37 39 -4 26 0 0.00 0.0 0 7.3 15 350 M M 10 24 360
9 40 37 39 -4 26 0 0.00 0.0 0 5.8 12 350 M M 10 19 320
10 42 34 38 -5 27 0 0.12 M M 6.2 12 70 M M 10 1 17 50
11 36 33 35 -8 30 0 0.12 M M 6.2 12 360 M M 10 1 15 360
12 46 25 36 -7 29 0 0.00 0.0 0 2.3 8 360 M M 1 18 13 330
13 53 25 39 -4 26 0 T M M 5.2 14 210 M M 0 4 21 220
14 63 37 50 7 15 0 0.00 0.0 0 9.5 22 210 M M 2 31 310
15 52 30 41 -2 24 0 0.00 0.0 0 6.0 20 240 M M 3 33 250
16 49 31 40 -3 25 0 0.00 0.0 0 3.8 12 230 M M 3 19 290
17 55 31 43 0 22 0 0.00 0.0 0 5.6 13 250 M M 1 20 270
18 60 27 44 1 21 0 0.00 0.0 0 4.5 14 210 M M 1 20 220
19 52 45 49 6 16 0 0.53 0.0 0 3.4 15 170 M M 10 128 22 340
20 57 41 49 6 16 0 0.07 0.0 0 2.8 12 60 M M 7 12 16 60
21 58 49 54 11 11 0 0.44 0.0 0 4.1 16 210 M M 10 1 23 220
22 58 42 50 7 15 0 0.08 0.0 0 5.0 12 20 M M 7 1 15 30
23 56 41 49 6 16 0 0.00 0.0 0 7.2 15 80 M M 9 20 60
24 62 52 57 13 8 0 0.23 0.0 0 5.3 13 190 M M 9 1 19 140
25 77 57 67 23 0 2 0.17 0.0 0 10.8 28 200 M M 7 1 43 180
26 70 45 58 14 7 0 0.00 0.0 0 2.6 9 40 M M 4 1 11 270
27 56 40 48 4 17 0 0.00 0.0 0 9.2 20 340 M M 8 31 340
28 51 32 42 -2 23 0 0.00 0.0 0 6.4 15 20 M M 3 22 340
29 60 30 45 1 20 0 0.00 0.0 0 3.1 9 120 M M 2 12 130
30 64 48 56 12 9 0 0.14 0.0 0 13.7 35 160 M M 8 1 47 160
31 63 42 53 9 12 0 0.00 0.0 0 10.3 18 340 M M 10 32 330
================================================================================
SM 1721 1156 572 2 2.96 0.0 193.8 M 172
================================================================================
AV 55.5 37.3 6.3 FASTST M M 6 MAX(MPH)
MISC ----> 35 160 47 160
================================================================================
NOTES:
# LAST OF SEVERAL OCCURRENCES
COLUMN 17 PEAK WIND IN M.P.H.
PRELIMINARY LOCAL CLIMATOLOGICAL DATA (WS FORM: F-6) , PAGE 2
STATION: GREENWOOD
MONTH: JANUARY
YEAR: 2021
LATITUDE: 33 30 N
LONGITUDE: 90 5 W
[TEMPERATURE DATA] [PRECIPITATION DATA] SYMBOLS USED IN COLUMN 16
AVERAGE MONTHLY: 46.4 TOTAL FOR MONTH: 2.96 1 = FOG OR MIST
DPTR FM NORMAL: 3.0 DPTR FM NORMAL: -1.56 2 = FOG REDUCING VISIBILITY
HIGHEST: 77 ON 25 GRTST 24HR 0.94 ON 31- 1 TO 1/4 MILE OR LESS
LOWEST: 25 ON 12,13 3 = THUNDER
SNOW, ICE PELLETS, HAIL 4 = ICE PELLETS
TOTAL MONTH: 0.0 INCH 5 = HAIL
GRTST 24HR 0.0 6 = FREEZING RAIN OR DRIZZLE
GRTST DEPTH: 0 7 = DUSTSTORM OR SANDSTORM:
VSBY 1/2 MILE OR LESS
8 = SMOKE OR HAZE
[NO. OF DAYS WITH] [WEATHER - DAYS WITH] 9 = BLOWING SNOW
X = TORNADO
MAX 32 OR BELOW: 0 0.01 INCH OR MORE: 11
MAX 90 OR ABOVE: 0 0.10 INCH OR MORE: 9
MIN 32 OR BELOW: 9 0.50 INCH OR MORE: 2
MIN 0 OR BELOW: 0 1.00 INCH OR MORE: 0
[HDD (BASE 65) ]
TOTAL THIS MO. 572 CLEAR (SCALE 0-3) 12
DPTR FM NORMAL -101 PTCLDY (SCALE 4-7) 6
TOTAL FM JUL 1 1444 CLOUDY (SCALE 8-10) 13
DPTR FM NORMAL -297
[CDD (BASE 65) ]
TOTAL THIS MO. 2
DPTR FM NORMAL 0 [PRESSURE DATA]
TOTAL FM JAN 1 2 HIGHEST SLP 30.65 ON 28
DPTR FM NORMAL 0 LOWEST SLP 29.64 ON 25
[REMARKS]
#FINAL-01-21#