000
CXUS55 KBOU 010900
CF6GXY
PRELIMINARY LOCAL CLIMATOLOGICAL DATA (WS FORM: F-6)
STATION: GREELEY CO
MONTH: AUGUST
YEAR: 2023
LATITUDE: 40 25 N
LONGITUDE: 104 38 W
TEMPERATURE IN F: :PCPN: SNOW: WIND :SUNSHINE: SKY :PK WND
================================================================================
1 2 3 4 5 6A 6B 7 8 9 10 11 12 13 14 15 16 17 18
12Z AVG MX 2MIN
DY MAX MIN AVG DEP HDD CDD WTR SNW DPTH SPD SPD DIR MIN PSBL S-S WX SPD DR
================================================================================
1 88 64 76 M 0 11 M M M 5.9 21 310 M M 2 13 29 320
2 90 61 76 M 0 11 M M M 6.3 13 40 M M 3 38 18 40
3 86 60 73 M 0 8 M M M 8.4 20 350 M M 3 3 25 350
4 88 58 73 M 0 8 M M M 4.8 13 30 M M 0 30 180
5 85 56 71 M 0 6 M M M 5.4 16 40 M M 1 28 40
6 76 56 66 M 0 1 M M M 5.6 14 170 M M 4 13 M M
7 78 51 65 M 0 0 M M M 5.3 16 50 M M 1 1 24 50
8 85 50 68 M 0 3 M M M 4.9 18 20 M M 0 1 24 20
9 85 54 70 M 0 5 M M M 4.8 14 340 M M 2 3 21 340
10 90 53 72 M 0 7 M M M 5.7 16 350 M M 0 39 350
11 96 52 74 M 0 9 M M M 5.9 18 200 M M 0 37 200
12 88 59 74 M 0 9 M M M 5.4 15 270 M M 1 M M
13 74 57 66 M 0 1 M M M 10.9 27 360 M M 5 35 360
14 81 45 63 M 2 0 M M M 3.6 9 350 M M 0 M M
15 92 46 69 M 0 4 M M M 4.2 10 140 M M 0 8 M M
16 100 51 76 M 0 11 M M M 6.5 17 350 M M 0 8 21 350
17 94 57 76 M 0 11 M M M 8.2 15 130 M M 0 20 140
18 97 58 78 M 0 13 M M M 5.3 25 240 M M 0 38 32 240
19 97 57 77 M 0 12 M M M 4.3 20 290 M M 2 13 36 340
20 93 62 78 M 0 13 M M M 5.3 12 110 M M 3 16 110
21 98 54 76 M 0 11 M M M 5.3 14 180 M M 0 8 M M
22 97 55 76 M 0 11 M M M 4.9 9 150 M M 0 8 M M
23 97 56 77 M 0 12 M M M 5.4 16 360 M M 1 21 360
24 93 65 79 M 0 14 M M M 8.9 22 320 M M 1 35 330
25 71 60 66 M 0 1 M M M 9.5 30 330 M M 9 13 37 330
26 81 58 70 M 0 5 M M M 5.3 12 130 M M 4 8 17 180
27 86 52 69 M 0 4 M M M 4.3 23 330 M M 2 3 31 340
28 82 53 68 M 0 3 M M M 4.7 22 30 M M 1 3 31 30
29 84 49 67 M 0 2 M M M 4.2 12 100 M M 0 M M
30 97 48 73 M 0 8 M M M 4.6 9 210 M M 0 M M
31 97 53 75 M 0 10 M M M 5.9 13 120 M M 0 8 M M
================================================================================
SM 2746 1710 2 224 M M 179.7 M 45
================================================================================
AV 88.6 55.2 5.8 FASTST M M 1 MAX(MPH)
MISC ----> 30 330 39 350
================================================================================
NOTES:
# LAST OF SEVERAL OCCURRENCES
COLUMN 17 PEAK WIND IN M.P.H.
PRELIMINARY LOCAL CLIMATOLOGICAL DATA (WS FORM: F-6) , PAGE 2
STATION: GREELEY CO
MONTH: AUGUST
YEAR: 2023
LATITUDE: 40 25 N
LONGITUDE: 104 38 W
[TEMPERATURE DATA] [PRECIPITATION DATA] SYMBOLS USED IN COLUMN 16
AVERAGE MONTHLY: 71.9 TOTAL FOR MONTH: M 1 = FOG OR MIST
DPTR FM NORMAL: 0.0 DPTR FM NORMAL: M 2 = FOG REDUCING VISIBILITY
HIGHEST: 100 ON 16 GRTST 24HR 0.68 ON 19-19 TO 1/4 MILE OR LESS
LOWEST: 45 ON 14 3 = THUNDER
SNOW, ICE PELLETS, HAIL 4 = ICE PELLETS
TOTAL MONTH: M 5 = HAIL
GRTST 24HR M ON M 6 = FREEZING RAIN OR DRIZZLE
GRTST DEPTH: M ON M 7 = DUSTSTORM OR SANDSTORM:
VSBY 1/2 MILE OR LESS
8 = SMOKE OR HAZE
[NO. OF DAYS WITH] [WEATHER - DAYS WITH] 9 = BLOWING SNOW
X = TORNADO
MAX 32 OR BELOW: 0 0.01 INCH OR MORE: 0
MAX 90 OR ABOVE: 15 0.10 INCH OR MORE: 0
MIN 32 OR BELOW: 0 0.50 INCH OR MORE: 0
MIN 0 OR BELOW: 0 1.00 INCH OR MORE: 0
[HDD (BASE 65) ]
TOTAL THIS MO. 2 CLEAR (SCALE 0-3) 26
DPTR FM NORMAL M PTCLDY (SCALE 4-7) 4
TOTAL FM JUL 1 9 CLOUDY (SCALE 8-10) 1
DPTR FM NORMAL M
[CDD (BASE 65) ]
TOTAL THIS MO. 224
DPTR FM NORMAL M [PRESSURE DATA]
TOTAL FM JAN 1 585 HIGHEST SLP 30.40 ON 14
DPTR FM NORMAL M LOWEST SLP 29.79 ON 30
[REMARKS]
#FINAL-08-23#