000
CXUS54 KJAN 012034
CF6HBG
PRELIMINARY LOCAL CLIMATOLOGICAL DATA (WS FORM: F-6)
STATION: HATTIESBURG
MONTH: APRIL
YEAR: 2023
LATITUDE: 31 16 N
LONGITUDE: 89 15 W
TEMPERATURE IN F: :PCPN: SNOW: WIND :SUNSHINE: SKY :PK WND
================================================================================
1 2 3 4 5 6A 6B 7 8 9 10 11 12 13 14 15 16 17 18
12Z AVG MX 2MIN
DY MAX MIN AVG DEP HDD CDD WTR SNW DPTH SPD SPD DIR MIN PSBL S-S WX SPD DR
================================================================================
1 87 55 71 8 0 6 0.02 0.0 0 7.0 21 300 M M 4 27 300
2 77 49 63 0 2 0 T 0.0 0 3.9 12 90 M M 1 16 70
3 87 67 77 14 0 12 0.06 0.0 0 10.1 21 210 M M 5 1 30 230
4 87 70 79 15 0 14 0.00 0.0 0 11.4 23 160 M M 3 1 36 190
5 87 70 79 15 0 14 0.00 0.0 0 10.0 24 160 M M 3 1 33 160
6 86 68 77 13 0 12 T 0.0 0 5.7 15 320 M M 7 13 21 340
7 75 61 68 4 0 3 0.34 0.0 0 6.2 14 30 M M 9 13 21 10
8 68 56 62 -2 3 0 0.65 0.0 0 6.0 12 50 M M 10 1 18 70
9 60 50 55 -9 10 0 0.00 0.0 0 6.3 15 60 M M 9 21 60
10 72 47 60 -5 5 0 0.00 0.0 0 3.6 13 60 M M 7 19 70
11 76 58 67 2 0 2 T 0.0 0 4.1 17 60 M M 7 24 60
12 70 57 64 -1 1 0 0.17 0.0 0 4.1 13 70 M M 5 19 80
13 62 56 59 -6 6 0 2.82 0.0 0 7.6 18 340 M M 9 1 31 320
14 79 58 69 3 0 4 0.00 0.0 0 6.1 15 190 M M 3 20 180
15 77 57 67 1 0 2 0.50 0.0 0 4.2 25 260 M M 3 13 44 260
16 72 48 60 -6 5 0 T 0.0 0 8.1 22 320 M M 3 1 32 300
17 76 42 59 -7 6 0 0.00 0.0 0 2.8 13 360 M M 0 20 340
18 80 42 61 -5 4 0 0.00 0.0 0 3.2 14 180 M M 0 1 20 180
19 84 48 66 -1 0 1 0.00 0.0 0 4.9 17 190 M M 0 24 180
20 85 53 69 2 0 4 0.00 0.0 0 6.4 20 170 M M 3 12 27 170
21 77 60 69 2 0 4 T 0.0 0 6.0 21 150 M M 4 1 27 150
22 78 51 65 -2 0 0 T 0.0 0 5.8 17 360 M M 2 22 360
23 76 48 62 -6 3 0 T 0.0 0 5.6 13 10 M M 2 20 50
24 72 51 62 -6 3 0 T 0.0 0 5.4 13 350 M M 4 21 360
25 80 47 64 -4 1 0 0.01 0.0 0 2.6 9 60 M M 1 15 50
26 85 55 70 2 0 5 0.00 0.0 0 3.9 15 150 M M 2 18 170
27 82 65 74 5 0 9 1.78 0.0 0 5.5 17 10 M M 6 13 24 310
28 81 59 70 1 0 5 0.00 0.0 0 3.9 14 300 M M 0 1 20 300
29 79 56 68 -1 0 3 0.19 0.0 0 4.4 18 300 M M 4 13 23 310
30 78 57 68 -1 0 3 0.01 0.0 0 8.9 24 290 M M 2 1 33 300
================================================================================
SM 2335 1661 49 103 6.55 0.0 173.7 M 118
================================================================================
AV 77.8 55.4 5.8 FASTST M M 4 MAX(MPH)
MISC ----> 25 260 44 260
================================================================================
NOTES:
# LAST OF SEVERAL OCCURRENCES
COLUMN 17 PEAK WIND IN M.P.H.
PRELIMINARY LOCAL CLIMATOLOGICAL DATA (WS FORM: F-6) , PAGE 2
STATION: HATTIESBURG
MONTH: APRIL
YEAR: 2023
LATITUDE: 31 16 N
LONGITUDE: 89 15 W
[TEMPERATURE DATA] [PRECIPITATION DATA] SYMBOLS USED IN COLUMN 16
AVERAGE MONTHLY: 66.6 TOTAL FOR MONTH: 6.55 1 = FOG OR MIST
DPTR FM NORMAL: 0.6 DPTR FM NORMAL: 1.18 2 = FOG REDUCING VISIBILITY
HIGHEST: 87 ON 5, 4 GRTST 24HR 2.99 ON 12-13 TO 1/4 MILE OR LESS
LOWEST: 42 ON 18,17 3 = THUNDER
SNOW, ICE PELLETS, HAIL 4 = ICE PELLETS
TOTAL MONTH: 0.0 INCH 5 = HAIL
GRTST 24HR 0.0 6 = FREEZING RAIN OR DRIZZLE
GRTST DEPTH: 0 7 = DUSTSTORM OR SANDSTORM:
VSBY 1/2 MILE OR LESS
8 = SMOKE OR HAZE
[NO. OF DAYS WITH] [WEATHER - DAYS WITH] 9 = BLOWING SNOW
X = TORNADO
MAX 32 OR BELOW: 0 0.01 INCH OR MORE: 11
MAX 90 OR ABOVE: 0 0.10 INCH OR MORE: 7
MIN 32 OR BELOW: 0 0.50 INCH OR MORE: 4
MIN 0 OR BELOW: 0 1.00 INCH OR MORE: 2
[HDD (BASE 65) ]
TOTAL THIS MO. 49 CLEAR (SCALE 0-3) 16
DPTR FM NORMAL -23 PTCLDY (SCALE 4-7) 10
TOTAL FM JUL 1 1394 CLOUDY (SCALE 8-10) 4
DPTR FM NORMAL -516
[CDD (BASE 65) ]
TOTAL THIS MO. 103
DPTR FM NORMAL 2 [PRESSURE DATA]
TOTAL FM JAN 1 360 HIGHEST SLP 30.31 ON 10
DPTR FM NORMAL 193 LOWEST SLP 29.64 ON 29
[REMARKS]
#FINAL-04-23#