000
CXUS53 KBIS 010830
CF6HEI
PRELIMINARY LOCAL CLIMATOLOGICAL DATA (WS FORM: F-6)
STATION: HETTINGER ND
MONTH: OCTOBER
YEAR: 2022
LATITUDE: 46 0 N
LONGITUDE: 102 39 W
TEMPERATURE IN F: :PCPN: SNOW: WIND :SUNSHINE: SKY :PK WND
================================================================================
1 2 3 4 5 6A 6B 7 8 9 10 11 12 13 14 15 16 17 18
12Z AVG MX 2MIN
DY MAX MIN AVG DEP HDD CDD WTR SNW DPTH SPD SPD DIR MIN PSBL S-S WX SPD DR
================================================================================
1 72 52 62 11 3 0 0.00 M M 10.6 22 90 M M 2 30 80
2 79 48 64 14 1 0 T M M 7.2 16 290 M M 4 22 290
3 68 41 55 5 10 0 0.00 M M 7.6 16 330 M M 6 12 24 350
4 69 40 55 6 10 0 0.00 M M 3.7 14 340 M M 7 12 17 330
5 79 41 60 11 5 0 0.00 M M 10.0 23 40 M M 1 1 32 50
6 48 18 33 -15 32 0 T M M 7.4 18 30 M M 6 25 30
7 56 13 35 -13 30 0 0.00 M M 3.3 13 220 M M 0 18 210
8 72 24 48 1 17 0 0.00 M M 6.7 17 280 M M 0 24 300
9 74 32 53 6 12 0 0.00 M M 5.3 15 140 M M 0 23 140
10 76 38 57 11 8 0 0.00 M M 5.1 18 260 M M 0 27 260
11 61 36 49 3 16 0 T M M 13.8 36 300 M M 2 54 300
12 59 43 51 6 14 0 0.00 M M 25.5 47 310 M M 3 67 320
13 56 35 46 1 19 0 0.00 M M 23.9 41 310 M M 0 62 320
14 60 34 47 3 18 0 T M M 13.2 30 330 M M 4 44 330
15 57 33 45 1 20 0 T M M 16.9 25 310 M M 8 38 300
16 47 20 34 -9 31 0 0.00 M M 8.0 20 330 M M 2 27 320
17 52 30 41 -1 24 0 0.00 M M 7.7 14 110 M M 8 19 110
18 59 23 41 -1 24 0 0.00 M M 7.4 14 170 M M 0 22 170
19 74 28 51 9 14 0 0.00 M M 9.1 24 330 M M 0 31 340
20 79 34 57 16 8 0 0.00 M M 9.8 22 280 M M 0 37 280
21 69 37 53 13 12 0 0.00 M M 7.7 22 350 M M 4 32 330
22 54 39 47 7 18 0 0.00 M M 10.9 17 70 M M 3 1 23 70
23 53 36 45 5 20 0 0.00 M M 16.2 30 300 M M 5 1 41 300
24 36 23 30 -9 35 0 0.01 M M 20.4 36 290 M M 7 12 50 290
25 51 24 38 -1 27 0 0.00 M M 9.8 24 290 M M 2 30 290
26 56 22 39 1 26 0 0.00 M M 4.2 13 130 M M 1 18 150
27 57 21 39 1 26 0 0.00 M M 4.6 16 280 M M 1 12 24 240
28 66 26 46 9 19 0 0.00 M M 4.9 16 200 M M 0 29 190
29 65 27 46 9 19 0 0.00 M M 7.4 17 300 M M 0 24 280
30 65 20 43 7 22 0 0.00 M M 4.6 17 240 M M 0 8 23 230
31 68 31 50 14 15 0 0.00 M M 4.5 18 260 M M 0 24 280
================================================================================
SM 1937 969 555 0 0.01 M 297.4 M 76
================================================================================
AV 62.5 31.3 9.6 FASTST M M 2 MAX(MPH)
MISC ----> 47 310 67 320
================================================================================
NOTES:
# LAST OF SEVERAL OCCURRENCES
COLUMN 17 PEAK WIND IN M.P.H.
PRELIMINARY LOCAL CLIMATOLOGICAL DATA (WS FORM: F-6) , PAGE 2
STATION: HETTINGER ND
MONTH: OCTOBER
YEAR: 2022
LATITUDE: 46 0 N
LONGITUDE: 102 39 W
[TEMPERATURE DATA] [PRECIPITATION DATA] SYMBOLS USED IN COLUMN 16
AVERAGE MONTHLY: 46.9 TOTAL FOR MONTH: 0.01 1 = FOG OR MIST
DPTR FM NORMAL: 3.7 DPTR FM NORMAL: -1.27 2 = FOG REDUCING VISIBILITY
HIGHEST: 79 ON 20, 5 GRTST 24HR 0.01 ON 24-24 TO 1/4 MILE OR LESS
LOWEST: 13 ON 7 3 = THUNDER
SNOW, ICE PELLETS, HAIL 4 = ICE PELLETS
TOTAL MONTH: M 5 = HAIL
GRTST 24HR M ON M 6 = FREEZING RAIN OR DRIZZLE
GRTST DEPTH: M ON M 7 = DUSTSTORM OR SANDSTORM:
VSBY 1/2 MILE OR LESS
8 = SMOKE OR HAZE
[NO. OF DAYS WITH] [WEATHER - DAYS WITH] 9 = BLOWING SNOW
X = TORNADO
MAX 32 OR BELOW: 0 0.01 INCH OR MORE: 1
MAX 90 OR ABOVE: 0 0.10 INCH OR MORE: 0
MIN 32 OR BELOW: 16 0.50 INCH OR MORE: 0
MIN 0 OR BELOW: 0 1.00 INCH OR MORE: 0
[HDD (BASE 65) ]
TOTAL THIS MO. 555 CLEAR (SCALE 0-3) 21
DPTR FM NORMAL -124 PTCLDY (SCALE 4-7) 10
TOTAL FM JUL 1 710 CLOUDY (SCALE 8-10) 0
DPTR FM NORMAL -296
[CDD (BASE 65) ]
TOTAL THIS MO. 0
DPTR FM NORMAL -2 [PRESSURE DATA]
TOTAL FM JAN 1 549 HIGHEST SLP M ON M
DPTR FM NORMAL 162 LOWEST SLP 29.30 ON 23
[REMARKS]
#FINAL-10-22#