062
CXUS54 KJAN 011510
CF6HEZ
PRELIMINARY LOCAL CLIMATOLOGICAL DATA (WS FORM: F-6)
STATION: NATCHEZ
MONTH: DECEMBER
YEAR: 2020
LATITUDE: 31 37 N
LONGITUDE: 91 15 W
TEMPERATURE IN F: :PCPN: SNOW: WIND :SUNSHINE: SKY :PK WND
================================================================================
1 2 3 4 5 6A 6B 7 8 9 10 11 12 13 14 15 16 17 18
12Z AVG MX 2MIN
DY MAX MIN AVG DEP HDD CDD WTR SNW DPTH SPD SPD DIR MIN PSBL S-S WX SPD DR
================================================================================
1 57 25 41 M 24 0 0.00 0.0 0 1.4 5 99 M M 0 1 M M
2 62 27 45 M 20 0 0.00 0.0 0 8.3 17 110 M M 2 27 110
3 M M M M M M 0.18 M 0 6.3 14 130 M M 8 1 20 130
4 51 35 43 M 22 0 0.00 0.0 0 6.1 12 320 M M 7 M M
5 56 30 43 M 22 0 0.00 0.0 0 1.2 5 290 M M 2 12 M M
6 55 38 47 M 18 0 T M 0 2.6 6 210 M M 3 M M
7 55 32 44 M 21 0 0.00 0.0 0 3.3 13 310 M M 0 1 M M
8 65 31 48 M 17 0 0.00 0.0 0 3.8 10 250 M M 0 M M
9 70 33 52 M 13 0 M M M 3.8 9 250 M M 0 M M
10 73 39 56 M 9 0 M M M 5.4 12 250 M M 0 1 M M
11 72 50 61 M 4 0 0.02 M M 8.8 16 150 M M 5 24 150
12 65 46 56 M 9 0 0.57 M M 3.0 12 340 M M 9 12 M M
13 66 41 54 M 11 0 1.15 M M 8.1 17 310 M M 5 1 37 310
14 45 39 42 M 23 0 T 0.0 0 11.0 18 320 M M 10 1 27 310
15 44 39 42 M 23 0 0.18 M M 4.5 8 40 M M 10 1 M M
16 44 36 40 M 25 0 0.05 M M 8.2 13 330 M M 10 1 21 340
17 49 30 40 M 25 0 M M M 3.7 10 330 M M 5 M M
18 60 27 44 M 21 0 M M M 5.2 12 150 M M 0 M M
19 65 44 55 M 10 0 0.58 M M 9.7 16 140 M M 8 18 150
20 54 41 48 M 17 0 T M M 4.6 9 300 M M 8 1 M M
21 65 35 50 M 15 0 T M M 3.6 8 240 M M 2 12 M M
22 70 36 53 M 12 0 M M M 4.8 10 170 M M 0 M M
23 66 47 57 M 8 0 1.75 M M 11.3 22 340 M M 9 13 29 340
24 58 29 44 M 21 0 0.09 M M 12.2 22 310 M M 4 30 330
25 45 23 34 M 31 0 M M M 3.8 16 340 M M 0 22 340
26 62 27 45 M 20 0 M M M 5.3 9 220 M M 0 M M
27 69 37 53 M 12 0 M M M 8.8 14 210 M M 0 26 210
28 68 51 60 M 5 0 M M M 6.7 12 20 M M 7 M M
29 71 47 59 M 6 0 M M M 8.3 14 150 M M 4 1 20 130
30 70 59 65 M 0 0 0.01 M M 15.4 21 160 M M 8 33 170
31 69 57 63 M 2 0 1.38 M M 8.5 18 200 M M 10 1 30 110
================================================================================
SM 1821 1131 466 0 5.96 0.0 197.6 M 136
================================================================================
AV 60.7 37.7 6.4 FASTST M M 4 MAX(MPH)
MISC ----> # 22 340 37 310
================================================================================
NOTES:
# LAST OF SEVERAL OCCURRENCES
COLUMN 17 PEAK WIND IN M.P.H.
PRELIMINARY LOCAL CLIMATOLOGICAL DATA (WS FORM: F-6) , PAGE 2
STATION: NATCHEZ
MONTH: DECEMBER
YEAR: 2020
LATITUDE: 31 37 N
LONGITUDE: 91 15 W
[TEMPERATURE DATA] [PRECIPITATION DATA] SYMBOLS USED IN COLUMN 16
AVERAGE MONTHLY: 49.2 TOTAL FOR MONTH: 5.96 1 = FOG OR MIST
DPTR FM NORMAL: 0.0 DPTR FM NORMAL: M 2 = FOG REDUCING VISIBILITY
HIGHEST: 73 ON 10 GRTST 24HR 1.75 ON 23-23 TO 1/4 MILE OR LESS
LOWEST: 23 ON 25 3 = THUNDER
SNOW, ICE PELLETS, HAIL 4 = ICE PELLETS
TOTAL MONTH: 0.0 INCH 5 = HAIL
GRTST 24HR 0.0 6 = FREEZING RAIN OR DRIZZLE
GRTST DEPTH: 0 7 = DUSTSTORM OR SANDSTORM:
VSBY 1/2 MILE OR LESS
8 = SMOKE OR HAZE
[NO. OF DAYS WITH] [WEATHER - DAYS WITH] 9 = BLOWING SNOW
X = TORNADO
MAX 32 OR BELOW: 0 0.01 INCH OR MORE: 11
MAX 90 OR ABOVE: 0 0.10 INCH OR MORE: 7
MIN 32 OR BELOW: 10 0.50 INCH OR MORE: 5
MIN 0 OR BELOW: 0 1.00 INCH OR MORE: 3
[HDD (BASE 65) ]
TOTAL THIS MO. 466 CLEAR (SCALE 0-3) 13
DPTR FM NORMAL M PTCLDY (SCALE 4-7) 11
TOTAL FM JUL 1 709 CLOUDY (SCALE 8-10) 7
DPTR FM NORMAL M
[CDD (BASE 65) ]
TOTAL THIS MO. 0
DPTR FM NORMAL M [PRESSURE DATA]
TOTAL FM JAN 1 2243 HIGHEST SLP M ON M
DPTR FM NORMAL M LOWEST SLP M ON M
[REMARKS]
#FINAL-12-20#