000
CXUS54 KHGX 011410
CF6HGX
PRELIMINARY LOCAL CLIMATOLOGICAL DATA (WS FORM: F-6)
STATION: DICKINSON WFO
MONTH: MAY
YEAR: 2023
LATITUDE: 29 28 N
LONGITUDE: 95 5 W
TEMPERATURE IN F: :PCPN: SNOW: WIND :SUNSHINE: SKY :PK WND
================================================================================
1 2 3 4 5 6A 6B 7 8 9 10 11 12 13 14 15 16 17 18
12Z AVG MX 2MIN
DY MAX MIN AVG DEP HDD CDD WTR SNW DPTH SPD SPD DIR MIN PSBL S-S WX SPD DR
================================================================================
1 82 58 70 -3 0 5 0.00 0.0 0 M M M M M M M M
2 82 58 70 -4 0 5 0.00 0.0 0 M M M M M M 1 M M
3 83 63 73 -1 0 8 0.00 0.0 0 M M M M M M M M
4 80 66 73 -1 0 8 0.00 0.0 0 M M M M M M M M
5 89 75 82 8 0 17 0.00 0.0 0 M M M M M M M M
6 86 70 78 4 0 13 0.00 0.0 0 M M M M M M M M
7 77 76 77 2 0 12 0.10 0.0 0 M M M M M M M M
8 84 73 79 4 0 14 0.01 0.0 0 M M M M M M M M
9 84 73 79 4 0 14 0.01 0.0 0 M M M M M M 3 M M
10 77 65 71 -5 0 6 2.04 0.0 0 M M M M M M 3 M M
11 86 74 80 4 0 15 0.00 0.0 0 M M M M M M M M
12 84 77 81 5 0 16 T 0.0 0 M M M M M M M M
13 82 70 76 0 0 11 0.11 0.0 0 M M M M M M 3 M M
14 84 72 78 1 0 13 0.09 0.0 0 M M M M M M 3 M M
15 87 72 80 3 0 15 0.01 0.0 0 M M M M M M M M
16 88 63 76 -1 0 11 2.66 0.0 0 M M M M M M 3 M M
17 86 66 76 -1 0 11 0.00 0.0 0 M M M M M M M M
18 89 66 78 0 0 13 0.00 0.0 0 M M M M M M M M
19 90 71 81 3 0 16 0.00 0.0 0 M M M M M M M M
20 90 73 82 4 0 17 0.09 0.0 0 M M M M M M M M
21 80 69 75 -3 0 10 T 0.0 0 M M M M M M M M
22 83 69 76 -3 0 11 0.00 0.0 0 M M M M M M M M
23 88 68 78 -1 0 13 0.03 0.0 0 M M M M M M M M
24 87 69 78 -1 0 13 0.00 0.0 0 M M M M M M M M
25 86 70 78 -1 0 13 0.00 0.0 0 M M M M M M M M
26 88 69 79 -1 0 14 0.00 0.0 0 M M M M M M M M
27 89 69 79 -1 0 14 0.00 0.0 0 M M M M M M M M
28 86 68 77 -3 0 12 0.00 0.0 0 M M M M M M M M
29 85 70 78 -2 0 13 0.96 0.0 0 M M M M M M M M
30 87 70 79 -1 0 14 0.00 0.0 0 M M M M M M M M
31 86 70 78 -2 0 13 0.00 0.0 0 M M M M M M M M
================================================================================
SM 2635 2142 0 380 6.11 0.0 M M M
================================================================================
AV 85.0 69.1 M FASTST M M M MAX(MPH)
MISC ----> M M M M
================================================================================
NOTES:
# LAST OF SEVERAL OCCURRENCES
COLUMN 17 PEAK WIND IN M.P.H.
PRELIMINARY LOCAL CLIMATOLOGICAL DATA (WS FORM: F-6) , PAGE 2
STATION: DICKINSON WFO
MONTH: MAY
YEAR: 2023
LATITUDE: 29 28 N
LONGITUDE: 95 5 W
[TEMPERATURE DATA] [PRECIPITATION DATA] SYMBOLS USED IN COLUMN 16
AVERAGE MONTHLY: 77.0 TOTAL FOR MONTH: 6.11 1 = FOG OR MIST
DPTR FM NORMAL: 0.0 DPTR FM NORMAL: 0.99 2 = FOG REDUCING VISIBILITY
HIGHEST: 90 ON 20,19 GRTST 24HR 2.66 ON 16-16 TO 1/4 MILE OR LESS
LOWEST: 58 ON 2, 1 3 = THUNDER
SNOW, ICE PELLETS, HAIL 4 = ICE PELLETS
TOTAL MONTH: 0.0 INCH 5 = HAIL
GRTST 24HR 0.0 6 = FREEZING RAIN OR DRIZZLE
GRTST DEPTH: 0 7 = DUSTSTORM OR SANDSTORM:
VSBY 1/2 MILE OR LESS
8 = SMOKE OR HAZE
[NO. OF DAYS WITH] [WEATHER - DAYS WITH] 9 = BLOWING SNOW
X = TORNADO
MAX 32 OR BELOW: 0 0.01 INCH OR MORE: 11
MAX 90 OR ABOVE: 2 0.10 INCH OR MORE: 5
MIN 32 OR BELOW: 0 0.50 INCH OR MORE: 3
MIN 0 OR BELOW: 0 1.00 INCH OR MORE: 2
[HDD (BASE 65) ]
TOTAL THIS MO. 0 CLEAR (SCALE 0-3) 0
DPTR FM NORMAL -1 PTCLDY (SCALE 4-7) 0
TOTAL FM JUL 1 1021 CLOUDY (SCALE 8-10) 31
DPTR FM NORMAL -124
[CDD (BASE 65) ]
TOTAL THIS MO. 380
DPTR FM NORMAL 5 [PRESSURE DATA]
TOTAL FM JAN 1 833 HIGHEST SLP M ON M
DPTR FM NORMAL 143 LOWEST SLP M ON M
[REMARKS]
#FINAL-05-23#