000
CXUS54 KHGX 251632
CF6HGX
PRELIMINARY LOCAL CLIMATOLOGICAL DATA (WS FORM: F-6)
STATION: DICKINSON WFO
MONTH: AUGUST
YEAR: 2020
LATITUDE: 29 28 N
LONGITUDE: 95 5 W
TEMPERATURE IN F: :PCPN: SNOW: WIND :SUNSHINE: SKY :PK WND
================================================================================
1 2 3 4 5 6A 6B 7 8 9 10 11 12 13 14 15 16 17 18
12Z AVG MX 2MIN
DY MAX MIN AVG DEP HDD CDD WTR SNW DPTH SPD SPD DIR MIN PSBL S-S WX SPD DR
================================================================================
1 87 73 80 -4 0 15 0.29 0.0 0 M M M M M M 3 M M
2 94 74 84 0 0 19 0.00 0.0 0 M M M M M M M M
3 94 76 85 1 0 20 0.00 0.0 0 M M M M M M M M
4 95 71 83 -2 0 18 0.00 0.0 0 M M M M M M M M
5 95 79 87 2 0 22 0.00 0.0 0 M M M M M M M M
6 92 79 86 1 0 21 0.00 0.0 0 M M M M M M M M
7 94 78 86 1 0 21 0.00 0.0 0 M M M M M M M M
8 93 78 86 1 0 21 0.00 0.0 0 M M M M M M M M
9 93 79 86 1 0 21 0.04 0.0 0 M M M M M M M M
10 93 79 86 2 0 21 0.00 0.0 0 M M M M M M M M
11 94 81 88 4 0 23 0.00 0.0 0 M M M M M M M M
12 94 81 88 4 0 23 0.00 0.0 M M M M M M M M M
13 94 79 87 3 0 22 0.00 0.0 0 M M M M M M M M
14 96 80 88 4 0 23 0.00 0.0 0 M M M M M M M M
15 97 80 89 5 0 24 0.00 0.0 0 M M M M M M M M
16 98 80 89 5 0 24 0.00 0.0 0 M M M M M M M M
17 93 73 83 -1 0 18 0.11 0.0 0 M M M M M M M M
18 96 73 85 1 0 20 0.00 0.0 0 M M M M M M M M
19 97 75 86 2 0 21 0.00 0.0 0 M M M M M M M M
20 94 75 85 1 0 20 0.00 M 0 M M M M M M M M
21 91 76 84 0 0 19 0.00 0.0 0 M M M M M M M M
22 92 75 84 0 0 19 T 0.0 0 M M M M M M M M
23 93 75 84 0 0 19 0.00 M M M M M M M M M M
24 93 76 85 1 0 20 0.62 M M M M M M M M 3 M M
25 93 77 85 1 0 20 0.00 0.0 0 M M M M M M M M
26 91 80 86 2 0 21 0.01 0.0 0 M M M M M M M M
27 96 78 87 4 0 22 0.00 M M M M M M M M M M
28 93 80 87 4 0 22 0.35 M M M M M M M M M M
29 95 81 88 5 0 23 0.00 M M M M M M M M M M
30 94 80 87 4 0 22 0.02 M M M M M M M M 3 M M
31 94 84 89 6 0 24 0.00 0.0 0 M M M M M M M M
================================================================================
SM 2908 2405 0 648 1.44 0.0 M M M
================================================================================
AV 93.8 77.6 M FASTST M M M MAX(MPH)
MISC ----> M M M M
================================================================================
NOTES:
# LAST OF SEVERAL OCCURRENCES
COLUMN 17 PEAK WIND IN M.P.H.
PRELIMINARY LOCAL CLIMATOLOGICAL DATA (WS FORM: F-6) , PAGE 2
STATION: DICKINSON WFO
MONTH: AUGUST
YEAR: 2020
LATITUDE: 29 28 N
LONGITUDE: 95 5 W
[TEMPERATURE DATA] [PRECIPITATION DATA] SYMBOLS USED IN COLUMN 16
AVERAGE MONTHLY: 85.7 TOTAL FOR MONTH: 1.44 1 = FOG OR MIST
DPTR FM NORMAL: 1.6 DPTR FM NORMAL: -5.20 2 = FOG REDUCING VISIBILITY
HIGHEST: 98 ON 16 GRTST 24HR 0.62 ON 24-24 TO 1/4 MILE OR LESS
LOWEST: 71 ON 4 3 = THUNDER
SNOW, ICE PELLETS, HAIL 4 = ICE PELLETS
TOTAL MONTH: 0.0 INCH 5 = HAIL
GRTST 24HR 0.0 6 = FREEZING RAIN OR DRIZZLE
GRTST DEPTH: 0 7 = DUSTSTORM OR SANDSTORM:
VSBY 1/2 MILE OR LESS
8 = SMOKE OR HAZE
[NO. OF DAYS WITH] [WEATHER - DAYS WITH] 9 = BLOWING SNOW
X = TORNADO
MAX 32 OR BELOW: 0 0.01 INCH OR MORE: 7
MAX 90 OR ABOVE: 30 0.10 INCH OR MORE: 4
MIN 32 OR BELOW: 0 0.50 INCH OR MORE: 1
MIN 0 OR BELOW: 0 1.00 INCH OR MORE: 0
[HDD (BASE 65) ]
TOTAL THIS MO. 0 CLEAR (SCALE 0-3) 0
DPTR FM NORMAL 0 PTCLDY (SCALE 4-7) 0
TOTAL FM JUL 1 0 CLOUDY (SCALE 8-10) 31
DPTR FM NORMAL 0
[CDD (BASE 65) ]
TOTAL THIS MO. 648
DPTR FM NORMAL 56 [PRESSURE DATA]
TOTAL FM JAN 1 2683 HIGHEST SLP M ON M
DPTR FM NORMAL 295 LOWEST SLP M ON M
[REMARKS]
#FINAL-08-20#