000
CXUS56 KLOX 011255
CF6HHR
PRELIMINARY LOCAL CLIMATOLOGICAL DATA (WS FORM: F-6)
STATION: HAWTHORNE AIRPORT CA
MONTH: JANUARY
YEAR: 2021
LATITUDE: 33 55 N
LONGITUDE: 118 20 W
TEMPERATURE IN F: :PCPN: SNOW: WIND :SUNSHINE: SKY :PK WND
================================================================================
1 2 3 4 5 6A 6B 7 8 9 10 11 12 13 14 15 16 17 18
12Z AVG MX 2MIN
DY MAX MIN AVG DEP HDD CDD WTR SNW DPTH SPD SPD DIR MIN PSBL S-S WX SPD DR
================================================================================
1 68 43 56 -1 9 0 0.00 M M 2.5 14 250 M M 0 8 18 250
2 64 47 56 -1 9 0 0.00 M M 1.9 10 240 M M 1 8 13 270
3 61 49 55 -2 10 0 0.00 M M 3.1 10 250 M M 5 18 12 260
4 60 48 54 -3 11 0 0.00 M M 3.5 14 260 M M 5 18 17 260
5 59 50 55 -2 10 0 0.00 M M 1.9 12 270 M M 5 18 16 250
6 69 48 59 2 6 0 0.00 M M 2.2 10 240 M M 0 18 12 240
7 71 45 58 1 7 0 0.00 M M 2.3 15 280 M M 2 128 21 260
8 67 46 57 -1 8 0 0.00 M M 2.8 15 320 M M 3 128 25 330
9 73 45 59 1 6 0 0.00 M M 2.1 10 240 M M 0 18 16 340
10 70 48 59 1 6 0 0.00 M M 1.8 12 260 M M 0 13 250
11 73 47 60 2 5 0 0.00 M M 1.9 13 260 M M 0 8 16 260
12 70 49 60 2 5 0 0.00 M M 1.7 10 270 M M 0 12 260
13 73 48 61 3 4 0 0.00 M M 1.6 12 270 M M 0 14 260
14 81 48 65 7 0 0 0.00 M M 1.6 10 260 M M 0 13 260
15 89 33 61 3 4 0 0.00 M M 1.6 9 250 M M 0 8 12 250
16 86 52 69 11 0 4 0.00 M M 1.2 9 250 M M 0 8 13 250
17 85 53 69 11 0 4 0.00 M M 1.5 13 260 M M 0 8 14 270
18 77 52 65 7 0 0 0.00 M M 3.2 10 250 M M 2 18 14 150
19 72 55 64 6 1 0 T M M 6.0 25 100 M M 6 42 100
20 78 53 66 8 0 1 0.00 M M 2.5 14 100 M M 0 8 17 120
21 69 54 62 4 3 0 0.00 M M 3.2 14 260 M M 0 8 18 270
22 61 53 57 -1 8 0 0.00 M M 7.8 17 260 M M 7 8 24 260
23 54 47 51 -7 14 0 0.21 M M 2.1 9 140 M M 8 1 14 310
24 59 42 51 -7 14 0 T M M 4.8 16 260 M M 4 13 21 240
25 54 43 49 -9 16 0 0.24 M M 9.4 29 260 M M 3 18 40 260
26 56 40 48 -10 17 0 T M M 3.8 12 260 M M 1 8 17 230
27 58 49 54 -4 11 0 0.00 M M 8.4 17 110 M M 6 23 120
28 62 46 54 -4 11 0 0.74 M M 6.1 18 140 M M 2 1 24 160
29 57 46 52 -6 13 0 0.33 M M 3.5 16 260 M M 6 138 20 260
30 62 43 53 -5 12 0 T M M 1.9 10 250 M M 0 8 13 270
31 71 48 60 2 5 0 0.00 M M 2.5 12 270 M M 0 13 260
================================================================================
SM 2109 1470 225 9 1.52 M 100.4 M 66
================================================================================
AV 68.0 47.4 3.2 FASTST M M 2 MAX(MPH)
MISC ----> 29 260 42 100
================================================================================
NOTES:
# LAST OF SEVERAL OCCURRENCES
COLUMN 17 PEAK WIND IN M.P.H.
PRELIMINARY LOCAL CLIMATOLOGICAL DATA (WS FORM: F-6) , PAGE 2
STATION: HAWTHORNE AIRPORT CA
MONTH: JANUARY
YEAR: 2021
LATITUDE: 33 55 N
LONGITUDE: 118 20 W
[TEMPERATURE DATA] [PRECIPITATION DATA] SYMBOLS USED IN COLUMN 16
AVERAGE MONTHLY: 57.7 TOTAL FOR MONTH: 1.52 1 = FOG OR MIST
DPTR FM NORMAL: 0.0 DPTR FM NORMAL: -1.42 2 = FOG REDUCING VISIBILITY
HIGHEST: 89 ON 15 GRTST 24HR 1.57 ON 28-29 TO 1/4 MILE OR LESS
LOWEST: 33 ON 15 3 = THUNDER
SNOW, ICE PELLETS, HAIL 4 = ICE PELLETS
TOTAL MONTH: M 5 = HAIL
GRTST 24HR M ON M 6 = FREEZING RAIN OR DRIZZLE
GRTST DEPTH: M ON M 7 = DUSTSTORM OR SANDSTORM:
VSBY 1/2 MILE OR LESS
8 = SMOKE OR HAZE
[NO. OF DAYS WITH] [WEATHER - DAYS WITH] 9 = BLOWING SNOW
X = TORNADO
MAX 32 OR BELOW: 0 0.01 INCH OR MORE: 4
MAX 90 OR ABOVE: 0 0.10 INCH OR MORE: 4
MIN 32 OR BELOW: 0 0.50 INCH OR MORE: 1
MIN 0 OR BELOW: 0 1.00 INCH OR MORE: 0
[HDD (BASE 65) ]
TOTAL THIS MO. 225 CLEAR (SCALE 0-3) 22
DPTR FM NORMAL -9 PTCLDY (SCALE 4-7) 8
TOTAL FM JUL 1 560 CLOUDY (SCALE 8-10) 1
DPTR FM NORMAL -52
[CDD (BASE 65) ]
TOTAL THIS MO. 9
DPTR FM NORMAL 2 [PRESSURE DATA]
TOTAL FM JAN 1 9 HIGHEST SLP 30.29 ON 12
DPTR FM NORMAL 2 LOWEST SLP 29.69 ON 25
[REMARKS]
#FINAL-01-21#