000
CXUS56 KLOX 020653
CF6HHR
PRELIMINARY LOCAL CLIMATOLOGICAL DATA (WS FORM: F-6)
STATION: HAWTHORNE AIRPORT CA
MONTH: OCTOBER
YEAR: 2020
LATITUDE: 33 55 N
LONGITUDE: 118 20 W
TEMPERATURE IN F: :PCPN: SNOW: WIND :SUNSHINE: SKY :PK WND
================================================================================
1 2 3 4 5 6A 6B 7 8 9 10 11 12 13 14 15 16 17 18
12Z AVG MX 2MIN
DY MAX MIN AVG DEP HDD CDD WTR SNW DPTH SPD SPD DIR MIN PSBL S-S WX SPD DR
================================================================================
1 96 68 82 13 0 17 0.00 0.0 0 2.8 14 260 M M 0 8 17 260
2 95 69 82 13 0 17 0.00 0.0 0 2.8 14 250 M M 0 8 17 250
3 90 68 79 10 0 14 0.00 0.0 0 2.8 12 260 M M 0 18 14 270
4 90 63 77 9 0 12 0.00 0.0 0 2.5 10 250 M M 1 128 13 260
5 83 66 75 7 0 10 0.00 0.0 0 4.3 13 250 M M 1 18 16 250
6 85 62 74 6 0 9 0.00 0.0 0 3.8 14 250 M M 1 128 19 240
7 76 64 70 2 0 5 0.00 0.0 0 3.8 14 250 M M 4 18 18 250
8 75 65 70 2 0 5 0.00 0.0 0 5.1 16 250 M M 5 8 22 260
9 73 64 69 1 0 4 0.00 0.0 0 3.7 13 260 M M 8 17 270
10 74 66 70 2 0 5 0.00 0.0 0 4.2 14 250 M M 5 8 18 270
11 75 62 69 1 0 4 0.00 0.0 0 3.3 13 260 M M 1 8 17 250
12 85 63 74 6 0 9 0.00 0.0 0 3.2 13 280 M M 0 18 260
13 91 65 78 10 0 13 0.00 0.0 0 3.4 13 260 M M 0 15 250
14 90 64 77 10 0 12 0.00 0.0 0 2.7 10 250 M M 0 8 14 250
15 86 66 76 9 0 11 0.00 0.0 0 2.9 12 260 M M 0 18 14 260
16 85 64 75 8 0 10 0.00 0.0 0 2.4 13 270 M M 1 128 16 270
17 84 65 75 8 0 10 0.00 0.0 0 4.2 10 240 M M 2 128 15 230
18 78 64 71 4 0 6 0.00 0.0 0 3.6 13 250 M M 5 128 17 270
19 75 64 70 3 0 5 0.00 0.0 0 5.5 14 250 M M 6 8 17 250
20 74 65 70 3 0 5 0.00 0.0 0 4.7 14 260 M M 8 8 18 260
21 73 65 69 2 0 4 0.00 0.0 0 3.6 12 260 M M 8 8 15 260
22 71 65 68 2 0 3 0.00 0.0 0 3.7 10 250 M M 8 8 13 270
23 69 64 67 1 0 2 0.00 0.0 0 4.4 12 260 M M 7 14 260
24 70 64 67 1 0 2 0.00 0.0 0 4.8 13 250 M M 9 17 260
25 68 59 64 -2 1 0 T 0.0 0 5.2 17 260 M M 8 8 20 260
26 71 57 64 -2 1 0 0.00 0.0 0 3.2 15 240 M M 4 8 20 250
27 77 52 65 -1 0 0 0.00 0.0 0 4.4 14 250 M M 0 8 17 260
28 74 56 65 -1 0 0 0.00 0.0 M 2.6 14 250 M M 0 8 18 250
29 79 55 67 1 0 2 0.00 0.0 0 2.0 12 260 M M 0 8 14 260
30 78 54 66 0 0 1 0.00 0.0 0 2.6 13 260 M M 1 128 15 250
31 78 54 66 1 0 1 0.00 0.0 0 2.3 10 260 M M 0 18 13 260
================================================================================
SM 2468 1942 2 198 T 0.0 110.5 M 93
================================================================================
AV 79.6 62.7 3.6 FASTST M M 3 MAX(MPH)
MISC ----> # 17 260 # 22 260
================================================================================
NOTES:
# LAST OF SEVERAL OCCURRENCES
COLUMN 17 PEAK WIND IN M.P.H.
PRELIMINARY LOCAL CLIMATOLOGICAL DATA (WS FORM: F-6) , PAGE 2
STATION: HAWTHORNE AIRPORT CA
MONTH: OCTOBER
YEAR: 2020
LATITUDE: 33 55 N
LONGITUDE: 118 20 W
[TEMPERATURE DATA] [PRECIPITATION DATA] SYMBOLS USED IN COLUMN 16
AVERAGE MONTHLY: 71.1 TOTAL FOR MONTH: T 1 = FOG OR MIST
DPTR FM NORMAL: 3.9 DPTR FM NORMAL: -0.72 2 = FOG REDUCING VISIBILITY
HIGHEST: 96 ON 1 GRTST 24HR T ON 25-25 TO 1/4 MILE OR LESS
LOWEST: 52 ON 27 3 = THUNDER
SNOW, ICE PELLETS, HAIL 4 = ICE PELLETS
TOTAL MONTH: 0.0 INCH 5 = HAIL
GRTST 24HR 0.0 6 = FREEZING RAIN OR DRIZZLE
GRTST DEPTH: 0 7 = DUSTSTORM OR SANDSTORM:
VSBY 1/2 MILE OR LESS
8 = SMOKE OR HAZE
[NO. OF DAYS WITH] [WEATHER - DAYS WITH] 9 = BLOWING SNOW
X = TORNADO
MAX 32 OR BELOW: 0 0.01 INCH OR MORE: 0
MAX 90 OR ABOVE: 6 0.10 INCH OR MORE: 0
MIN 32 OR BELOW: 0 0.50 INCH OR MORE: 0
MIN 0 OR BELOW: 0 1.00 INCH OR MORE: 0
[HDD (BASE 65) ]
TOTAL THIS MO. 2 CLEAR (SCALE 0-3) 18
DPTR FM NORMAL -27 PTCLDY (SCALE 4-7) 12
TOTAL FM JUL 1 2 CLOUDY (SCALE 8-10) 1
DPTR FM NORMAL -30
[CDD (BASE 65) ]
TOTAL THIS MO. 198
DPTR FM NORMAL 103 [PRESSURE DATA]
TOTAL FM JAN 1 1145 HIGHEST SLP M ON M
DPTR FM NORMAL 370 LOWEST SLP 29.74 ON 21
[REMARKS]
#FINAL-10-20#