000
CXUS56 KPQR 011301
CF6HIO
PRELIMINARY LOCAL CLIMATOLOGICAL DATA (WS FORM: F-6)
STATION: HILLSBORO OR
MONTH: NOVEMBER
YEAR: 2023
LATITUDE: 45 32 N
LONGITUDE: 122 57 W
TEMPERATURE IN F: :PCPN: SNOW: WIND :SUNSHINE: SKY :PK WND
================================================================================
1 2 3 4 5 6A 6B 7 8 9 10 11 12 13 14 15 16 17 18
12Z AVG MX 2MIN
DY MAX MIN AVG DEP HDD CDD WTR SNW DPTH SPD SPD DIR MIN PSBL S-S WX SPD DR
================================================================================
1 51 42 47 -1 18 0 0.49 M M 1.2 7 130 M M 9 1 9 130
2 67 47 57 9 8 0 0.04 M M 6.7 17 180 M M 8 1 22 180
3 61 41 51 4 14 0 M M M 1.0 6 290 M M 9 128 7 310
4 65 43 54 7 11 0 M M M 6.4 13 130 M M 6 1 20 170
5 61 42 52 5 13 0 M M M 4.6 13 170 M M 9 12 21 190
6 55 50 53 6 12 0 0.50 M M 13.0 25 170 M M 9 18 35 160
7 57 44 51 5 14 0 M M M 4.6 13 300 M M 8 18 200
8 52 34 43 -3 22 0 T M M 0.8 8 310 M M 7 12 9 300
9 47 34 41 -5 24 0 0.12 M M 1.8 16 80 M M 10 128 21 80
10 52 41 47 1 18 0 T M M 4.8 17 170 M M 10 12 22 170
11 56 44 50 4 15 0 0.18 M M 9.3 24 180 M M 7 1 33 170
12 56 44 50 5 15 0 0.13 M M 5.3 17 140 M M 9 1 21 140
13 56 37 47 2 18 0 0.03 M M 3.2 10 60 M M 5 1 12 70
14 56 36 46 1 19 0 T M M 2.3 12 10 M M 1 1 14 360
15 53 37 45 0 20 0 0.01 M M 2.0 7 50 M M 8 12 9 50
16 53 34 44 0 21 0 0.00 M M 2.9 12 130 M M 6 1 16 120
17 57 33 45 1 20 0 0.00 M M 2.9 8 50 M M 1 10 50
18 52 34 43 -1 22 0 0.30 M M 2.6 12 240 M M 5 1 16 230
19 54 32 43 -1 22 0 0.05 M M 3.9 13 360 M M 4 1 15 350
20 50 31 41 -3 24 0 0.00 M M 3.2 8 290 M M 5 12 10 290
21 55 35 45 2 20 0 0.14 M M 2.1 8 310 M M 2 1 10 320
22 52 37 45 2 20 0 0.04 M M 4.5 12 310 M M 7 1 14 330
23 53 30 42 -1 23 0 0.00 M M 3.0 10 300 M M 0 13 300
24 53 26 40 -3 25 0 0.00 M M 1.6 7 310 M M 0 9 40
25 52 23 38 -4 27 0 0.00 M M 2.5 10 40 M M 0 12 30
26 54 24 39 -3 26 0 0.00 M 0 3.4 10 100 M M 0 13 110
27 51 23 37 -5 28 0 0.00 M M 3.5 8 60 M M 0 1 10 120
28 44 23 34 -8 31 0 0.00 M M 1.8 8 300 M M 0 1 8 300
29 38 23 31 -11 34 0 0.00 M M 0.6 5 260 M M 8 1 6 20
30 38 31 35 -7 30 0 0.23 M M 1.2 6 310 M M 10 12 6 310
================================================================================
SM 1601 1055 614 0 2.26 M 106.7 M 163
================================================================================
AV 53.4 35.2 3.6 FASTST M M 5 MAX(MPH)
MISC ----> 25 170 35 160
================================================================================
NOTES:
# LAST OF SEVERAL OCCURRENCES
COLUMN 17 PEAK WIND IN M.P.H.
PRELIMINARY LOCAL CLIMATOLOGICAL DATA (WS FORM: F-6) , PAGE 2
STATION: HILLSBORO OR
MONTH: NOVEMBER
YEAR: 2023
LATITUDE: 45 32 N
LONGITUDE: 122 57 W
[TEMPERATURE DATA] [PRECIPITATION DATA] SYMBOLS USED IN COLUMN 16
AVERAGE MONTHLY: 44.3 TOTAL FOR MONTH: 2.26 1 = FOG OR MIST
DPTR FM NORMAL: -0.3 DPTR FM NORMAL: -3.18 2 = FOG REDUCING VISIBILITY
HIGHEST: 67 ON 2 GRTST 24HR 1.01 ON 5- 6 TO 1/4 MILE OR LESS
LOWEST: 23 ON 29,28 3 = THUNDER
SNOW, ICE PELLETS, HAIL 4 = ICE PELLETS
TOTAL MONTH: M 5 = HAIL
GRTST 24HR M ON M 6 = FREEZING RAIN OR DRIZZLE
GRTST DEPTH: 0 7 = DUSTSTORM OR SANDSTORM:
VSBY 1/2 MILE OR LESS
8 = SMOKE OR HAZE
[NO. OF DAYS WITH] [WEATHER - DAYS WITH] 9 = BLOWING SNOW
X = TORNADO
MAX 32 OR BELOW: 0 0.01 INCH OR MORE: 13
MAX 90 OR ABOVE: 0 0.10 INCH OR MORE: 8
MIN 32 OR BELOW: 10 0.50 INCH OR MORE: 1
MIN 0 OR BELOW: 0 1.00 INCH OR MORE: 0
[HDD (BASE 65) ]
TOTAL THIS MO. 614 CLEAR (SCALE 0-3) 9
DPTR FM NORMAL 0 PTCLDY (SCALE 4-7) 12
TOTAL FM JUL 1 1056 CLOUDY (SCALE 8-10) 9
DPTR FM NORMAL -149
[CDD (BASE 65) ]
TOTAL THIS MO. 0
DPTR FM NORMAL 0 [PRESSURE DATA]
TOTAL FM JAN 1 516 HIGHEST SLP 30.55 ON 20
DPTR FM NORMAL 241 LOWEST SLP 29.52 ON 6
[REMARKS]
#FINAL-11-23#