000
CXUS53 KGID 012225
CF6HJH
PRELIMINARY LOCAL CLIMATOLOGICAL DATA (WS FORM: F-6)
STATION: HEBRON NE
MONTH: AUGUST
YEAR: 2023
LATITUDE: 40 9 N
LONGITUDE: 97 35 W
TEMPERATURE IN F: :PCPN: SNOW: WIND :SUNSHINE: SKY :PK WND
================================================================================
1 2 3 4 5 6A 6B 7 8 9 10 11 12 13 14 15 16 17 18
12Z AVG MX 2MIN
DY MAX MIN AVG DEP HDD CDD WTR SNW DPTH SPD SPD DIR MIN PSBL S-S WX SPD DR
================================================================================
1 87 71 79 M 0 14 0.00 M M 8.0 12 90 M M 9 1 16 80
2 93 74 84 M 0 19 T M M 5.0 13 70 M M 3 1 25 0
3 85 72 79 M 0 14 0.16 M M 6.5 14 80 M M 8 1 M M
4 84 69 77 M 0 12 0.20 M M 4.5 17 280 M M 7 1 30 280
5 92 64 78 M 0 13 T M M 4.7 10 260 M M 1 25 260
6 78 65 72 M 0 7 0.00 M M 11.5 22 330 M M 6 30 320
7 84 63 74 M 0 9 0.00 M M 4.7 9 340 M M 2 17 340
8 90 59 75 M 0 10 0.36 M M 3.3 21 330 M M 2 13 29 330
9 88 67 78 M 0 13 0.00 M M 4.2 10 280 M M 4 18 30
10 94 64 79 M 0 14 T M M 5.7 15 200 M M 0 3 21 200
11 102 67 85 M 0 20 0.00 M M 6.7 14 260 M M 0 18 270
12 93 66 80 M 0 15 T M M 6.3 15 100 M M 0 20 100
13 85 64 75 M 0 10 0.18 M M 8.9 17 10 M M 6 24 10
14 80 58 69 M 0 4 0.00 M M 10.0 21 360 M M 2 27 330
15 87 53 70 M 0 5 0.00 M M 2.0 6 140 M M 1 9 200
16 96 62 79 M 0 14 0.00 M M 9.7 17 210 M M 0 27 200
17 84 58 71 M 0 6 0.00 M M 7.1 16 30 M M 0 21 30
18 94 55 75 M 0 10 0.00 M M 8.0 17 190 M M 0 24 210
19 107 69 88 M 0 23 0.00 M M 4.8 12 220 M M 0 17 210
20 98 78 88 M 0 23 0.00 M M 6.4 12 50 M M 3 1 M M
21 108 73 91 M 0 26 0.00 M M 5.8 12 210 M M 2 12 18 210
22 108 76 92 M 0 27 0.00 M M 7.2 12 180 M M 0 17 220
23 106 78 92 M 0 27 0.00 M M 8.4 13 240 M M 0 22 250
24 106 76 91 M 0 26 0.00 M M 7.7 15 210 M M 1 21 210
25 104 71 88 M 0 23 2.20 M M 7.1 13 250 M M 2 3 27 20
26 80 64 72 M 0 7 0.92 M M 7.3 15 360 M M 5 23 360
27 83 58 71 M 0 6 0.00 M M 1.8 9 60 M M 1 1 M M
28 84 59 72 M 0 7 0.00 M M 2.4 9 220 M M 1 1 M M
29 89 64 77 M 0 12 0.00 M M 3.9 12 30 M M 1 18 20
30 89 59 74 M 0 9 0.00 M M 3.7 10 140 M M 0 1 M M
31 92 62 77 M 0 12 0.00 M M 8.9 15 170 M M 0 21 170
================================================================================
SM 2850 2038 0 437 4.02 M 192.2 M 67
================================================================================
AV 91.9 65.7 6.2 FASTST M M 2 MAX(MPH)
MISC ----> 22 330 # M M
================================================================================
NOTES:
# LAST OF SEVERAL OCCURRENCES
COLUMN 17 PEAK WIND IN M.P.H.
PRELIMINARY LOCAL CLIMATOLOGICAL DATA (WS FORM: F-6) , PAGE 2
STATION: HEBRON NE
MONTH: AUGUST
YEAR: 2023
LATITUDE: 40 9 N
LONGITUDE: 97 35 W
[TEMPERATURE DATA] [PRECIPITATION DATA] SYMBOLS USED IN COLUMN 16
AVERAGE MONTHLY: 78.8 TOTAL FOR MONTH: 4.02 1 = FOG OR MIST
DPTR FM NORMAL: M DPTR FM NORMAL: M 2 = FOG REDUCING VISIBILITY
HIGHEST: 108 ON 22,21 GRTST 24HR 2.20 ON 25-25 TO 1/4 MILE OR LESS
LOWEST: 53 ON 15 3 = THUNDER
SNOW, ICE PELLETS, HAIL 4 = ICE PELLETS
TOTAL MONTH: M 5 = HAIL
GRTST 24HR M ON M 6 = FREEZING RAIN OR DRIZZLE
GRTST DEPTH: M ON M 7 = DUSTSTORM OR SANDSTORM:
VSBY 1/2 MILE OR LESS
8 = SMOKE OR HAZE
[NO. OF DAYS WITH] [WEATHER - DAYS WITH] 9 = BLOWING SNOW
X = TORNADO
MAX 32 OR BELOW: 0 0.01 INCH OR MORE: 6
MAX 90 OR ABOVE: 16 0.10 INCH OR MORE: 6
MIN 32 OR BELOW: 0 0.50 INCH OR MORE: 2
MIN 0 OR BELOW: 0 1.00 INCH OR MORE: 1
[HDD (BASE 65) ]
TOTAL THIS MO. 0 CLEAR (SCALE 0-3) 23
DPTR FM NORMAL M PTCLDY (SCALE 4-7) 7
TOTAL FM JUL 1 0 CLOUDY (SCALE 8-10) 1
DPTR FM NORMAL M
[CDD (BASE 65) ]
TOTAL THIS MO. 437
DPTR FM NORMAL M [PRESSURE DATA]
TOTAL FM JAN 1 1298 HIGHEST SLP M ON M
DPTR FM NORMAL M LOWEST SLP M ON M
[REMARKS]
#FINAL-08-23#