000
CXUS54 KJAN 011510
CF6HKS
PRELIMINARY LOCAL CLIMATOLOGICAL DATA (WS FORM: F-6)
STATION: JACKSON HAWKINS
MONTH: NOVEMBER
YEAR: 2021
LATITUDE: 32 20 N
LONGITUDE: 90 14 W
TEMPERATURE IN F: :PCPN: SNOW: WIND :SUNSHINE: SKY :PK WND
================================================================================
1 2 3 4 5 6A 6B 7 8 9 10 11 12 13 14 15 16 17 18
12Z AVG MX 2MIN
DY MAX MIN AVG DEP HDD CDD WTR SNW DPTH SPD SPD DIR MIN PSBL S-S WX SPD DR
================================================================================
1 75 49 62 1 3 0 0.00 0.0 0 1.8 8 70 M M 0 8 12 80
2 71 46 59 -1 6 0 0.00 0.0 0 4.6 12 40 M M 1 17 30
3 58 47 53 -7 12 0 0.05 0.0 0 5.5 14 70 M M 8 20 70
4 58 46 52 -7 13 0 0.01 0.0 0 4.5 10 20 M M 5 1 15 50
5 54 42 48 -11 17 0 0.00 0.0 0 3.5 9 360 M M 8 1 13 50
6 65 43 54 -5 11 0 0.00 0.0 0 2.5 12 360 M M 4 12 18 60
7 70 38 54 -4 11 0 0.00 0.0 0 1.4 8 30 M M 0 1 12 70
8 76 40 58 0 7 0 0.00 0.0 0 0.8 6 120 M M 0 1 9 120
9 74 42 58 0 7 0 0.00 0.0 0 1.6 9 170 M M 0 1 12 190
10 75 44 60 3 5 0 0.00 0.0 0 5.3 13 150 M M 0 18 19 140
11 68 48 58 1 7 0 0.19 0.0 0 6.4 17 280 M M 7 12 25 260
12 74 41 58 1 7 0 0.00 0.0 0 4.8 17 310 M M 2 12 27 340
13 55 37 46 -10 19 0 0.00 0.0 0 4.2 16 310 M M 0 22 300
14 71 34 53 -3 12 0 0.00 0.0 0 2.9 16 260 M M 0 1 21 260
15 74 40 57 1 8 0 0.00 0.0 0 4.6 10 200 M M 2 1 16 210
16 79 52 66 11 0 1 0.00 0.0 0 7.9 16 200 M M 0 1 25 200
17 80 55 68 13 0 3 0.00 0.0 0 10.0 20 180 M M 4 18 29 180
18 67 44 56 1 9 0 T 0.0 0 6.3 16 320 M M 5 1 24 320
19 63 37 50 -5 15 0 0.00 0.0 0 4.8 16 80 M M 0 23 60
20 72 33 53 -1 12 0 0.00 0.0 0 4.6 10 140 M M 0 1 16 130
21 76 49 63 9 2 0 0.43 0.0 0 3.9 23 330 M M 6 13 39 320
22 64 45 55 1 10 0 0.06 0.0 0 6.6 17 310 M M 3 1 23 320
23 63 38 51 -3 14 0 0.00 0.0 0 3.9 10 100 M M 0 13 100
24 70 37 54 1 11 0 0.00 0.0 0 7.8 17 160 M M 0 23 180
25 64 47 56 3 9 0 0.11 0.0 0 6.6 18 320 M M 6 1 28 10
26 57 36 47 -6 18 0 0.00 0.0 0 5.1 13 360 M M 1 20 20
27 61 31 46 -7 19 0 T 0.0 0 3.5 12 200 M M 1 15 200
28 60 45 53 1 12 0 0.12 0.0 0 4.6 13 270 M M 6 1 20 260
29 64 34 49 -3 16 0 0.00 0.0 0 1.7 9 70 M M 0 18 12 70
30 72 37 55 3 10 0 0.00 0.0 0 2.6 13 210 M M 0 18 17 210
================================================================================
SM 2030 1257 302 4 0.97 0.0 134.3 M 69
================================================================================
AV 67.7 41.9 4.5 FASTST M M 2 MAX(MPH)
MISC ----> 23 330 39 320
================================================================================
NOTES:
# LAST OF SEVERAL OCCURRENCES
COLUMN 17 PEAK WIND IN M.P.H.
PRELIMINARY LOCAL CLIMATOLOGICAL DATA (WS FORM: F-6) , PAGE 2
STATION: JACKSON HAWKINS
MONTH: NOVEMBER
YEAR: 2021
LATITUDE: 32 20 N
LONGITUDE: 90 14 W
[TEMPERATURE DATA] [PRECIPITATION DATA] SYMBOLS USED IN COLUMN 16
AVERAGE MONTHLY: 54.8 TOTAL FOR MONTH: 0.97 1 = FOG OR MIST
DPTR FM NORMAL: -1.1 DPTR FM NORMAL: -3.23 2 = FOG REDUCING VISIBILITY
HIGHEST: 80 ON 17 GRTST 24HR 0.49 ON 21-22 TO 1/4 MILE OR LESS
LOWEST: 31 ON 27 3 = THUNDER
SNOW, ICE PELLETS, HAIL 4 = ICE PELLETS
TOTAL MONTH: 0.0 INCH 5 = HAIL
GRTST 24HR 0.0 6 = FREEZING RAIN OR DRIZZLE
GRTST DEPTH: 0 7 = DUSTSTORM OR SANDSTORM:
VSBY 1/2 MILE OR LESS
8 = SMOKE OR HAZE
[NO. OF DAYS WITH] [WEATHER - DAYS WITH] 9 = BLOWING SNOW
X = TORNADO
MAX 32 OR BELOW: 0 0.01 INCH OR MORE: 7
MAX 90 OR ABOVE: 0 0.10 INCH OR MORE: 4
MIN 32 OR BELOW: 1 0.50 INCH OR MORE: 0
MIN 0 OR BELOW: 0 1.00 INCH OR MORE: 0
[HDD (BASE 65) ]
TOTAL THIS MO. 302 CLEAR (SCALE 0-3) 20
DPTR FM NORMAL 9 PTCLDY (SCALE 4-7) 10
TOTAL FM JUL 1 344 CLOUDY (SCALE 8-10) 0
DPTR FM NORMAL -27
[CDD (BASE 65) ]
TOTAL THIS MO. 4
DPTR FM NORMAL -15 [PRESSURE DATA]
TOTAL FM JAN 1 2557 HIGHEST SLP 30.45 ON 19
DPTR FM NORMAL 44 LOWEST SLP 29.89 ON 11
[REMARKS]
#FINAL-11-21#