000
CXUS51 KPBZ 010730
CF6HLG
PRELIMINARY LOCAL CLIMATOLOGICAL DATA (WS FORM: F-6)
STATION: WHEELING WV
MONTH: JULY
YEAR: 2022
LATITUDE: 40 10 N
LONGITUDE: 80 39 W
TEMPERATURE IN F: :PCPN: SNOW: WIND :SUNSHINE: SKY :PK WND
================================================================================
1 2 3 4 5 6A 6B 7 8 9 10 11 12 13 14 15 16 17 18
12Z AVG MX 2MIN
DY MAX MIN AVG DEP HDD CDD WTR SNW DPTH SPD SPD DIR MIN PSBL S-S WX SPD DR
================================================================================
1 87 67 77 5 0 12 1.07 M M 8.1 28 290 M M 2 13 42 300
2 83 66 75 3 0 10 T M M 5.0 13 290 M M 5 12 16 270
3 82 63 73 1 0 8 0.00 M M 3.2 12 350 M M 0 16 350
4 84 60 72 0 0 7 0.00 M M 3.9 10 150 M M 0 14 140
5 81 70 76 3 0 11 T M M 9.6 18 200 M M 5 3 26 200
6 81 69 75 2 0 10 0.12 M M 5.0 14 180 M M 6 1 17 270
7 84 68 76 3 0 11 0.00 M M 4.7 9 320 M M 4 1 12 290
8 78 65 72 -1 0 7 0.02 M M 3.0 9 350 M M 5 1 14 70
9 83 66 75 2 0 10 0.00 M M 4.7 12 40 M M 5 12 15 10
10 86 61 74 1 0 9 0.00 M M 4.6 10 110 M M 2 12 110
11 87 63 75 2 0 10 0.00 M M 7.6 16 200 M M 1 21 260
12 87 70 79 6 0 14 T M M 9.1 20 270 M M 2 27 290
13 85 63 74 1 0 9 0.07 M M 4.9 18 350 M M 2 1 24 350
14 82 62 72 -1 0 7 0.00 M M 4.6 9 280 M M 5 12 13 270
15 82 58 70 -3 0 5 0.00 M M 3.8 10 280 M M 1 12 15 260
16 78 63 71 -2 0 6 0.10 M M 4.5 13 270 M M 8 13 20 280
17 77 66 72 -1 0 7 1.32 M M 6.7 16 270 M M 8 13 23 280
18 77 69 73 0 0 8 0.33 M M 8.3 17 200 M M 6 1 24 200
19 85 67 76 3 0 11 0.00 M M 5.7 14 210 M M 4 12 18 240
20 87 69 78 5 0 13 0.62 M M 9.8 22 350 M M 1 13 30 360
21 85 68 77 4 0 12 T M M 7.9 16 260 M M 4 13 22 260
22 88 68 78 5 0 13 0.00 M M 7.2 21 270 M M 1 26 280
23 88 66 77 4 0 12 0.53 M M 5.8 36 280 M M 1 13 60 300
24 89 67 78 5 0 13 0.00 M M 9.6 20 210 M M 2 3 28 230
25 83 65 74 1 0 9 0.00 M M 6.4 18 220 M M 3 13 26 210
26 75 63 69 -4 0 4 T M M 2.9 7 200 M M 7 9 150
27 79 69 74 1 0 9 0.03 M M 6.4 15 230 M M 9 1 20 230
28 83 68 76 3 0 11 0.77 M M 7.1 23 290 M M 6 1 33 260
29 79 67 73 0 0 8 0.00 M M 4.6 12 290 M M 6 15 280
30 81 62 72 -1 0 7 0.00 M M 3.3 9 290 M M 0 1 12 310
31 75 61 68 -5 0 3 0.04 M M 2.3 8 150 M M 3 18 9 150
================================================================================
SM 2561 2029 0 286 5.02 M 180.3 M 114
================================================================================
AV 82.6 65.5 5.8 FASTST M M 4 MAX(MPH)
MISC ----> 36 280 60 300
================================================================================
NOTES:
# LAST OF SEVERAL OCCURRENCES
COLUMN 17 PEAK WIND IN M.P.H.
PRELIMINARY LOCAL CLIMATOLOGICAL DATA (WS FORM: F-6) , PAGE 2
STATION: WHEELING WV
MONTH: JULY
YEAR: 2022
LATITUDE: 40 10 N
LONGITUDE: 80 39 W
[TEMPERATURE DATA] [PRECIPITATION DATA] SYMBOLS USED IN COLUMN 16
AVERAGE MONTHLY: 74.0 TOTAL FOR MONTH: 5.02 1 = FOG OR MIST
DPTR FM NORMAL: 0.9 DPTR FM NORMAL: 1.67 2 = FOG REDUCING VISIBILITY
HIGHEST: 89 ON 24 GRTST 24HR 1.36 ON 16-17 TO 1/4 MILE OR LESS
LOWEST: 58 ON 15 3 = THUNDER
SNOW, ICE PELLETS, HAIL 4 = ICE PELLETS
TOTAL MONTH: M 5 = HAIL
GRTST 24HR M ON M 6 = FREEZING RAIN OR DRIZZLE
GRTST DEPTH: M ON M 7 = DUSTSTORM OR SANDSTORM:
VSBY 1/2 MILE OR LESS
8 = SMOKE OR HAZE
[NO. OF DAYS WITH] [WEATHER - DAYS WITH] 9 = BLOWING SNOW
X = TORNADO
MAX 32 OR BELOW: 0 0.01 INCH OR MORE: 12
MAX 90 OR ABOVE: 0 0.10 INCH OR MORE: 8
MIN 32 OR BELOW: 0 0.50 INCH OR MORE: 5
MIN 0 OR BELOW: 0 1.00 INCH OR MORE: 2
[HDD (BASE 65) ]
TOTAL THIS MO. 0 CLEAR (SCALE 0-3) 15
DPTR FM NORMAL -3 PTCLDY (SCALE 4-7) 14
TOTAL FM JUL 1 0 CLOUDY (SCALE 8-10) 2
DPTR FM NORMAL 0
[CDD (BASE 65) ]
TOTAL THIS MO. 286
DPTR FM NORMAL 32 [PRESSURE DATA]
TOTAL FM JAN 1 546 HIGHEST SLP 30.22 ON 4
DPTR FM NORMAL 79 LOWEST SLP 29.66 ON 21
[REMARKS]
#FINAL-07-22#