000
CXUS51 KPBZ 010830
CF6HLG
PRELIMINARY LOCAL CLIMATOLOGICAL DATA (WS FORM: F-6)
STATION: WHEELING WV
MONTH: FEBRUARY
YEAR: 2024
LATITUDE: 40 10 N
LONGITUDE: 80 39 W
TEMPERATURE IN F: :PCPN: SNOW: WIND :SUNSHINE: SKY :PK WND
================================================================================
1 2 3 4 5 6A 6B 7 8 9 10 11 12 13 14 15 16 17 18
12Z AVG MX 2MIN
DY MAX MIN AVG DEP HDD CDD WTR SNW DPTH SPD SPD DIR MIN PSBL S-S WX SPD DR
================================================================================
1 49 36 43 13 22 0 0.00 M M 10.8 18 200 M M 8 26 200
2 46 30 38 8 27 0 T M M 8.6 15 320 M M 9 22 350
3 45 28 37 7 28 0 0.00 M M 3.3 10 20 M M 3 14 10
4 55 26 41 11 24 0 0.00 M M 6.4 14 20 M M 0 21 10
5 48 30 39 9 26 0 0.00 M M 7.9 15 350 M M 0 20 340
6 47 26 37 6 28 0 0.00 M M 7.8 13 30 M M 0 17 30
7 55 21 38 7 27 0 0.00 M M 2.3 8 90 M M 0 12 260
8 61 29 45 14 20 0 0.00 M M 6.2 14 190 M M 0 17 180
9 62 48 55 24 10 0 0.02 M M 12.1 21 220 M M 5 32 200
10 63 45 54 23 11 0 T M M 10.2 17 270 M M 4 25 240
11 49 34 42 11 23 0 0.00 M M 4.6 12 350 M M 6 15 350
12 46 29 38 6 27 0 0.00 M M 6.0 14 360 M M 2 20 360
13 46 30 38 6 27 0 0.00 M M 11.3 22 280 M M 6 30 320
14 42 28 35 3 30 0 0.00 M M 6.1 16 280 M M 4 22 270
15 55 23 39 7 26 0 0.01 M M 12.0 31 290 M M 4 46 280
16 39 26 33 1 32 0 0.09 M M 7.2 22 280 M M 5 1 30 280
17 29 17 23 -10 42 0 T M M 12.2 24 270 M M 8 1 33 250
18 38 17 28 -5 37 0 0.00 M M 14.2 25 240 M M 0 39 220
19 44 23 34 1 31 0 0.00 M M 3.9 12 320 M M 0 16 290
20 53 25 39 6 26 0 0.00 M M 3.8 9 100 M M 0 13 140
21 61 31 46 12 19 0 0.00 M M 6.9 16 150 M M 1 23 200
22 53 43 48 14 17 0 0.61 M M 5.7 17 190 M M 10 12 25 210
23 58 37 48 14 17 0 0.01 M M 6.6 25 270 M M 7 1 39 290
24 37 24 31 -3 34 0 T M M 9.5 17 360 M M 6 18 24 320
25 48 19 34 0 31 0 0.00 M M 8.8 18 210 M M 0 26 210
26 66 41 54 19 11 0 0.00 M M 6.5 14 190 M M 1 20 240
27 68 52 60 25 5 0 0.07 M M 12.2 20 190 M M 5 3 35 210
28 63 25 44 9 21 0 0.60 M M 15.6 31 280 M M 9 13 46 280
29 40 22 31 -4 34 0 0.00 M M 8.8 18 270 M M 1 26 260
================================================================================
SM 1466 865 713 0 1.41 M 237.5 M 104
================================================================================
AV 50.6 29.8 8.2 FASTST M M 4 MAX(MPH)
MISC ----> # 31 290 # 46 280
================================================================================
NOTES:
# LAST OF SEVERAL OCCURRENCES
COLUMN 17 PEAK WIND IN M.P.H.
PRELIMINARY LOCAL CLIMATOLOGICAL DATA (WS FORM: F-6) , PAGE 2
STATION: WHEELING WV
MONTH: FEBRUARY
YEAR: 2024
LATITUDE: 40 10 N
LONGITUDE: 80 39 W
[TEMPERATURE DATA] [PRECIPITATION DATA] SYMBOLS USED IN COLUMN 16
AVERAGE MONTHLY: 40.2 TOTAL FOR MONTH: 1.41 1 = FOG OR MIST
DPTR FM NORMAL: 7.9 DPTR FM NORMAL: -0.74 2 = FOG REDUCING VISIBILITY
HIGHEST: 68 ON 27 GRTST 24HR 0.61 ON 22-22 TO 1/4 MILE OR LESS
LOWEST: 17 ON 18,17 3 = THUNDER
SNOW, ICE PELLETS, HAIL 4 = ICE PELLETS
TOTAL MONTH: M 5 = HAIL
GRTST 24HR M ON M 6 = FREEZING RAIN OR DRIZZLE
GRTST DEPTH: M ON M 7 = DUSTSTORM OR SANDSTORM:
VSBY 1/2 MILE OR LESS
8 = SMOKE OR HAZE
[NO. OF DAYS WITH] [WEATHER - DAYS WITH] 9 = BLOWING SNOW
X = TORNADO
MAX 32 OR BELOW: 1 0.01 INCH OR MORE: 7
MAX 90 OR ABOVE: 0 0.10 INCH OR MORE: 2
MIN 32 OR BELOW: 21 0.50 INCH OR MORE: 2
MIN 0 OR BELOW: 0 1.00 INCH OR MORE: 0
[HDD (BASE 65) ]
TOTAL THIS MO. 713 CLEAR (SCALE 0-3) 14
DPTR FM NORMAL -204 PTCLDY (SCALE 4-7) 11
TOTAL FM JUL 1 3350 CLOUDY (SCALE 8-10) 4
DPTR FM NORMAL -769
[CDD (BASE 65) ]
TOTAL THIS MO. 0
DPTR FM NORMAL 0 [PRESSURE DATA]
TOTAL FM JAN 1 0 HIGHEST SLP 30.50 ON 29
DPTR FM NORMAL 0 LOWEST SLP 29.40 ON 28
[REMARKS]
#FINAL-02-24#