000
CXHW50 PHFO 072328
CF6HNL
PRELIMINARY LOCAL CLIMATOLOGICAL DATA (WS FORM: F-6)
STATION: HONOLULU HI
MONTH: JANUARY
YEAR: 2023
LATITUDE: 21 21 N
LONGITUDE: 157 56 W
TEMPERATURE IN F: :PCPN: SNOW: WIND :SUNSHINE: SKY :PK WND
================================================================================
1 2 3 4 5 6A 6B 7 8 9 10 11 12 13 14 15 16 17 18
12Z AVG MX 2MIN
DY MAX MIN AVG DEP HDD CDD WTR SNW DPTH SPD SPD DIR MIN PSBL S-S WX SPD DR
================================================================================
1 81 64 73 -1 0 8 0.00 M M 4.0 13 50 M M 5 18 16 60
2 79 67 73 -1 0 8 0.00 M M 6.2 14 140 M M 5 17 150
3 80 64 72 -2 0 7 0.00 M M 5.6 16 340 M M 5 20 340
4 82 67 75 1 0 10 0.05 M M 5.3 13 40 M M 8 18 16 30
5 79 64 72 -2 0 7 0.00 M M 4.7 15 130 M M 5 18 150
6 81 64 73 -1 0 8 0.00 M M 5.3 14 60 M M 3 18 130
7 78 61 70 -4 0 5 0.00 M M 5.7 18 140 M M 4 23 150
8 M M M M M M 0.00 M M 4.8 13 40 M M 4 16 50
9 M M M M M M 0.00 M M 5.6 10 180 M M 5 13 180
10 87 M M M M M 0.00 M M 6.2 17 240 M M 4 21 260
11 84 65 75 1 0 10 0.00 M M 7.4 20 40 M M 2 25 20
12 82 63 73 -1 0 8 0.00 M M 5.7 14 150 M M 1 17 150
13 83 65 74 0 0 9 0.00 M M 5.3 13 150 M M 1 16 150
14 84 65 75 1 0 10 0.00 M M 5.3 13 210 M M 3 15 90
15 84 70 77 3 0 12 0.00 M M 5.7 21 50 M M 7 24 50
16 84 70 77 3 0 12 0.00 M M 4.6 12 220 M M 4 14 250
17 83 69 76 2 0 11 0.00 M M 3.8 10 200 M M 2 14 200
18 84 68 76 2 0 11 0.00 M M 5.1 13 160 M M 3 M M
19 84 70 77 3 0 12 0.00 M M 4.2 10 200 M M 3 18 14 200
20 84 69 77 3 0 12 T M M 10.1 20 160 M M 3 1 24 150
21 84 75 80 6 0 15 T M M 9.8 16 160 M M 6 23 160
22 86 68 77 3 0 12 0.00 M M 6.9 17 70 M M 3 21 70
23 83 67 75 1 0 10 0.00 M M 5.6 13 220 M M 2 16 210
24 82 69 76 2 0 11 0.00 M M 4.8 13 150 M M 3 1 16 140
25 84 69 77 3 0 12 0.03 M M 7.5 17 60 M M 5 8 23 40
26 82 70 76 2 0 11 T M M 9.6 20 330 M M 2 25 340
27 81 69 75 1 0 10 0.00 M M 10.4 22 40 M M 3 29 50
28 79 70 75 1 0 10 T M M 10.4 20 360 M M 7 23 40
29 76 70 73 -1 0 8 0.31 M M 8.8 18 30 M M 9 1 25 20
30 80 69 75 1 0 10 0.03 M M 8.1 18 130 M M 7 38 23 130
31 83 69 76 2 0 11 0.01 M M 5.5 10 170 M M 6 1 13 20
================================================================================
SM 2383 1890 0 280 0.43 M 198.0 M 130
================================================================================
AV 82.2 67.5 6.4 FASTST M M 4 MAX(MPH)
MISC ----> 22 40 29 50
================================================================================
NOTES:
# LAST OF SEVERAL OCCURRENCES
COLUMN 17 PEAK WIND IN M.P.H.
PRELIMINARY LOCAL CLIMATOLOGICAL DATA (WS FORM: F-6) , PAGE 2
STATION: HONOLULU HI
MONTH: JANUARY
YEAR: 2023
LATITUDE: 21 21 N
LONGITUDE: 157 56 W
[TEMPERATURE DATA] [PRECIPITATION DATA] SYMBOLS USED IN COLUMN 16
AVERAGE MONTHLY: 74.8 TOTAL FOR MONTH: 0.43 1 = FOG OR MIST
DPTR FM NORMAL: 1.2 DPTR FM NORMAL: -1.41 2 = FOG REDUCING VISIBILITY
HIGHEST: 87 ON 10 GRTST 24HR 1.11 ON 28-29 TO 1/4 MILE OR LESS
LOWEST: 61 ON 7 3 = THUNDER
SNOW, ICE PELLETS, HAIL 4 = ICE PELLETS
TOTAL MONTH: M 5 = HAIL
GRTST 24HR M ON M 6 = FREEZING RAIN OR DRIZZLE
GRTST DEPTH: M ON M 7 = DUSTSTORM OR SANDSTORM:
VSBY 1/2 MILE OR LESS
8 = SMOKE OR HAZE
[NO. OF DAYS WITH] [WEATHER - DAYS WITH] 9 = BLOWING SNOW
X = TORNADO
MAX 32 OR BELOW: 0 0.01 INCH OR MORE: 5
MAX 90 OR ABOVE: 0 0.10 INCH OR MORE: 1
MIN 32 OR BELOW: 0 0.50 INCH OR MORE: 0
MIN 0 OR BELOW: 0 1.00 INCH OR MORE: 0
[HDD (BASE 65) ]
TOTAL THIS MO. 0 CLEAR (SCALE 0-3) 12
DPTR FM NORMAL 0 PTCLDY (SCALE 4-7) 17
TOTAL FM JUL 1 0 CLOUDY (SCALE 8-10) 2
DPTR FM NORMAL 0
[CDD (BASE 65) ]
TOTAL THIS MO. 280
DPTR FM NORMAL 12 [PRESSURE DATA]
TOTAL FM JAN 1 280 HIGHEST SLP 30.18 ON 7
DPTR FM NORMAL 12 LOWEST SLP 29.82 ON 30
[REMARKS]
#FINAL-01-23#