000
CXHW50 PHFO 011250
CF6HNL
PRELIMINARY LOCAL CLIMATOLOGICAL DATA (WS FORM: F-6)
STATION: HONOLULU HI
MONTH: JANUARY
YEAR: 2022
LATITUDE: 21 21 N
LONGITUDE: 157 56 W
TEMPERATURE IN F: :PCPN: SNOW: WIND :SUNSHINE: SKY :PK WND
================================================================================
1 2 3 4 5 6A 6B 7 8 9 10 11 12 13 14 15 16 17 18
12Z AVG MX 2MIN
DY MAX MIN AVG DEP HDD CDD WTR SNW DPTH SPD SPD DIR MIN PSBL S-S WX SPD DR
================================================================================
1 78 67 73 -1 0 8 3.33 M M 8.4 22 170 M M 8 1 32 200
2 73 66 70 -4 0 5 1.67 M M 3.1 29 230 M M 7 13 36 240
3 78 66 72 -2 0 7 0.62 M M 2.1 12 180 M M 5 1 12 180
4 78 67 73 -1 0 8 0.22 M M 5.3 23 240 M M 7 29 250
5 78 68 73 -1 0 8 0.20 M M 4.3 12 200 M M 5 1 14 200
6 80 67 74 0 0 9 0.00 M M 5.7 14 230 M M 3 17 220
7 80 66 73 -1 0 8 0.00 M M 5.2 15 220 M M 3 18 220
8 81 63 72 -2 0 7 0.00 M M 5.3 13 220 M M 4 16 190
9 79 66 73 -1 0 8 0.00 M M 4.1 9 200 M M 3 13 200
10 79 65 72 -2 0 7 0.00 M M 5.0 14 240 M M 4 18 200
11 80 67 74 0 0 9 0.00 M M 8.0 18 40 M M 2 24 20
12 82 65 74 0 0 9 0.08 M M 4.6 12 250 M M 4 16 250
13 80 66 73 -1 0 8 0.00 M M 4.6 10 250 M M 3 14 250
14 78 66 72 -2 0 7 0.20 M M 5.4 13 150 M M 6 18 16 130
15 78 65 72 -2 0 7 0.00 M M 4.9 12 200 M M 3 14 220
16 80 65 73 -1 0 8 0.00 M M 3.8 10 170 M M 3 14 170
17 79 65 72 -2 0 7 0.00 M M 4.4 12 140 M M 1 14 150
18 79 65 72 -2 0 7 0.00 M M 4.1 10 160 M M 1 8 13 170
19 83 67 75 1 0 10 0.00 M M 5.7 17 140 M M 3 21 130
20 79 67 73 -1 0 8 0.00 M M 5.0 10 170 M M 2 13 170
21 84 67 76 2 0 11 0.00 M M 4.9 16 30 M M 3 21 10
22 82 68 75 1 0 10 0.00 M M 8.0 18 70 M M 3 23 50
23 83 70 77 3 0 12 0.00 M M 9.1 18 70 M M 4 23 60
24 81 67 74 0 0 9 0.00 M M 8.4 18 70 M M 2 25 20
25 83 68 76 2 0 11 T M M 7.3 17 60 M M 5 23 50
26 83 69 76 2 0 11 0.02 M M 8.7 18 60 M M 4 25 40
27 80 65 73 -1 0 8 0.00 M M 5.6 12 60 M M 3 15 190
28 81 65 73 -1 0 8 0.00 M M 6.2 20 140 M M 3 24 140
29 82 70 76 2 0 11 0.00 M M 9.5 21 120 M M 3 25 130
30 80 67 74 0 0 9 T M M 7.7 18 130 M M 3 24 140
31 79 65 72 -2 0 7 0.00 M M 4.9 16 150 M M 6 19 150
================================================================================
SM 2480 2060 0 262 6.34 M 179.3 M 116
================================================================================
AV 80.0 66.5 5.8 FASTST M M 4 MAX(MPH)
MISC ----> 29 230 36 240
================================================================================
NOTES:
# LAST OF SEVERAL OCCURRENCES
COLUMN 17 PEAK WIND IN M.P.H.
PRELIMINARY LOCAL CLIMATOLOGICAL DATA (WS FORM: F-6) , PAGE 2
STATION: HONOLULU HI
MONTH: JANUARY
YEAR: 2022
LATITUDE: 21 21 N
LONGITUDE: 157 56 W
[TEMPERATURE DATA] [PRECIPITATION DATA] SYMBOLS USED IN COLUMN 16
AVERAGE MONTHLY: 73.2 TOTAL FOR MONTH: 6.34 1 = FOG OR MIST
DPTR FM NORMAL: -0.4 DPTR FM NORMAL: 4.50 2 = FOG REDUCING VISIBILITY
HIGHEST: 84 ON 21 GRTST 24HR 3.33 ON 1- 1 TO 1/4 MILE OR LESS
LOWEST: 63 ON 8 3 = THUNDER
SNOW, ICE PELLETS, HAIL 4 = ICE PELLETS
TOTAL MONTH: M 5 = HAIL
GRTST 24HR M ON M 6 = FREEZING RAIN OR DRIZZLE
GRTST DEPTH: M ON M 7 = DUSTSTORM OR SANDSTORM:
VSBY 1/2 MILE OR LESS
8 = SMOKE OR HAZE
[NO. OF DAYS WITH] [WEATHER - DAYS WITH] 9 = BLOWING SNOW
X = TORNADO
MAX 32 OR BELOW: 0 0.01 INCH OR MORE: 8
MAX 90 OR ABOVE: 0 0.10 INCH OR MORE: 6
MIN 32 OR BELOW: 0 0.50 INCH OR MORE: 3
MIN 0 OR BELOW: 0 1.00 INCH OR MORE: 2
[HDD (BASE 65) ]
TOTAL THIS MO. 0 CLEAR (SCALE 0-3) 13
DPTR FM NORMAL 0 PTCLDY (SCALE 4-7) 18
TOTAL FM JUL 1 0 CLOUDY (SCALE 8-10) 0
DPTR FM NORMAL 0
[CDD (BASE 65) ]
TOTAL THIS MO. 262
DPTR FM NORMAL -6 [PRESSURE DATA]
TOTAL FM JAN 1 262 HIGHEST SLP 30.14 ON 28
DPTR FM NORMAL -6 LOWEST SLP 29.80 ON 1
[REMARKS]
#FINAL-01-22#