675
CXUS54 KMAF 011110
CF6HOB
PRELIMINARY LOCAL CLIMATOLOGICAL DATA (WS FORM: F-6)
STATION: LEA AIRPORT, HOBBS
MONTH: JULY
YEAR: 2020
LATITUDE: 32 40 N
LONGITUDE: 103-12 E
TEMPERATURE IN F: :PCPN: SNOW: WIND :SUNSHINE: SKY :PK WND
================================================================================
1 2 3 4 5 6A 6B 7 8 9 10 11 12 13 14 15 16 17 18
12Z AVG MX 2MIN
DY MAX MIN AVG DEP HDD CDD WTR SNW DPTH SPD SPD DIR MIN PSBL S-S WX SPD DR
================================================================================
1 99 68 84 M 0 19 0.00 M M 9.2 17 150 M M 0 25 150
2 97 72 85 M 0 20 0.00 M M 8.1 16 170 M M 2 29 150
3 95 72 84 M 0 19 0.00 M M 10.1 18 130 M M 1 21 110
4 97 73 85 M 0 20 0.00 M M 7.7 13 10 M M 1 18 90
5 97 70 84 M 0 19 0.00 M M 7.7 25 100 M M 3 41 100
6 91 66 79 M 0 14 0.00 M M 8.6 15 90 M M 0 23 90
7 95 70 83 M 0 18 0.00 M M 7.0 12 100 M M 3 20 150
8 100 68 84 M 0 19 0.00 M M 9.7 16 180 M M 1 24 170
9 106 75 91 M 0 26 0.00 M M 11.2 18 160 M M 1 29 160
10 104 75 90 M 0 25 0.00 M M 12.0 18 170 M M 0 26 170
11 106 72 89 M 0 24 0.00 M M 11.6 17 180 M M 0 24 180
12 104 70 87 M 0 22 0.00 M M 11.3 21 200 M M 0 30 200
13 109 77 93 M 0 28 0.00 M M 13.7 23 180 M M 1 29 220
14 108 75 92 M 0 27 0.00 M M 11.1 24 200 M M 0 31 200
15 104 77 91 M 0 26 0.00 M M 8.7 20 180 M M 0 28 180
16 99 72 86 M 0 21 0.00 M M 12.3 18 140 M M 0 29 120
17 102 72 87 M 0 22 0.00 M M 10.5 18 130 M M 1 28 130
18 100 72 86 M 0 21 0.00 M M 10.3 25 350 M M 2 26 130
19 95 72 84 M 0 19 0.00 M M 10.9 15 100 M M 1 24 150
20 95 73 84 M 0 19 0.00 M M 11.3 17 M M M 1 23 M
21 90 70 80 M 0 15 0.00 M M 10.1 18 20 M M 4 31 140
22 91 72 82 M 0 17 0.00 M M 9.4 17 20 M M 5 24 50
23 93 70 82 M 0 17 0.00 M M 11.8 28 100 M M 3 37 100
24 93 70 82 M 0 17 0.00 M M 11.3 20 120 M M 1 26 120
25 95 70 83 M 0 18 0.00 M M 9.6 20 100 M M 2 24 100
26 91 70 81 M 0 16 0.00 M M 9.1 15 150 M M 2 23 150
27 93 70 82 M 0 17 0.00 M M 8.6 15 180 M M 1 21 150
28 95 70 83 M 0 18 0.00 M M 7.7 20 180 M M 1 25 180
29 100 75 88 M 0 23 0.00 M M 12.6 17 120 M M 1 26 180
30 102 72 87 M 0 22 0.00 M M 9.4 20 90 M M 2 26 90
31 88 61 75 M 0 10 0.90 M M 8.9 25 20 M M 1 8 56 50
================================================================================
SM 3034 2211 0 618 0.90 M 311.3 M 41
================================================================================
AV 97.9 71.3 10.0 FASTST M M 1 MAX(MPH)
MISC ----> 28 100 56 50
================================================================================
NOTES:
# LAST OF SEVERAL OCCURRENCES
COLUMN 17 PEAK WIND IN M.P.H.
PRELIMINARY LOCAL CLIMATOLOGICAL DATA (WS FORM: F-6) , PAGE 2
STATION: LEA AIRPORT, HOBBS
MONTH: JULY
YEAR: 2020
LATITUDE: 32 40 N
LONGITUDE: 103-12 E
[TEMPERATURE DATA] [PRECIPITATION DATA] SYMBOLS USED IN COLUMN 16
AVERAGE MONTHLY: 84.6 TOTAL FOR MONTH: 0.90 1 = FOG OR MIST
DPTR FM NORMAL: 0.0 DPTR FM NORMAL: M 2 = FOG REDUCING VISIBILITY
HIGHEST: 109 ON 13 GRTST 24HR 0.90 ON 31-31 TO 1/4 MILE OR LESS
LOWEST: 61 ON 31 3 = THUNDER
SNOW, ICE PELLETS, HAIL 4 = ICE PELLETS
TOTAL MONTH: M 5 = HAIL
GRTST 24HR M ON M 6 = FREEZING RAIN OR DRIZZLE
GRTST DEPTH: M ON M 7 = DUSTSTORM OR SANDSTORM:
VSBY 1/2 MILE OR LESS
8 = SMOKE OR HAZE
[NO. OF DAYS WITH] [WEATHER - DAYS WITH] 9 = BLOWING SNOW
X = TORNADO
MAX 32 OR BELOW: 0 0.01 INCH OR MORE: 1
MAX 90 OR ABOVE: 30 0.10 INCH OR MORE: 1
MIN 32 OR BELOW: 0 0.50 INCH OR MORE: 1
MIN 0 OR BELOW: 0 1.00 INCH OR MORE: 0
[HDD (BASE 65) ]
TOTAL THIS MO. 0 CLEAR (SCALE 0-3) 29
DPTR FM NORMAL M PTCLDY (SCALE 4-7) 2
TOTAL FM JUL 1 0 CLOUDY (SCALE 8-10) 0
DPTR FM NORMAL M
[CDD (BASE 65) ]
TOTAL THIS MO. 618
DPTR FM NORMAL M [PRESSURE DATA]
TOTAL FM JAN 1 1562 HIGHEST SLP M ON M
DPTR FM NORMAL M LOWEST SLP M ON M
[REMARKS]
#FINAL-07-20#