769
CXUS53 KFSD 011410
CF6HON
PRELIMINARY LOCAL CLIMATOLOGICAL DATA (WS FORM: F-6)
STATION: HURON
MONTH: JUNE
YEAR: 2020
LATITUDE: 44 22 N
LONGITUDE: 98 13 W
TEMPERATURE IN F: :PCPN: SNOW: WIND :SUNSHINE: SKY :PK WND
================================================================================
1 2 3 4 5 6A 6B 7 8 9 10 11 12 13 14 15 16 17 18
12Z AVG MX 2MIN
DY MAX MIN AVG DEP HDD CDD WTR SNW DPTH SPD SPD DIR MIN PSBL S-S WX SPD DR
================================================================================
1 95 66 81 18 0 16 0.00 0.0 0 7.5 22 160 M M 0 30 160
2 88 64 76 13 0 11 0.00 0.0 0 9.5 23 40 M M 0 30 40
3 83 55 69 5 0 4 T 0.0 0 5.3 14 210 M M 1 20 200
4 84 55 70 6 0 5 0.06 0.0 0 6.5 41 340 M M 0 13 57 340
5 82 55 69 5 0 4 0.00 0.0 0 7.9 15 50 M M 0 1 20 50
6 79 59 69 4 0 4 0.05 0.0 0 17.5 32 120 M M 2 3 46 120
7 95 68 82 17 0 17 0.15 0.0 0 19.2 36 190 M M 2 1 49 190
8 85 66 76 11 0 11 1.07 0.0 0 13.3 33 300 M M 5 13 45 300
9 67 55 61 -5 4 0 1.19 0.0 0 17.5 31 350 M M 9 13 44 360
10 74 52 63 -3 2 0 0.00 0.0 0 14.0 26 330 M M 0 35 330
11 80 53 67 1 0 2 0.00 0.0 0 10.4 21 290 M M 0 26 300
12 86 58 72 5 0 7 0.00 0.0 0 10.5 20 110 M M 1 35 170
13 88 62 75 8 0 10 0.00 0.0 0 14.5 22 130 M M 0 32 130
14 90 64 77 10 0 12 T 0.0 0 21.3 38 190 M M 0 57 200
15 87 72 80 12 0 15 0.01 0.0 0 14.4 35 180 M M 2 3 49 190
16 92 71 82 14 0 17 0.00 0.0 0 20.0 33 170 M M 0 50 180
17 94 67 81 13 0 16 1.04 0.0 0 19.6 35 300 M M 1 13 52 290
18 76 61 69 0 0 4 0.76 0.0 0 9.5 23 320 M M 4 13 29 310
19 75 55 65 -4 0 0 0.00 0.0 0 5.8 15 20 M M 1 21 330
20 78 62 70 1 0 5 0.06 0.0 0 9.5 17 190 M M 5 1 25 170
21 77 58 68 -2 0 3 T 0.0 0 4.6 14 210 M M 3 19 200
22 75 56 66 -4 0 1 0.28 0.0 0 5.9 18 10 M M 4 13 27 10
23 77 53 65 -5 0 0 0.00 0.0 0 6.9 17 360 M M 2 22 340
24 83 57 70 0 0 5 0.00 0.0 0 5.1 10 130 M M 0 16 140
25 85 63 74 3 0 9 0.91 0.0 0 10.4 28 300 M M 3 13 38 160
26 85 65 75 4 0 10 0.17 0.0 0 5.2 16 110 M M 3 1 22 100
27 87 64 76 5 0 11 0.00 0.0 0 9.0 16 140 M M 0 1 21 140
28 86 72 79 7 0 14 0.00 0.0 0 15.7 26 160 M M 1 3 36 170
29 88 75 82 10 0 17 0.00 0.0 0 13.5 22 150 M M 5 1 34 150
30 90 69 80 8 0 15 0.02 0.0 0 14.1 23 170 M M 8 3 33 160
================================================================================
SM 2511 1852 6 245 5.77 0.0 344.1 M 62
================================================================================
AV 83.7 61.7 11.5 FASTST M M 2 MAX(MPH)
MISC ----> 41 340 # 57 340
================================================================================
NOTES:
# LAST OF SEVERAL OCCURRENCES
- COLUMN 17 PEAK WIND IN M.P.H.
- PRECIPITATION AMOUNTS IN COLUMNS 7, 8, AND 9 ARE THE OFFICIAL PRECIPITATION
AMOUNTS FOR HURON, SD.
- SNOW DEPTH IN COLUMN 9 IS RECORDED AT 6 AM CST (12Z)
PRELIMINARY LOCAL CLIMATOLOGICAL DATA (WS FORM: F-6) , PAGE 2
STATION: HURON
MONTH: JUNE
YEAR: 2020
LATITUDE: 44 22 N
LONGITUDE: 98 13 W
[TEMPERATURE DATA] [PRECIPITATION DATA] SYMBOLS USED IN COLUMN 16
AVERAGE MONTHLY: 72.7 TOTAL FOR MONTH: 5.77 1 = FOG OR MIST
DPTR FM NORMAL: 4.9 DPTR FM NORMAL: 1.84 2 = FOG REDUCING VISIBILITY
HIGHEST: 95 ON 7, 1 GRTST 24HR 2.26 ON 8- 9 TO 1/4 MILE OR LESS
LOWEST: 52 ON 10 3 = THUNDER
SNOW, ICE PELLETS, HAIL 4 = ICE PELLETS
TOTAL MONTH: 0.0 INCH 5 = HAIL
GRTST 24HR 0.0 6 = FREEZING RAIN OR DRIZZLE
GRTST DEPTH: 0 7 = DUSTSTORM OR SANDSTORM:
VSBY 1/2 MILE OR LESS
8 = SMOKE OR HAZE
[NO. OF DAYS WITH] [WEATHER - DAYS WITH] 9 = BLOWING SNOW
X = TORNADO
MAX 32 OR BELOW: 0 0.01 INCH OR MORE: 13
MAX 90 OR ABOVE: 6 0.10 INCH OR MORE: 8
MIN 32 OR BELOW: 0 0.50 INCH OR MORE: 5
MIN 0 OR BELOW: 0 1.00 INCH OR MORE: 3
[HDD (BASE 65) ]
TOTAL THIS MO. 6 CLEAR (SCALE 0-3) 22
DPTR FM NORMAL -45 PTCLDY (SCALE 4-7) 7
TOTAL FM JUL 1 7643 CLOUDY (SCALE 8-10) 1
DPTR FM NORMAL -30
[CDD (BASE 65) ]
TOTAL THIS MO. 245
DPTR FM NORMAL 112 [PRESSURE DATA]
TOTAL FM JAN 1 256 HIGHEST SLP 30.24 ON 12
DPTR FM NORMAL 90 LOWEST SLP 29.41 ON 7
[REMARKS]
RECORD DAILY HIGH MAXIMUM TEMPERATURE TIED ON THE 7TH WITH A
HIGH OF 95 DEGREES. THE PREVIOUS RECORD WAS 95 DEGREES IN 1952.
RECORD DAILY HIGH MINIMUM TEMPERATURE TIED ON THE 15TH WITH A
LOW OF 72 DEGREES. THE PREVIOUS RECORD WAS 72 DEGREES IN 2018.
RECORD DAILY HIGH MINIMUM TEMPERATURE SET ON THE 29TH WITH A
LOW OF 75 DEGREES. THE PREVIOUS RECORD WAS 74 DEGREES IN 2019.
#FINAL-06-20#